176.94.45.194 - - [01/Aug/2013:12:37:46 +0200] "GET /img/pfeil.gif HTTP/1.1" 200 85 "http://www.reisenweber-berlin.de/" "Mozilla/4.0 (compatible; MSIE 8.0; Windows NT 5.1; Trident/4.0; .NET CLR 2.0.50727; .NET CLR 3.0.4506.2152; .NET CLR 3.5.30729)"
176.94.45.194 - - [01/Aug/2013:12:37:46 +0200] "GET /img/corner02.png HTTP/1.1" 200 190 "http://www.reisenweber-berlin.de/" "Mozilla/4.0 (compatible; MSIE 8.0; Windows NT 5.1; Trident/4.0; .NET CLR 2.0.50727; .NET CLR 3.0.4506.2152; .NET CLR 3.5.30729)"
176.94.45.194 - - [01/Aug/2013:12:37:46 +0200] "GET /img/corner01.png HTTP/1.1" 200 163 "http://www.reisenweber-berlin.de/" "Mozilla/4.0 (compatible; MSIE 8.0; Windows NT 5.1; Trident/4.0; .NET CLR 2.0.50727; .NET CLR 3.0.4506.2152; .NET CLR 3.5.30729)"
176.94.45.194 - - [01/Aug/2013:12:37:46 +0200] "GET /img/pfeil-grau.gif HTTP/1.1" 200 73 "http://www.reisenweber-berlin.de/" "Mozilla/4.0 (compatible; MSIE 8.0; Windows NT 5.1; Trident/4.0; .NET CLR 2.0.50727; .NET CLR 3.0.4506.2152; .NET CLR 3.5.30729)"
176.94.45.194 - - [01/Aug/2013:12:37:46 +0200] "GET /img/corner04.png HTTP/1.1" 200 203 "http://www.reisenweber-berlin.de/" "Mozilla/4.0 (compatible; MSIE 8.0; Windows NT 5.1; Trident/4.0; .NET CLR 2.0.50727; .NET CLR 3.0.4506.2152; .NET CLR 3.5.30729)"
176.94.45.194 - - [01/Aug/2013:12:37:46 +0200] "GET /img/corner03.png HTTP/1.1" 200 266 "http://www.reisenweber-berlin.de/" "Mozilla/4.0 (compatible; MSIE 8.0; Windows NT 5.1; Trident/4.0; .NET CLR 2.0.50727; .NET CLR 3.0.4506.2152; .NET CLR 3.5.30729)"
176.94.45.194 - - [01/Aug/2013:12:37:46 +0200] "GET /img/FACEBOOK.png HTTP/1.1" 200 1159 "http://www.reisenweber-berlin.de/" "Mozilla/4.0 (compatible; MSIE 8.0; Windows NT 5.1; Trident/4.0; .NET CLR 2.0.50727; .NET CLR 3.0.4506.2152; .NET CLR 3.5.30729)"
176.94.45.194 - - [01/Aug/2013:12:37:46 +0200] "GET /img/hg.jpg HTTP/1.1" 200 44355 "http://www.reisenweber-berlin.de/" "Mozilla/4.0 (compatible; MSIE 8.0; Windows NT 5.1; Trident/4.0; .NET CLR 2.0.50727; .NET CLR 3.0.4506.2152; .NET CLR 3.5.30729)"
176.94.45.194 - - [01/Aug/2013:12:37:48 +0200] "GET /img/hg_tbl.png HTTP/1.1" 200 190 "http://www.reisenweber-berlin.de/" "Mozilla/4.0 (compatible; MSIE 8.0; Windows NT 5.1; Trident/4.0; .NET CLR 2.0.50727; .NET CLR 3.0.4506.2152; .NET CLR 3.5.30729)"
176.94.45.194 - - [01/Aug/2013:12:37:48 +0200] "GET /img/tbl_bottom.png HTTP/1.1" 200 168 "http://www.reisenweber-berlin.de/" "Mozilla/4.0 (compatible; MSIE 8.0; Windows NT 5.1; Trident/4.0; .NET CLR 2.0.50727; .NET CLR 3.0.4506.2152; .NET CLR 3.5.30729)"
176.94.45.194 - - [01/Aug/2013:12:37:48 +0200] "GET /img/tbl_left.png HTTP/1.1" 200 236 "http://www.reisenweber-berlin.de/" "Mozilla/4.0 (compatible; MSIE 8.0; Windows NT 5.1; Trident/4.0; .NET CLR 2.0.50727; .NET CLR 3.0.4506.2152; .NET CLR 3.5.30729)"
176.94.45.194 - - [01/Aug/2013:12:37:48 +0200] "GET /img/HG_news.png HTTP/1.1" 200 212 "http://www.reisenweber-berlin.de/" "Mozilla/4.0 (compatible; MSIE 8.0; Windows NT 5.1; Trident/4.0; .NET CLR 2.0.50727; .NET CLR 3.0.4506.2152; .NET CLR 3.5.30729)"
176.94.45.194 - - [01/Aug/2013:12:37:48 +0200] "GET /img/tbl_right.png HTTP/1.1" 200 227 "http://www.reisenweber-berlin.de/" "Mozilla/4.0 (compatible; MSIE 8.0; Windows NT 5.1; Trident/4.0; .NET CLR 2.0.50727; .NET CLR 3.0.4506.2152; .NET CLR 3.5.30729)"
176.94.45.194 - - [01/Aug/2013:12:37:48 +0200] "GET /img/tbl_down.png HTTP/1.1" 200 197 "http://www.reisenweber-berlin.de/" "Mozilla/4.0 (compatible; MSIE 8.0; Windows NT 5.1; Trident/4.0; .NET CLR 2.0.50727; .NET CLR 3.0.4506.2152; .NET CLR 3.5.30729)"
176.94.45.194 - - [01/Aug/2013:12:37:49 +0200] "GET /favicon.ico HTTP/1.1" 404 1256 "-" "Mozilla/4.0 (compatible; MSIE 8.0; Windows NT 5.1; Trident/4.0; .NET CLR 2.0.50727; .NET CLR 3.0.4506.2152; .NET CLR 3.5.30729)"
176.94.45.194 - - [01/Aug/2013:12:37:54 +0200] "GET /leistungen.html HTTP/1.1" 200 22517 "http://www.reisenweber-berlin.de/" "Mozilla/4.0 (compatible; MSIE 8.0; Windows NT 5.1; Trident/4.0; .NET CLR 2.0.50727; .NET CLR 3.0.4506.2152; .NET CLR 3.5.30729)"
176.94.45.194 - - [01/Aug/2013:12:37:54 +0200] "GET /js/Panel.js HTTP/1.1" 200 13072 "http://www.reisenweber-berlin.de/leistungen.html" "Mozilla/4.0 (compatible; MSIE 8.0; Windows NT 5.1; Trident/4.0; .NET CLR 2.0.50727; .NET CLR 3.0.4506.2152; .NET CLR 3.5.30729)"
176.94.45.194 - - [01/Aug/2013:12:37:54 +0200] "GET /js/RunFLASH.js HTTP/1.1" 200 8029 "http://www.reisenweber-berlin.de/leistungen.html" "Mozilla/4.0 (compatible; MSIE 8.0; Windows NT 5.1; Trident/4.0; .NET CLR 2.0.50727; .NET CLR 3.0.4506.2152; .NET CLR 3.5.30729)"
176.94.45.194 - - [01/Aug/2013:12:37:54 +0200] "GET /css/Panel.css HTTP/1.1" 200 3497 "http://www.reisenweber-berlin.de/leistungen.html" "Mozilla/4.0 (compatible; MSIE 8.0; Windows NT 5.1; Trident/4.0; .NET CLR 2.0.50727; .NET CLR 3.0.4506.2152; .NET CLR 3.5.30729)"
176.94.45.194 - - [01/Aug/2013:12:37:56 +0200] "GET /favicon.ico HTTP/1.1" 404 1256 "-" "Mozilla/4.0 (compatible; MSIE 8.0; Windows NT 5.1; Trident/4.0; .NET CLR 2.0.50727; .NET CLR 3.0.4506.2152; .NET CLR 3.5.30729)"
176.94.45.194 - - [01/Aug/2013:12:38:00 +0200] "GET /haare.html HTTP/1.1" 200 19161 "http://www.reisenweber-berlin.de/leistungen.html" "Mozilla/4.0 (compatible; MSIE 8.0; Windows NT 5.1; Trident/4.0; .NET CLR 2.0.50727; .NET CLR 3.0.4506.2152; .NET CLR 3.5.30729)"
176.94.45.194 - - [01/Aug/2013:12:38:00 +0200] "GET /img/hair.png HTTP/1.1" 200 129494 "http://www.reisenweber-berlin.de/haare.html" "Mozilla/4.0 (compatible; MSIE 8.0; Windows NT 5.1; Trident/4.0; .NET CLR 2.0.50727; .NET CLR 3.0.4506.2152; .NET CLR 3.5.30729)"
176.94.45.194 - - [01/Aug/2013:12:38:15 +0200] "GET /index.html HTTP/1.1" 200 10105 "http://www.reisenweber-berlin.de/haare.html" "Mozilla/4.0 (compatible; MSIE 8.0; Windows NT 5.1; Trident/4.0; .NET CLR 2.0.50727; .NET CLR 3.0.4506.2152; .NET CLR 3.5.30729)"
192.168.10.13 - - [01/Aug/2013:13:26:29 +0200] "GET / HTTP/1.1" 200 10105 "-" "Mozilla/5.0 (Windows NT 6.1; rv:22.0) Gecko/20100101 Firefox/22.0"
192.168.10.13 - - [01/Aug/2013:13:26:29 +0200] "GET /css/style.css HTTP/1.1" 200 3765 "http://www.reisenweber-berlin.de/" "Mozilla/5.0 (Windows NT 6.1; rv:22.0) Gecko/20100101 Firefox/22.0"
192.168.10.13 - - [01/Aug/2013:13:26:29 +0200] "GET /Scripts/AC_RunActiveContent.js HTTP/1.1" 200 8029 "http://www.reisenweber-berlin.de/" "Mozilla/5.0 (Windows NT 6.1; rv:22.0) Gecko/20100101 Firefox/22.0"
192.168.10.13 - - [01/Aug/2013:13:26:29 +0200] "GET /Scripts/AC_ActiveX.js HTTP/1.1" 200 2068 "http://www.reisenweber-berlin.de/" "Mozilla/5.0 (Windows NT 6.1; rv:22.0) Gecko/20100101 Firefox/22.0"
192.168.10.13 - - [01/Aug/2013:13:26:29 +0200] "GET /img/spacer.gif HTTP/1.1" 200 43 "http://www.reisenweber-berlin.de/" "Mozilla/5.0 (Windows NT 6.1; rv:22.0) Gecko/20100101 Firefox/22.0"
192.168.10.13 - - [01/Aug/2013:13:26:29 +0200] "GET /img/pfeil.gif HTTP/1.1" 200 85 "http://www.reisenweber-berlin.de/" "Mozilla/5.0 (Windows NT 6.1; rv:22.0) Gecko/20100101 Firefox/22.0"
192.168.10.13 - - [01/Aug/2013:13:26:29 +0200] "GET /img/corner02.png HTTP/1.1" 200 190 "http://www.reisenweber-berlin.de/" "Mozilla/5.0 (Windows NT 6.1; rv:22.0) Gecko/20100101 Firefox/22.0"
192.168.10.13 - - [01/Aug/2013:13:26:29 +0200] "GET /img/corner01.png HTTP/1.1" 200 163 "http://www.reisenweber-berlin.de/" "Mozilla/5.0 (Windows NT 6.1; rv:22.0) Gecko/20100101 Firefox/22.0"
192.168.10.13 - - [01/Aug/2013:13:26:29 +0200] "GET /img/pfeil-grau.gif HTTP/1.1" 200 73 "http://www.reisenweber-berlin.de/" "Mozilla/5.0 (Windows NT 6.1; rv:22.0) Gecko/20100101 Firefox/22.0"
192.168.10.13 - - [01/Aug/2013:13:26:29 +0200] "GET /img/corner04.png HTTP/1.1" 200 203 "http://www.reisenweber-berlin.de/" "Mozilla/5.0 (Windows NT 6.1; rv:22.0) Gecko/20100101 Firefox/22.0"
192.168.10.13 - - [01/Aug/2013:13:26:29 +0200] "GET /img/FACEBOOK.png HTTP/1.1" 200 1159 "http://www.reisenweber-berlin.de/" "Mozilla/5.0 (Windows NT 6.1; rv:22.0) Gecko/20100101 Firefox/22.0"
192.168.10.13 - - [01/Aug/2013:13:26:29 +0200] "GET /img/corner03.png HTTP/1.1" 200 266 "http://www.reisenweber-berlin.de/" "Mozilla/5.0 (Windows NT 6.1; rv:22.0) Gecko/20100101 Firefox/22.0"
192.168.10.13 - - [01/Aug/2013:13:26:30 +0200] "GET /img/hg.jpg HTTP/1.1" 200 44355 "http://www.reisenweber-berlin.de/css/style.css" "Mozilla/5.0 (Windows NT 6.1; rv:22.0) Gecko/20100101 Firefox/22.0"
192.168.10.13 - - [01/Aug/2013:13:26:30 +0200] "GET /img/tbl_bottom.png HTTP/1.1" 200 168 "http://www.reisenweber-berlin.de/css/style.css" "Mozilla/5.0 (Windows NT 6.1; rv:22.0) Gecko/20100101 Firefox/22.0"
192.168.10.13 - - [01/Aug/2013:13:26:30 +0200] "GET /img/hg_tbl.png HTTP/1.1" 200 190 "http://www.reisenweber-berlin.de/" "Mozilla/5.0 (Windows NT 6.1; rv:22.0) Gecko/20100101 Firefox/22.0"
192.168.10.13 - - [01/Aug/2013:13:26:30 +0200] "GET /img/tbl_left.png HTTP/1.1" 200 236 "http://www.reisenweber-berlin.de/css/style.css" "Mozilla/5.0 (Windows NT 6.1; rv:22.0) Gecko/20100101 Firefox/22.0"
192.168.10.13 - - [01/Aug/2013:13:26:30 +0200] "GET /img/tbl_right.png HTTP/1.1" 200 227 "http://www.reisenweber-berlin.de/css/style.css" "Mozilla/5.0 (Windows NT 6.1; rv:22.0) Gecko/20100101 Firefox/22.0"
192.168.10.13 - - [01/Aug/2013:13:26:30 +0200] "GET /img/tbl_down.png HTTP/1.1" 200 197 "http://www.reisenweber-berlin.de/css/style.css" "Mozilla/5.0 (Windows NT 6.1; rv:22.0) Gecko/20100101 Firefox/22.0"
192.168.10.13 - - [01/Aug/2013:13:26:30 +0200] "GET /img/HG_news.png HTTP/1.1" 200 212 "http://www.reisenweber-berlin.de/" "Mozilla/5.0 (Windows NT 6.1; rv:22.0) Gecko/20100101 Firefox/22.0"
192.168.10.13 - - [01/Aug/2013:13:26:30 +0200] "GET /reisenweber_ani.swf HTTP/1.1" 200 60314 "http://www.reisenweber-berlin.de/" "Mozilla/5.0 (Windows NT 6.1; rv:22.0) Gecko/20100101 Firefox/22.0"
192.168.10.13 - - [01/Aug/2013:13:26:30 +0200] "GET /favicon.ico HTTP/1.1" 404 1256 "-" "Mozilla/5.0 (Windows NT 6.1; rv:22.0) Gecko/20100101 Firefox/22.0"
192.168.10.13 - - [01/Aug/2013:13:26:30 +0200] "GET /pics/4.jpg HTTP/1.1" 200 165768 "http://www.reisenweber-berlin.de/reisenweber_ani.swf" "Mozilla/5.0 (Windows NT 6.1; rv:22.0) Gecko/20100101 Firefox/22.0"
192.168.10.13 - - [01/Aug/2013:13:26:38 +0200] "GET /pics/5.jpg HTTP/1.1" 200 134687 "http://www.reisenweber-berlin.de/reisenweber_ani.swf" "Mozilla/5.0 (Windows NT 6.1; rv:22.0) Gecko/20100101 Firefox/22.0"
192.168.10.13 - - [01/Aug/2013:13:26:45 +0200] "GET /pics/1.jpg HTTP/1.1" 200 104529 "http://www.reisenweber-berlin.de/reisenweber_ani.swf" "Mozilla/5.0 (Windows NT 6.1; rv:22.0) Gecko/20100101 Firefox/22.0"
192.168.10.13 - - [01/Aug/2013:13:26:52 +0200] "GET /pics/2.jpg HTTP/1.1" 200 107549 "http://www.reisenweber-berlin.de/reisenweber_ani.swf" "Mozilla/5.0 (Windows NT 6.1; rv:22.0) Gecko/20100101 Firefox/22.0"
192.168.10.13 - - [01/Aug/2013:13:26:59 +0200] "GET /pics/3.jpg HTTP/1.1" 200 149645 "http://www.reisenweber-berlin.de/reisenweber_ani.swf" "Mozilla/5.0 (Windows NT 6.1; rv:22.0) Gecko/20100101 Firefox/22.0"
92.225.29.91 - - [01/Aug/2013:13:44:22 +0200] "GET / HTTP/1.1" 200 10105 "-" "Mozilla/5.0 (Macintosh; Intel Mac OS X 10_7_5) AppleWebKit/536.30.1 (KHTML, like Gecko) Version/6.0.5 Safari/536.30.1"
5.10.83.77 - - [01/Aug/2013:14:43:24 +0200] "GET /haare.html HTTP/1.1" 200 19161 "-" "Mozilla/5.0 (compatible; AhrefsBot/5.0; +http://ahrefs.com/robot/)"
92.225.29.91 - - [01/Aug/2013:14:52:08 +0200] "GET / HTTP/1.1" 200 10105 "-" "Mozilla/5.0 (Macintosh; Intel Mac OS X 10_7_5) AppleWebKit/536.30.1 (KHTML, like Gecko) Version/6.0.5 Safari/536.30.1"
141.8.147.12 - - [01/Aug/2013:15:32:54 +0200] "GET /robots.txt HTTP/1.1" 404 1256 "-" "Mozilla/5.0 (compatible; YandexBot/3.0; +http://yandex.com/bots)"
141.8.147.12 - - [01/Aug/2013:15:32:56 +0200] "GET /img/damen-03-GR.jpg HTTP/1.1" 304 - "-" "Mozilla/5.0 (compatible; YandexImages/3.0; +http://yandex.com/bots)"
141.8.147.12 - - [01/Aug/2013:15:38:53 +0200] "GET /img/damen-01.jpg HTTP/1.1" 304 - "-" "Mozilla/5.0 (compatible; YandexImages/3.0; +http://yandex.com/bots)"
5.10.83.77 - - [01/Aug/2013:15:50:41 +0200] "GET /img/aktuell-06-GR.png HTTP/1.1" 200 692896 "-" "Mozilla/5.0 (compatible; AhrefsBot/5.0; +http://ahrefs.com/robot/)"
141.8.147.12 - - [01/Aug/2013:15:58:13 +0200] "GET /img/damen-02-GR.jpg HTTP/1.1" 304 - "-" "Mozilla/5.0 (compatible; YandexImages/3.0; +http://yandex.com/bots)"
173.199.119.51 - - [01/Aug/2013:16:05:26 +0200] "GET /links.html HTTP/1.1" 200 8359 "-" "Mozilla/5.0 (compatible; AhrefsBot/4.0; +http://ahrefs.com/robot/)"
5.10.83.77 - - [01/Aug/2013:16:11:39 +0200] "GET / HTTP/1.1" 200 10105 "-" "Mozilla/5.0 (compatible; AhrefsBot/5.0; +http://ahrefs.com/robot/)"
141.8.147.12 - - [01/Aug/2013:16:53:59 +0200] "GET /img/damen-01-GR.jpg HTTP/1.1" 304 - "-" "Mozilla/5.0 (compatible; YandexImages/3.0; +http://yandex.com/bots)"
141.8.147.12 - - [01/Aug/2013:16:54:10 +0200] "GET /img/aktuell-01-GR.png HTTP/1.1" 304 - "-" "Mozilla/5.0 (compatible; YandexImages/3.0; +http://yandex.com/bots)"
141.8.147.12 - - [01/Aug/2013:17:18:24 +0200] "GET /img/hair.png HTTP/1.1" 304 - "-" "Mozilla/5.0 (compatible; YandexImages/3.0; +http://yandex.com/bots)"
66.249.73.211 - - [01/Aug/2013:17:44:14 +0200] "GET /robots.txt HTTP/1.1" 404 1256 "-" "Mozilla/5.0 (compatible; Googlebot/2.1; +http://www.google.com/bot.html)"
66.249.73.211 - - [01/Aug/2013:17:44:14 +0200] "GET /links.html HTTP/1.1" 304 - "-" "Mozilla/5.0 (compatible; Googlebot/2.1; +http://www.google.com/bot.html)"
141.8.147.12 - - [01/Aug/2013:17:53:30 +0200] "GET /img/damen-02.jpg HTTP/1.1" 304 - "-" "Mozilla/5.0 (compatible; YandexImages/3.0; +http://yandex.com/bots)"
66.249.73.211 - - [01/Aug/2013:17:56:42 +0200] "GET / HTTP/1.1" 200 10105 "-" "SAMSUNG-SGH-E250/1.0 Profile/MIDP-2.0 Configuration/CLDC-1.1 UP.Browser/6.2.3.3.c.1.101 (GUI) MMP/2.0 (compatible; Googlebot-Mobile/2.1; +http://www.google.com/bot.html)"
173.199.119.51 - - [01/Aug/2013:18:22:08 +0200] "GET /img/aktuell-04-GR.png HTTP/1.1" 200 913917 "-" "Mozilla/5.0 (compatible; AhrefsBot/4.0; +http://ahrefs.com/robot/)"
141.8.147.12 - - [01/Aug/2013:18:32:49 +0200] "GET /img/aktuell-03_sw.png HTTP/1.1" 304 - "-" "Mozilla/5.0 (compatible; YandexImages/3.0; +http://yandex.com/bots)"
173.199.119.51 - - [01/Aug/2013:18:55:53 +0200] "GET / HTTP/1.1" 200 10105 "-" "Mozilla/5.0 (compatible; AhrefsBot/4.0; +http://ahrefs.com/robot/)"
85.237.82.82 - - [01/Aug/2013:19:29:51 +0200] "GET /robots.txt HTTP/1.1" 404 1256 "-" "Mozilla/4.0 (compatible; MSIE 4.01; Mac_PowerPC)"
66.249.73.211 - - [01/Aug/2013:19:30:16 +0200] "GET / HTTP/1.1" 200 10105 "-" "DoCoMo/2.0 N905i(c100;TB;W24H16) (compatible; Googlebot-Mobile/2.1; +http://www.google.com/bot.html)"
85.214.25.242 - - [01/Aug/2013:20:38:15 +0200] "GET / HTTP/1.0" 200 10105 "-" "Mozilla/5.0 (Windows NT 6.1; rv:12.0) Gecko/20100101 Firefox/12.0"
141.8.147.12 - - [01/Aug/2013:20:50:05 +0200] "GET /img/damen-03.jpg HTTP/1.1" 304 - "-" "Mozilla/5.0 (compatible; YandexImages/3.0; +http://yandex.com/bots)"
66.249.73.211 - - [01/Aug/2013:21:58:39 +0200] "GET /kosmetik.html HTTP/1.1" 304 - "-" "Mozilla/5.0 (iPhone; U; CPU iPhone OS 4_1 like Mac OS X; en-us) AppleWebKit/532.9 (KHTML, like Gecko) Version/4.0.5 Mobile/8B117 Safari/6531.22.7 (compatible; Googlebot-Mobile/2.1; +http://www.google.com/bot.html)"
141.8.147.12 - - [01/Aug/2013:23:14:09 +0200] "GET /img/aktuell-08-GR.png HTTP/1.1" 304 - "-" "Mozilla/5.0 (compatible; YandexImages/3.0; +http://yandex.com/bots)"
157.55.35.50 - - [01/Aug/2013:23:31:57 +0200] "GET /robots.txt HTTP/1.1" 404 1256 "-" "Mozilla/5.0 (compatible; bingbot/2.0; +http://www.bing.com/bingbot.htm)"
157.55.35.50 - - [01/Aug/2013:23:32:56 +0200] "GET /haare.html HTTP/1.1" 200 19161 "-" "Mozilla/5.0 (compatible; bingbot/2.0; +http://www.bing.com/bingbot.htm)"
141.8.147.12 - - [02/Aug/2013:00:03:04 +0200] "GET /img/laden.jpg HTTP/1.1" 304 - "-" "Mozilla/5.0 (compatible; YandexImages/3.0; +http://yandex.com/bots)"
83.133.125.202 - - [02/Aug/2013:00:19:46 +0200] "GET / HTTP/1.1" 200 10105 "http://www.sumaja.de/?such_wert=make" "Mozilla/5.0 (Macintosh; U; Intel Mac OS X 10.6; de-DE; rv:1.9.2.8) Gecko/20100722 Firefox/3.6.8"
173.199.119.51 - - [02/Aug/2013:03:40:36 +0200] "GET /produkte.html HTTP/1.1" 200 8603 "-" "Mozilla/5.0 (compatible; AhrefsBot/4.0; +http://ahrefs.com/robot/)"
66.249.73.211 - - [02/Aug/2013:03:51:29 +0200] "GET /kosmetik.html HTTP/1.1" 304 - "-" "DoCoMo/2.0 N905i(c100;TB;W24H16) (compatible; Googlebot-Mobile/2.1; +http://www.google.com/bot.html)"
173.199.119.51 - - [02/Aug/2013:04:35:17 +0200] "GET /img/aktuell-08-GR.png HTTP/1.1" 200 789700 "-" "Mozilla/5.0 (compatible; AhrefsBot/4.0; +http://ahrefs.com/robot/)"
66.249.73.211 - - [02/Aug/2013:04:55:05 +0200] "GET / HTTP/1.1" 200 10105 "-" "Mozilla/5.0 (compatible; Googlebot/2.1; +http://www.google.com/bot.html)"
66.249.73.211 - - [02/Aug/2013:05:02:14 +0200] "GET /css/style.css HTTP/1.1" 200 3765 "-" "Mozilla/5.0 (compatible; Googlebot/2.1; +http://www.google.com/bot.html)"
83.133.125.202 - - [02/Aug/2013:08:28:45 +0200] "GET / HTTP/1.1" 200 10105 "http://www.sumaja.de/?such_wert=berlin" "Mozilla/5.0 (Windows; U; Windows NT 5.1; de; rv:1.9.0.12) Gecko/2009070611 Firefox/3.0.12 GTB7.1 (.NET CLR 3.5.30729)"
173.199.119.51 - - [02/Aug/2013:09:24:39 +0200] "GET /kontakt.html HTTP/1.1" 200 13504 "-" "Mozilla/5.0 (compatible; AhrefsBot/4.0; +http://ahrefs.com/robot/)"
109.45.0.49 - - [02/Aug/2013:10:12:27 +0200] "GET /haare.html HTTP/1.1" 200 19161 "https://www.google.de/" "Mozilla/5.0 (Linux; Android 4.1.2; GT-I9300 Build/JZO54K) AppleWebKit/537.36 (KHTML, like Gecko) Chrome/28.0.1500.94 Mobile Safari/537.36"
109.45.0.49 - - [02/Aug/2013:10:12:27 +0200] "GET /css/style.css HTTP/1.1" 200 3765 "http://www.reisenweber-berlin.de/haare.html" "Mozilla/5.0 (Linux; Android 4.1.2; GT-I9300 Build/JZO54K) AppleWebKit/537.36 (KHTML, like Gecko) Chrome/28.0.1500.94 Mobile Safari/537.36"
109.45.0.49 - - [02/Aug/2013:10:12:27 +0200] "GET /css/Panel.css HTTP/1.1" 200 3497 "http://www.reisenweber-berlin.de/haare.html" "Mozilla/5.0 (Linux; Android 4.1.2; GT-I9300 Build/JZO54K) AppleWebKit/537.36 (KHTML, like Gecko) Chrome/28.0.1500.94 Mobile Safari/537.36"
109.45.0.49 - - [02/Aug/2013:10:12:27 +0200] "GET /Scripts/AC_RunActiveContent.js HTTP/1.1" 200 8029 "http://www.reisenweber-berlin.de/haare.html" "Mozilla/5.0 (Linux; Android 4.1.2; GT-I9300 Build/JZO54K) AppleWebKit/537.36 (KHTML, like Gecko) Chrome/28.0.1500.94 Mobile Safari/537.36"
109.45.0.49 - - [02/Aug/2013:10:12:27 +0200] "GET /js/RunFLASH.js HTTP/1.1" 200 8029 "http://www.reisenweber-berlin.de/haare.html" "Mozilla/5.0 (Linux; Android 4.1.2; GT-I9300 Build/JZO54K) AppleWebKit/537.36 (KHTML, like Gecko) Chrome/28.0.1500.94 Mobile Safari/537.36"
109.45.0.49 - - [02/Aug/2013:10:12:27 +0200] "GET /js/Panel.js HTTP/1.1" 200 13072 "http://www.reisenweber-berlin.de/haare.html" "Mozilla/5.0 (Linux; Android 4.1.2; GT-I9300 Build/JZO54K) AppleWebKit/537.36 (KHTML, like Gecko) Chrome/28.0.1500.94 Mobile Safari/537.36"
109.45.0.49 - - [02/Aug/2013:10:12:28 +0200] "GET /img/spacer.gif HTTP/1.1" 200 43 "http://www.reisenweber-berlin.de/haare.html" "Mozilla/5.0 (Linux; Android 4.1.2; GT-I9300 Build/JZO54K) AppleWebKit/537.36 (KHTML, like Gecko) Chrome/28.0.1500.94 Mobile Safari/537.36"
109.45.0.49 - - [02/Aug/2013:10:12:28 +0200] "GET /img/pfeil.gif HTTP/1.1" 200 85 "http://www.reisenweber-berlin.de/haare.html" "Mozilla/5.0 (Linux; Android 4.1.2; GT-I9300 Build/JZO54K) AppleWebKit/537.36 (KHTML, like Gecko) Chrome/28.0.1500.94 Mobile Safari/537.36"
109.45.0.49 - - [02/Aug/2013:10:12:28 +0200] "GET /img/corner01.png HTTP/1.1" 200 163 "http://www.reisenweber-berlin.de/haare.html" "Mozilla/5.0 (Linux; Android 4.1.2; GT-I9300 Build/JZO54K) AppleWebKit/537.36 (KHTML, like Gecko) Chrome/28.0.1500.94 Mobile Safari/537.36"
109.45.0.49 - - [02/Aug/2013:10:12:28 +0200] "GET /img/corner02.png HTTP/1.1" 200 190 "http://www.reisenweber-berlin.de/haare.html" "Mozilla/5.0 (Linux; Android 4.1.2; GT-I9300 Build/JZO54K) AppleWebKit/537.36 (KHTML, like Gecko) Chrome/28.0.1500.94 Mobile Safari/537.36"
109.45.0.49 - - [02/Aug/2013:10:12:28 +0200] "GET /img/pfeil-grau.gif HTTP/1.1" 200 73 "http://www.reisenweber-berlin.de/haare.html" "Mozilla/5.0 (Linux; Android 4.1.2; GT-I9300 Build/JZO54K) AppleWebKit/537.36 (KHTML, like Gecko) Chrome/28.0.1500.94 Mobile Safari/537.36"
109.45.0.49 - - [02/Aug/2013:10:12:28 +0200] "GET /img/tbl_bottom.png HTTP/1.1" 200 168 "http://www.reisenweber-berlin.de/haare.html" "Mozilla/5.0 (Linux; Android 4.1.2; GT-I9300 Build/JZO54K) AppleWebKit/537.36 (KHTML, like Gecko) Chrome/28.0.1500.94 Mobile Safari/537.36"
109.45.0.49 - - [02/Aug/2013:10:12:28 +0200] "GET /img/hg_tbl.png HTTP/1.1" 200 190 "http://www.reisenweber-berlin.de/haare.html" "Mozilla/5.0 (Linux; Android 4.1.2; GT-I9300 Build/JZO54K) AppleWebKit/537.36 (KHTML, like Gecko) Chrome/28.0.1500.94 Mobile Safari/537.36"
109.45.0.49 - - [02/Aug/2013:10:12:28 +0200] "GET /img/hg.jpg HTTP/1.1" 200 44355 "http://www.reisenweber-berlin.de/haare.html" "Mozilla/5.0 (Linux; Android 4.1.2; GT-I9300 Build/JZO54K) AppleWebKit/537.36 (KHTML, like Gecko) Chrome/28.0.1500.94 Mobile Safari/537.36"
109.45.0.49 - - [02/Aug/2013:10:12:28 +0200] "GET /img/tbl_left.png HTTP/1.1" 200 236 "http://www.reisenweber-berlin.de/haare.html" "Mozilla/5.0 (Linux; Android 4.1.2; GT-I9300 Build/JZO54K) AppleWebKit/537.36 (KHTML, like Gecko) Chrome/28.0.1500.94 Mobile Safari/537.36"
109.45.0.49 - - [02/Aug/2013:10:12:28 +0200] "GET /img/HG_news.png HTTP/1.1" 200 212 "http://www.reisenweber-berlin.de/haare.html" "Mozilla/5.0 (Linux; Android 4.1.2; GT-I9300 Build/JZO54K) AppleWebKit/537.36 (KHTML, like Gecko) Chrome/28.0.1500.94 Mobile Safari/537.36"
109.45.0.49 - - [02/Aug/2013:10:12:28 +0200] "GET /img/hair.png HTTP/1.1" 200 129494 "http://www.reisenweber-berlin.de/haare.html" "Mozilla/5.0 (Linux; Android 4.1.2; GT-I9300 Build/JZO54K) AppleWebKit/537.36 (KHTML, like Gecko) Chrome/28.0.1500.94 Mobile Safari/537.36"
109.45.0.49 - - [02/Aug/2013:10:12:28 +0200] "GET /img/tbl_right.png HTTP/1.1" 200 227 "http://www.reisenweber-berlin.de/haare.html" "Mozilla/5.0 (Linux; Android 4.1.2; GT-I9300 Build/JZO54K) AppleWebKit/537.36 (KHTML, like Gecko) Chrome/28.0.1500.94 Mobile Safari/537.36"
109.45.0.49 - - [02/Aug/2013:10:12:28 +0200] "GET /img/tbl_down.png HTTP/1.1" 200 197 "http://www.reisenweber-berlin.de/haare.html" "Mozilla/5.0 (Linux; Android 4.1.2; GT-I9300 Build/JZO54K) AppleWebKit/537.36 (KHTML, like Gecko) Chrome/28.0.1500.94 Mobile Safari/537.36"
109.45.0.49 - - [02/Aug/2013:10:12:28 +0200] "GET /img/corner04.png HTTP/1.1" 200 203 "http://www.reisenweber-berlin.de/haare.html" "Mozilla/5.0 (Linux; Android 4.1.2; GT-I9300 Build/JZO54K) AppleWebKit/537.36 (KHTML, like Gecko) Chrome/28.0.1500.94 Mobile Safari/537.36"
109.45.0.49 - - [02/Aug/2013:10:12:28 +0200] "GET /img/corner03.png HTTP/1.1" 200 266 "http://www.reisenweber-berlin.de/haare.html" "Mozilla/5.0 (Linux; Android 4.1.2; GT-I9300 Build/JZO54K) AppleWebKit/537.36 (KHTML, like Gecko) Chrome/28.0.1500.94 Mobile Safari/537.36"
109.45.0.49 - - [02/Aug/2013:10:12:28 +0200] "GET /img/FACEBOOK.png HTTP/1.1" 200 1159 "http://www.reisenweber-berlin.de/haare.html" "Mozilla/5.0 (Linux; Android 4.1.2; GT-I9300 Build/JZO54K) AppleWebKit/537.36 (KHTML, like Gecko) Chrome/28.0.1500.94 Mobile Safari/537.36"
109.45.0.49 - - [02/Aug/2013:10:12:28 +0200] "GET /favicon.ico HTTP/1.1" 404 1256 "-" "Mozilla/5.0 (Linux; Android 4.1.2; GT-I9300 Build/JZO54K) AppleWebKit/537.36 (KHTML, like Gecko) Chrome/28.0.1500.94 Mobile Safari/537.36"
109.45.0.49 - - [02/Aug/2013:10:12:28 +0200] "GET /apple-touch-icon-precomposed.png HTTP/1.1" 404 1256 "-" "Mozilla/5.0 (Linux; Android 4.1.2; GT-I9300 Build/JZO54K) AppleWebKit/537.36 (KHTML, like Gecko) Chrome/28.0.1500.94 Mobile Safari/537.36"
109.45.0.49 - - [02/Aug/2013:10:12:29 +0200] "GET /apple-touch-icon.png HTTP/1.1" 404 1256 "-" "Mozilla/5.0 (Linux; Android 4.1.2; GT-I9300 Build/JZO54K) AppleWebKit/537.36 (KHTML, like Gecko) Chrome/28.0.1500.94 Mobile Safari/537.36"
109.45.0.49 - - [02/Aug/2013:10:13:31 +0200] "GET /kosmetik.html HTTP/1.1" 200 11730 "http://www.reisenweber-berlin.de/haare.html" "Mozilla/5.0 (Linux; Android 4.1.2; GT-I9300 Build/JZO54K) AppleWebKit/537.36 (KHTML, like Gecko) Chrome/28.0.1500.94 Mobile Safari/537.36"
109.45.0.49 - - [02/Aug/2013:10:13:31 +0200] "GET /img/kosmetik.png HTTP/1.1" 200 104794 "http://www.reisenweber-berlin.de/kosmetik.html" "Mozilla/5.0 (Linux; Android 4.1.2; GT-I9300 Build/JZO54K) AppleWebKit/537.36 (KHTML, like Gecko) Chrome/28.0.1500.94 Mobile Safari/537.36"
109.45.0.49 - - [02/Aug/2013:10:13:53 +0200] "GET /kontakt.html HTTP/1.1" 200 13504 "http://www.reisenweber-berlin.de/kosmetik.html" "Mozilla/5.0 (Linux; Android 4.1.2; GT-I9300 Build/JZO54K) AppleWebKit/537.36 (KHTML, like Gecko) Chrome/28.0.1500.94 Mobile Safari/537.36"
109.45.0.49 - - [02/Aug/2013:10:13:54 +0200] "GET /img/hg_tbl.jpg HTTP/1.1" 200 352 "http://www.reisenweber-berlin.de/kontakt.html" "Mozilla/5.0 (Linux; Android 4.1.2; GT-I9300 Build/JZO54K) AppleWebKit/537.36 (KHTML, like Gecko) Chrome/28.0.1500.94 Mobile Safari/537.36"
109.45.0.49 - - [02/Aug/2013:10:13:54 +0200] "GET /img/spacer.gif HTTP/1.1" 200 43 "http://www.reisenweber-berlin.de/kontakt.html" "Mozilla/5.0 (Linux; Android 4.1.2; GT-I9300 Build/JZO54K) AppleWebKit/537.36 (KHTML, like Gecko) Chrome/28.0.1500.94 Mobile Safari/537.36"
109.45.0.49 - - [02/Aug/2013:10:13:54 +0200] "GET /img/pfeil.gif HTTP/1.1" 200 85 "http://www.reisenweber-berlin.de/kontakt.html" "Mozilla/5.0 (Linux; Android 4.1.2; GT-I9300 Build/JZO54K) AppleWebKit/537.36 (KHTML, like Gecko) Chrome/28.0.1500.94 Mobile Safari/537.36"
109.45.0.49 - - [02/Aug/2013:10:13:54 +0200] "GET /img/corner01.png HTTP/1.1" 200 163 "http://www.reisenweber-berlin.de/kontakt.html" "Mozilla/5.0 (Linux; Android 4.1.2; GT-I9300 Build/JZO54K) AppleWebKit/537.36 (KHTML, like Gecko) Chrome/28.0.1500.94 Mobile Safari/537.36"
109.45.0.49 - - [02/Aug/2013:10:13:55 +0200] "GET /img/corner02.png HTTP/1.1" 200 190 "http://www.reisenweber-berlin.de/kontakt.html" "Mozilla/5.0 (Linux; Android 4.1.2; GT-I9300 Build/JZO54K) AppleWebKit/537.36 (KHTML, like Gecko) Chrome/28.0.1500.94 Mobile Safari/537.36"
109.45.0.49 - - [02/Aug/2013:10:13:56 +0200] "GET /img/pfeil-grau.gif HTTP/1.1" 200 73 "http://www.reisenweber-berlin.de/kontakt.html" "Mozilla/5.0 (Linux; Android 4.1.2; GT-I9300 Build/JZO54K) AppleWebKit/537.36 (KHTML, like Gecko) Chrome/28.0.1500.94 Mobile Safari/537.36"
109.45.0.49 - - [02/Aug/2013:10:13:56 +0200] "GET /img/hg_tbl.png HTTP/1.1" 200 190 "http://www.reisenweber-berlin.de/kontakt.html" "Mozilla/5.0 (Linux; Android 4.1.2; GT-I9300 Build/JZO54K) AppleWebKit/537.36 (KHTML, like Gecko) Chrome/28.0.1500.94 Mobile Safari/537.36"
109.45.0.49 - - [02/Aug/2013:10:13:56 +0200] "GET /img/corner03.png HTTP/1.1" 200 266 "http://www.reisenweber-berlin.de/kontakt.html" "Mozilla/5.0 (Linux; Android 4.1.2; GT-I9300 Build/JZO54K) AppleWebKit/537.36 (KHTML, like Gecko) Chrome/28.0.1500.94 Mobile Safari/537.36"
109.45.0.49 - - [02/Aug/2013:10:13:56 +0200] "GET /img/FACEBOOK.png HTTP/1.1" 200 1159 "http://www.reisenweber-berlin.de/kontakt.html" "Mozilla/5.0 (Linux; Android 4.1.2; GT-I9300 Build/JZO54K) AppleWebKit/537.36 (KHTML, like Gecko) Chrome/28.0.1500.94 Mobile Safari/537.36"
109.45.0.49 - - [02/Aug/2013:10:13:56 +0200] "GET /img/corner04.png HTTP/1.1" 200 203 "http://www.reisenweber-berlin.de/kontakt.html" "Mozilla/5.0 (Linux; Android 4.1.2; GT-I9300 Build/JZO54K) AppleWebKit/537.36 (KHTML, like Gecko) Chrome/28.0.1500.94 Mobile Safari/537.36"
66.249.73.211 - - [02/Aug/2013:10:18:56 +0200] "GET /robots.txt HTTP/1.1" 404 1256 "-" "Mozilla/5.0 (compatible; Googlebot/2.1; +http://www.google.com/bot.html)"
79.194.62.143 - - [02/Aug/2013:10:37:01 +0200] "GET / HTTP/1.1" 200 10105 "http://www.google.de/url?sa=t&rct=j&q=&esrc=s&source=web&cd=1&ved=0CD4QFjAA&url=http%3A%2F%2Fwww.reisenweber-berlin.de%2F&ei=cm_7Ufa6LIPsswb0toCQCw&usg=AFQjCNF7TSzUIEj_OI_RiqKPTlc2EM_6vg&bvm=bv.50165853,d.Yms" "Mozilla/5.0 (Windows NT 6.2; WOW64; rv:22.0) Gecko/20100101 Firefox/22.0"
79.194.62.143 - - [02/Aug/2013:10:37:02 +0200] "GET /css/style.css HTTP/1.1" 200 3765 "http://www.reisenweber-berlin.de/" "Mozilla/5.0 (Windows NT 6.2; WOW64; rv:22.0) Gecko/20100101 Firefox/22.0"
79.194.62.143 - - [02/Aug/2013:10:37:02 +0200] "GET /Scripts/AC_RunActiveContent.js HTTP/1.1" 200 8029 "http://www.reisenweber-berlin.de/" "Mozilla/5.0 (Windows NT 6.2; WOW64; rv:22.0) Gecko/20100101 Firefox/22.0"
79.194.62.143 - - [02/Aug/2013:10:37:02 +0200] "GET /Scripts/AC_ActiveX.js HTTP/1.1" 200 2068 "http://www.reisenweber-berlin.de/" "Mozilla/5.0 (Windows NT 6.2; WOW64; rv:22.0) Gecko/20100101 Firefox/22.0"
79.194.62.143 - - [02/Aug/2013:10:37:02 +0200] "GET /img/spacer.gif HTTP/1.1" 200 43 "http://www.reisenweber-berlin.de/" "Mozilla/5.0 (Windows NT 6.2; WOW64; rv:22.0) Gecko/20100101 Firefox/22.0"
79.194.62.143 - - [02/Aug/2013:10:37:02 +0200] "GET /img/pfeil.gif HTTP/1.1" 200 85 "http://www.reisenweber-berlin.de/" "Mozilla/5.0 (Windows NT 6.2; WOW64; rv:22.0) Gecko/20100101 Firefox/22.0"
79.194.62.143 - - [02/Aug/2013:10:37:02 +0200] "GET /img/corner01.png HTTP/1.1" 200 163 "http://www.reisenweber-berlin.de/" "Mozilla/5.0 (Windows NT 6.2; WOW64; rv:22.0) Gecko/20100101 Firefox/22.0"
79.194.62.143 - - [02/Aug/2013:10:37:02 +0200] "GET /img/corner02.png HTTP/1.1" 200 190 "http://www.reisenweber-berlin.de/" "Mozilla/5.0 (Windows NT 6.2; WOW64; rv:22.0) Gecko/20100101 Firefox/22.0"
79.194.62.143 - - [02/Aug/2013:10:37:02 +0200] "GET /img/pfeil-grau.gif HTTP/1.1" 200 73 "http://www.reisenweber-berlin.de/" "Mozilla/5.0 (Windows NT 6.2; WOW64; rv:22.0) Gecko/20100101 Firefox/22.0"
79.194.62.143 - - [02/Aug/2013:10:37:02 +0200] "GET /img/corner04.png HTTP/1.1" 200 203 "http://www.reisenweber-berlin.de/" "Mozilla/5.0 (Windows NT 6.2; WOW64; rv:22.0) Gecko/20100101 Firefox/22.0"
79.194.62.143 - - [02/Aug/2013:10:37:02 +0200] "GET /img/corner03.png HTTP/1.1" 200 266 "http://www.reisenweber-berlin.de/" "Mozilla/5.0 (Windows NT 6.2; WOW64; rv:22.0) Gecko/20100101 Firefox/22.0"
79.194.62.143 - - [02/Aug/2013:10:37:02 +0200] "GET /img/FACEBOOK.png HTTP/1.1" 200 1159 "http://www.reisenweber-berlin.de/" "Mozilla/5.0 (Windows NT 6.2; WOW64; rv:22.0) Gecko/20100101 Firefox/22.0"
79.194.62.143 - - [02/Aug/2013:10:37:02 +0200] "GET /img/tbl_bottom.png HTTP/1.1" 200 168 "http://www.reisenweber-berlin.de/css/style.css" "Mozilla/5.0 (Windows NT 6.2; WOW64; rv:22.0) Gecko/20100101 Firefox/22.0"
79.194.62.143 - - [02/Aug/2013:10:37:02 +0200] "GET /img/tbl_left.png HTTP/1.1" 200 236 "http://www.reisenweber-berlin.de/css/style.css" "Mozilla/5.0 (Windows NT 6.2; WOW64; rv:22.0) Gecko/20100101 Firefox/22.0"
79.194.62.143 - - [02/Aug/2013:10:37:02 +0200] "GET /img/hg_tbl.png HTTP/1.1" 200 190 "http://www.reisenweber-berlin.de/" "Mozilla/5.0 (Windows NT 6.2; WOW64; rv:22.0) Gecko/20100101 Firefox/22.0"
79.194.62.143 - - [02/Aug/2013:10:37:02 +0200] "GET /img/HG_news.png HTTP/1.1" 200 212 "http://www.reisenweber-berlin.de/" "Mozilla/5.0 (Windows NT 6.2; WOW64; rv:22.0) Gecko/20100101 Firefox/22.0"
79.194.62.143 - - [02/Aug/2013:10:37:02 +0200] "GET /img/tbl_right.png HTTP/1.1" 200 227 "http://www.reisenweber-berlin.de/css/style.css" "Mozilla/5.0 (Windows NT 6.2; WOW64; rv:22.0) Gecko/20100101 Firefox/22.0"
79.194.62.143 - - [02/Aug/2013:10:37:02 +0200] "GET /img/tbl_down.png HTTP/1.1" 200 197 "http://www.reisenweber-berlin.de/css/style.css" "Mozilla/5.0 (Windows NT 6.2; WOW64; rv:22.0) Gecko/20100101 Firefox/22.0"
79.194.62.143 - - [02/Aug/2013:10:37:02 +0200] "GET /img/hg.jpg HTTP/1.1" 200 44355 "http://www.reisenweber-berlin.de/css/style.css" "Mozilla/5.0 (Windows NT 6.2; WOW64; rv:22.0) Gecko/20100101 Firefox/22.0"
79.194.62.143 - - [02/Aug/2013:10:37:02 +0200] "GET /reisenweber_ani.swf HTTP/1.1" 200 60314 "http://www.reisenweber-berlin.de/" "Mozilla/5.0 (Windows NT 6.2; WOW64; rv:22.0) Gecko/20100101 Firefox/22.0"
79.194.62.143 - - [02/Aug/2013:10:37:02 +0200] "GET /pics/1.jpg HTTP/1.1" 200 104529 "http://www.reisenweber-berlin.de/reisenweber_ani.swf" "Mozilla/5.0 (Windows NT 6.2; WOW64; rv:22.0) Gecko/20100101 Firefox/22.0"
79.194.62.143 - - [02/Aug/2013:10:37:03 +0200] "GET /favicon.ico HTTP/1.1" 404 1256 "-" "Mozilla/5.0 (Windows NT 6.2; WOW64; rv:22.0) Gecko/20100101 Firefox/22.0"
79.194.62.143 - - [02/Aug/2013:10:37:10 +0200] "GET /pics/2.jpg HTTP/1.1" 200 107549 "http://www.reisenweber-berlin.de/reisenweber_ani.swf" "Mozilla/5.0 (Windows NT 6.2; WOW64; rv:22.0) Gecko/20100101 Firefox/22.0"
79.194.62.143 - - [02/Aug/2013:10:37:18 +0200] "GET /pics/3.jpg HTTP/1.1" 200 149645 "http://www.reisenweber-berlin.de/reisenweber_ani.swf" "Mozilla/5.0 (Windows NT 6.2; WOW64; rv:22.0) Gecko/20100101 Firefox/22.0"
79.194.62.143 - - [02/Aug/2013:10:37:19 +0200] "GET /uns.html HTTP/1.1" 200 8136 "http://www.reisenweber-berlin.de/" "Mozilla/5.0 (Windows NT 6.2; WOW64; rv:22.0) Gecko/20100101 Firefox/22.0"
79.194.62.143 - - [02/Aug/2013:10:37:19 +0200] "GET /css/lightbox.css HTTP/1.1" 200 3470 "http://www.reisenweber-berlin.de/uns.html" "Mozilla/5.0 (Windows NT 6.2; WOW64; rv:22.0) Gecko/20100101 Firefox/22.0"
79.194.62.143 - - [02/Aug/2013:10:37:19 +0200] "GET /js/scriptaculous.js?load=effects HTTP/1.1" 200 2152 "http://www.reisenweber-berlin.de/uns.html" "Mozilla/5.0 (Windows NT 6.2; WOW64; rv:22.0) Gecko/20100101 Firefox/22.0"
79.194.62.143 - - [02/Aug/2013:10:37:20 +0200] "GET /js/lightbox.js HTTP/1.1" 200 23861 "http://www.reisenweber-berlin.de/uns.html" "Mozilla/5.0 (Windows NT 6.2; WOW64; rv:22.0) Gecko/20100101 Firefox/22.0"
79.194.62.143 - - [02/Aug/2013:10:37:20 +0200] "GET /js/prototype.js HTTP/1.1" 200 47603 "http://www.reisenweber-berlin.de/uns.html" "Mozilla/5.0 (Windows NT 6.2; WOW64; rv:22.0) Gecko/20100101 Firefox/22.0"
79.194.62.143 - - [02/Aug/2013:10:37:20 +0200] "GET /img/laden.jpg HTTP/1.1" 200 25856 "http://www.reisenweber-berlin.de/uns.html" "Mozilla/5.0 (Windows NT 6.2; WOW64; rv:22.0) Gecko/20100101 Firefox/22.0"
79.194.62.143 - - [02/Aug/2013:10:37:20 +0200] "GET /img/damen-01.jpg HTTP/1.1" 200 6064 "http://www.reisenweber-berlin.de/uns.html" "Mozilla/5.0 (Windows NT 6.2; WOW64; rv:22.0) Gecko/20100101 Firefox/22.0"
79.194.62.143 - - [02/Aug/2013:10:37:20 +0200] "GET /img/damen-02.jpg HTTP/1.1" 200 6205 "http://www.reisenweber-berlin.de/uns.html" "Mozilla/5.0 (Windows NT 6.2; WOW64; rv:22.0) Gecko/20100101 Firefox/22.0"
79.194.62.143 - - [02/Aug/2013:10:37:20 +0200] "GET /img/damen-03.jpg HTTP/1.1" 200 7182 "http://www.reisenweber-berlin.de/uns.html" "Mozilla/5.0 (Windows NT 6.2; WOW64; rv:22.0) Gecko/20100101 Firefox/22.0"
79.194.62.143 - - [02/Aug/2013:10:37:20 +0200] "GET /img/damen-04.jpg HTTP/1.1" 200 7305 "http://www.reisenweber-berlin.de/uns.html" "Mozilla/5.0 (Windows NT 6.2; WOW64; rv:22.0) Gecko/20100101 Firefox/22.0"
79.194.62.143 - - [02/Aug/2013:10:37:21 +0200] "GET /js/effects.js HTTP/1.1" 200 31969 "http://www.reisenweber-berlin.de/uns.html" "Mozilla/5.0 (Windows NT 6.2; WOW64; rv:22.0) Gecko/20100101 Firefox/22.0"
79.194.62.143 - - [02/Aug/2013:10:37:22 +0200] "GET /images/loading.gif HTTP/1.1" 200 538 "http://www.reisenweber-berlin.de/uns.html" "Mozilla/5.0 (Windows NT 6.2; WOW64; rv:22.0) Gecko/20100101 Firefox/22.0"
79.194.62.143 - - [02/Aug/2013:10:37:22 +0200] "GET /images/close.png HTTP/1.1" 200 3137 "http://www.reisenweber-berlin.de/uns.html" "Mozilla/5.0 (Windows NT 6.2; WOW64; rv:22.0) Gecko/20100101 Firefox/22.0"
79.194.62.143 - - [02/Aug/2013:10:37:36 +0200] "GET /pics/4.jpg HTTP/1.1" 200 165768 "http://www.reisenweber-berlin.de/reisenweber_ani.swf" "Mozilla/5.0 (Windows NT 6.2; WOW64; rv:22.0) Gecko/20100101 Firefox/22.0"
79.194.62.143 - - [02/Aug/2013:10:37:42 +0200] "GET /philosophie.html HTTP/1.1" 200 8754 "http://www.reisenweber-berlin.de/uns.html" "Mozilla/5.0 (Windows NT 6.2; WOW64; rv:22.0) Gecko/20100101 Firefox/22.0"
79.194.62.143 - - [02/Aug/2013:10:37:42 +0200] "GET /js/scriptaculous.js?load=effects HTTP/1.1" 304 - "http://www.reisenweber-berlin.de/philosophie.html" "Mozilla/5.0 (Windows NT 6.2; WOW64; rv:22.0) Gecko/20100101 Firefox/22.0"
79.194.62.143 - - [02/Aug/2013:10:37:42 +0200] "GET /img/philosophie.png HTTP/1.1" 200 168751 "http://www.reisenweber-berlin.de/philosophie.html" "Mozilla/5.0 (Windows NT 6.2; WOW64; rv:22.0) Gecko/20100101 Firefox/22.0"
79.194.62.143 - - [02/Aug/2013:10:37:50 +0200] "GET /pics/5.jpg HTTP/1.1" 200 134687 "http://www.reisenweber-berlin.de/reisenweber_ani.swf" "Mozilla/5.0 (Windows NT 6.2; WOW64; rv:22.0) Gecko/20100101 Firefox/22.0"
79.194.62.143 - - [02/Aug/2013:10:38:02 +0200] "GET /leistungen.html HTTP/1.1" 200 22517 "http://www.reisenweber-berlin.de/philosophie.html" "Mozilla/5.0 (Windows NT 6.2; WOW64; rv:22.0) Gecko/20100101 Firefox/22.0"
79.194.62.143 - - [02/Aug/2013:10:38:03 +0200] "GET /js/RunFLASH.js HTTP/1.1" 200 8029 "http://www.reisenweber-berlin.de/leistungen.html" "Mozilla/5.0 (Windows NT 6.2; WOW64; rv:22.0) Gecko/20100101 Firefox/22.0"
79.194.62.143 - - [02/Aug/2013:10:38:03 +0200] "GET /js/Panel.js HTTP/1.1" 200 13072 "http://www.reisenweber-berlin.de/leistungen.html" "Mozilla/5.0 (Windows NT 6.2; WOW64; rv:22.0) Gecko/20100101 Firefox/22.0"
79.194.62.143 - - [02/Aug/2013:10:38:03 +0200] "GET /css/Panel.css HTTP/1.1" 200 3497 "http://www.reisenweber-berlin.de/leistungen.html" "Mozilla/5.0 (Windows NT 6.2; WOW64; rv:22.0) Gecko/20100101 Firefox/22.0"
79.194.62.143 - - [02/Aug/2013:10:38:06 +0200] "GET /aktuelles.html HTTP/1.1" 200 12500 "http://www.reisenweber-berlin.de/leistungen.html" "Mozilla/5.0 (Windows NT 6.2; WOW64; rv:22.0) Gecko/20100101 Firefox/22.0"
79.194.62.143 - - [02/Aug/2013:10:38:06 +0200] "GET /js/scriptaculous.js?load=effects HTTP/1.1" 304 - "http://www.reisenweber-berlin.de/aktuelles.html" "Mozilla/5.0 (Windows NT 6.2; WOW64; rv:22.0) Gecko/20100101 Firefox/22.0"
79.194.62.143 - - [02/Aug/2013:10:38:06 +0200] "GET /img/abgrenzung.jpg HTTP/1.1" 200 1815 "http://www.reisenweber-berlin.de/aktuelles.html" "Mozilla/5.0 (Windows NT 6.2; WOW64; rv:22.0) Gecko/20100101 Firefox/22.0"
79.194.62.143 - - [02/Aug/2013:10:38:06 +0200] "GET /img/aktuell-01_sw.png HTTP/1.1" 200 14125 "http://www.reisenweber-berlin.de/aktuelles.html" "Mozilla/5.0 (Windows NT 6.2; WOW64; rv:22.0) Gecko/20100101 Firefox/22.0"
79.194.62.143 - - [02/Aug/2013:10:38:07 +0200] "GET /img/aktuell-02_sw.png HTTP/1.1" 200 14043 "http://www.reisenweber-berlin.de/aktuelles.html" "Mozilla/5.0 (Windows NT 6.2; WOW64; rv:22.0) Gecko/20100101 Firefox/22.0"
79.194.62.143 - - [02/Aug/2013:10:38:07 +0200] "GET /img/aktuell-03_sw.png HTTP/1.1" 200 10456 "http://www.reisenweber-berlin.de/aktuelles.html" "Mozilla/5.0 (Windows NT 6.2; WOW64; rv:22.0) Gecko/20100101 Firefox/22.0"
79.194.62.143 - - [02/Aug/2013:10:38:07 +0200] "GET /img/aktuell-04_sw.png HTTP/1.1" 200 11107 "http://www.reisenweber-berlin.de/aktuelles.html" "Mozilla/5.0 (Windows NT 6.2; WOW64; rv:22.0) Gecko/20100101 Firefox/22.0"
79.194.62.143 - - [02/Aug/2013:10:38:07 +0200] "GET /img/aktuell-05_sw.png HTTP/1.1" 200 11876 "http://www.reisenweber-berlin.de/aktuelles.html" "Mozilla/5.0 (Windows NT 6.2; WOW64; rv:22.0) Gecko/20100101 Firefox/22.0"
79.194.62.143 - - [02/Aug/2013:10:38:07 +0200] "GET /img/aktuell-06_sw.png HTTP/1.1" 200 10273 "http://www.reisenweber-berlin.de/aktuelles.html" "Mozilla/5.0 (Windows NT 6.2; WOW64; rv:22.0) Gecko/20100101 Firefox/22.0"
79.194.62.143 - - [02/Aug/2013:10:38:07 +0200] "GET /img/aktuell-07_sw.png HTTP/1.1" 200 13667 "http://www.reisenweber-berlin.de/aktuelles.html" "Mozilla/5.0 (Windows NT 6.2; WOW64; rv:22.0) Gecko/20100101 Firefox/22.0"
79.194.62.143 - - [02/Aug/2013:10:38:07 +0200] "GET /img/aktuell-08_sw.png HTTP/1.1" 200 13139 "http://www.reisenweber-berlin.de/aktuelles.html" "Mozilla/5.0 (Windows NT 6.2; WOW64; rv:22.0) Gecko/20100101 Firefox/22.0"
79.194.62.143 - - [02/Aug/2013:10:38:06 +0200] "GET /img/Aufsteller.png HTTP/1.1" 200 141482 "http://www.reisenweber-berlin.de/aktuelles.html" "Mozilla/5.0 (Windows NT 6.2; WOW64; rv:22.0) Gecko/20100101 Firefox/22.0"
79.194.62.143 - - [02/Aug/2013:10:38:14 +0200] "GET /links.html HTTP/1.1" 200 8359 "http://www.reisenweber-berlin.de/aktuelles.html" "Mozilla/5.0 (Windows NT 6.2; WOW64; rv:22.0) Gecko/20100101 Firefox/22.0"
79.194.62.143 - - [02/Aug/2013:10:38:16 +0200] "GET /kontakt.html HTTP/1.1" 200 13504 "http://www.reisenweber-berlin.de/links.html" "Mozilla/5.0 (Windows NT 6.2; WOW64; rv:22.0) Gecko/20100101 Firefox/22.0"
79.194.62.143 - - [02/Aug/2013:10:38:16 +0200] "GET /img/hg_tbl.jpg HTTP/1.1" 200 352 "http://www.reisenweber-berlin.de/kontakt.html" "Mozilla/5.0 (Windows NT 6.2; WOW64; rv:22.0) Gecko/20100101 Firefox/22.0"
79.194.62.143 - - [02/Aug/2013:10:38:32 +0200] "GET /js/scriptaculous.js?load=effects HTTP/1.1" 304 - "http://www.reisenweber-berlin.de/uns.html" "Mozilla/5.0 (Windows NT 6.2; WOW64; rv:22.0) Gecko/20100101 Firefox/22.0"
79.194.62.143 - - [02/Aug/2013:10:38:33 +0200] "GET /img/damen-01-GR.jpg HTTP/1.1" 200 73479 "http://www.reisenweber-berlin.de/uns.html" "Mozilla/5.0 (Windows NT 6.2; WOW64; rv:22.0) Gecko/20100101 Firefox/22.0"
79.194.62.143 - - [02/Aug/2013:10:38:33 +0200] "GET /img/damen-02-GR.jpg HTTP/1.1" 200 78475 "http://www.reisenweber-berlin.de/uns.html" "Mozilla/5.0 (Windows NT 6.2; WOW64; rv:22.0) Gecko/20100101 Firefox/22.0"
79.194.62.143 - - [02/Aug/2013:10:38:36 +0200] "GET /images/blank.gif HTTP/1.1" 404 1256 "http://www.reisenweber-berlin.de/css/lightbox.css" "Mozilla/5.0 (Windows NT 6.2; WOW64; rv:22.0) Gecko/20100101 Firefox/22.0"
79.194.62.143 - - [02/Aug/2013:10:38:37 +0200] "GET /images/next.gif HTTP/1.1" 200 231 "http://www.reisenweber-berlin.de/css/lightbox.css" "Mozilla/5.0 (Windows NT 6.2; WOW64; rv:22.0) Gecko/20100101 Firefox/22.0"
79.194.62.143 - - [02/Aug/2013:10:38:40 +0200] "GET /img/damen-03-GR.jpg HTTP/1.1" 200 97772 "http://www.reisenweber-berlin.de/uns.html" "Mozilla/5.0 (Windows NT 6.2; WOW64; rv:22.0) Gecko/20100101 Firefox/22.0"
79.194.62.143 - - [02/Aug/2013:10:38:45 +0200] "GET /img/damen-04-GR.jpg HTTP/1.1" 200 82534 "http://www.reisenweber-berlin.de/uns.html" "Mozilla/5.0 (Windows NT 6.2; WOW64; rv:22.0) Gecko/20100101 Firefox/22.0"
66.249.73.211 - - [02/Aug/2013:10:50:42 +0200] "GET / HTTP/1.1" 200 10105 "-" "Mozilla/5.0 (iPhone; U; CPU iPhone OS 4_1 like Mac OS X; en-us) AppleWebKit/532.9 (KHTML, like Gecko) Version/4.0.5 Mobile/8B117 Safari/6531.22.7 (compatible; Googlebot-Mobile/2.1; +http://www.google.com/bot.html)"
173.199.119.51 - - [02/Aug/2013:10:52:58 +0200] "GET /img/aktuell-07-GR.png HTTP/1.1" 200 922842 "-" "Mozilla/5.0 (compatible; AhrefsBot/4.0; +http://ahrefs.com/robot/)"
158.181.66.78 - - [02/Aug/2013:11:45:53 +0200] "GET / HTTP/1.1" 200 10105 "http://maps.google.de/local_url?dq=&q=http://www.reisenweber-berlin.de/&oi=miw&sa=X&ct=miw_link&cd=1&cad=homepage,cid:5155917493404141920&ei=ln_7UcSmC4uRswaQ3oHwDQ&s=ANYYN7kOEuQup1UF657Yyz1-6zsLvyVhtg" "Mozilla/5.0 (Windows NT 6.1; WOW64; rv:22.0) Gecko/20100101 Firefox/22.0"
158.181.66.78 - - [02/Aug/2013:11:45:53 +0200] "GET /css/style.css HTTP/1.1" 200 3765 "http://www.reisenweber-berlin.de/" "Mozilla/5.0 (Windows NT 6.1; WOW64; rv:22.0) Gecko/20100101 Firefox/22.0"
158.181.66.78 - - [02/Aug/2013:11:45:53 +0200] "GET /Scripts/AC_RunActiveContent.js HTTP/1.1" 200 8029 "http://www.reisenweber-berlin.de/" "Mozilla/5.0 (Windows NT 6.1; WOW64; rv:22.0) Gecko/20100101 Firefox/22.0"
158.181.66.78 - - [02/Aug/2013:11:45:53 +0200] "GET /Scripts/AC_ActiveX.js HTTP/1.1" 200 2068 "http://www.reisenweber-berlin.de/" "Mozilla/5.0 (Windows NT 6.1; WOW64; rv:22.0) Gecko/20100101 Firefox/22.0"
158.181.66.78 - - [02/Aug/2013:11:45:53 +0200] "GET /img/spacer.gif HTTP/1.1" 200 43 "http://www.reisenweber-berlin.de/" "Mozilla/5.0 (Windows NT 6.1; WOW64; rv:22.0) Gecko/20100101 Firefox/22.0"
158.181.66.78 - - [02/Aug/2013:11:45:53 +0200] "GET /img/pfeil.gif HTTP/1.1" 200 85 "http://www.reisenweber-berlin.de/" "Mozilla/5.0 (Windows NT 6.1; WOW64; rv:22.0) Gecko/20100101 Firefox/22.0"
158.181.66.78 - - [02/Aug/2013:11:45:53 +0200] "GET /img/corner01.png HTTP/1.1" 200 163 "http://www.reisenweber-berlin.de/" "Mozilla/5.0 (Windows NT 6.1; WOW64; rv:22.0) Gecko/20100101 Firefox/22.0"
158.181.66.78 - - [02/Aug/2013:11:45:53 +0200] "GET /img/corner02.png HTTP/1.1" 200 190 "http://www.reisenweber-berlin.de/" "Mozilla/5.0 (Windows NT 6.1; WOW64; rv:22.0) Gecko/20100101 Firefox/22.0"
158.181.66.78 - - [02/Aug/2013:11:45:53 +0200] "GET /img/pfeil-grau.gif HTTP/1.1" 200 73 "http://www.reisenweber-berlin.de/" "Mozilla/5.0 (Windows NT 6.1; WOW64; rv:22.0) Gecko/20100101 Firefox/22.0"
158.181.66.78 - - [02/Aug/2013:11:45:53 +0200] "GET /img/corner04.png HTTP/1.1" 200 203 "http://www.reisenweber-berlin.de/" "Mozilla/5.0 (Windows NT 6.1; WOW64; rv:22.0) Gecko/20100101 Firefox/22.0"
158.181.66.78 - - [02/Aug/2013:11:45:53 +0200] "GET /img/corner03.png HTTP/1.1" 200 266 "http://www.reisenweber-berlin.de/" "Mozilla/5.0 (Windows NT 6.1; WOW64; rv:22.0) Gecko/20100101 Firefox/22.0"
158.181.66.78 - - [02/Aug/2013:11:45:53 +0200] "GET /img/FACEBOOK.png HTTP/1.1" 200 1159 "http://www.reisenweber-berlin.de/" "Mozilla/5.0 (Windows NT 6.1; WOW64; rv:22.0) Gecko/20100101 Firefox/22.0"
158.181.66.78 - - [02/Aug/2013:11:45:53 +0200] "GET /img/tbl_bottom.png HTTP/1.1" 200 168 "http://www.reisenweber-berlin.de/css/style.css" "Mozilla/5.0 (Windows NT 6.1; WOW64; rv:22.0) Gecko/20100101 Firefox/22.0"
158.181.66.78 - - [02/Aug/2013:11:45:53 +0200] "GET /img/hg.jpg HTTP/1.1" 200 44355 "http://www.reisenweber-berlin.de/css/style.css" "Mozilla/5.0 (Windows NT 6.1; WOW64; rv:22.0) Gecko/20100101 Firefox/22.0"
158.181.66.78 - - [02/Aug/2013:11:45:53 +0200] "GET /img/tbl_left.png HTTP/1.1" 200 236 "http://www.reisenweber-berlin.de/css/style.css" "Mozilla/5.0 (Windows NT 6.1; WOW64; rv:22.0) Gecko/20100101 Firefox/22.0"
158.181.66.78 - - [02/Aug/2013:11:45:53 +0200] "GET /img/hg_tbl.png HTTP/1.1" 200 190 "http://www.reisenweber-berlin.de/" "Mozilla/5.0 (Windows NT 6.1; WOW64; rv:22.0) Gecko/20100101 Firefox/22.0"
158.181.66.78 - - [02/Aug/2013:11:45:53 +0200] "GET /img/HG_news.png HTTP/1.1" 200 212 "http://www.reisenweber-berlin.de/" "Mozilla/5.0 (Windows NT 6.1; WOW64; rv:22.0) Gecko/20100101 Firefox/22.0"
158.181.66.78 - - [02/Aug/2013:11:45:53 +0200] "GET /img/tbl_right.png HTTP/1.1" 200 227 "http://www.reisenweber-berlin.de/css/style.css" "Mozilla/5.0 (Windows NT 6.1; WOW64; rv:22.0) Gecko/20100101 Firefox/22.0"
158.181.66.78 - - [02/Aug/2013:11:45:53 +0200] "GET /img/tbl_down.png HTTP/1.1" 200 197 "http://www.reisenweber-berlin.de/css/style.css" "Mozilla/5.0 (Windows NT 6.1; WOW64; rv:22.0) Gecko/20100101 Firefox/22.0"
158.181.66.78 - - [02/Aug/2013:11:45:53 +0200] "GET /reisenweber_ani.swf HTTP/1.1" 200 60314 "http://www.reisenweber-berlin.de/" "Mozilla/5.0 (Windows NT 6.1; WOW64; rv:22.0) Gecko/20100101 Firefox/22.0"
158.181.66.78 - - [02/Aug/2013:11:45:54 +0200] "GET /favicon.ico HTTP/1.1" 404 1256 "-" "Mozilla/5.0 (Windows NT 6.1; WOW64; rv:22.0) Gecko/20100101 Firefox/22.0"
158.181.66.78 - - [02/Aug/2013:11:45:54 +0200] "GET /pics/2.jpg HTTP/1.1" 200 107549 "http://www.reisenweber-berlin.de/reisenweber_ani.swf" "Mozilla/5.0 (Windows NT 6.1; WOW64; rv:22.0) Gecko/20100101 Firefox/22.0"
158.181.66.78 - - [02/Aug/2013:11:45:55 +0200] "GET /favicon.ico HTTP/1.1" 404 1256 "-" "Mozilla/5.0 (Windows NT 6.1; WOW64; rv:22.0) Gecko/20100101 Firefox/22.0"
158.181.66.78 - - [02/Aug/2013:11:45:55 +0200] "GET /favicon.ico HTTP/1.1" 404 1256 "-" "Mozilla/5.0 (Windows NT 6.1; WOW64; rv:22.0) Gecko/20100101 Firefox/22.0"
158.181.66.78 - - [02/Aug/2013:11:46:02 +0200] "GET /pics/3.jpg HTTP/1.1" 200 149645 "http://www.reisenweber-berlin.de/reisenweber_ani.swf" "Mozilla/5.0 (Windows NT 6.1; WOW64; rv:22.0) Gecko/20100101 Firefox/22.0"
158.181.66.78 - - [02/Aug/2013:11:46:03 +0200] "GET /leistungen.html HTTP/1.1" 200 22517 "http://www.reisenweber-berlin.de/" "Mozilla/5.0 (Windows NT 6.1; WOW64; rv:22.0) Gecko/20100101 Firefox/22.0"
158.181.66.78 - - [02/Aug/2013:11:46:04 +0200] "GET /js/RunFLASH.js HTTP/1.1" 200 8029 "http://www.reisenweber-berlin.de/leistungen.html" "Mozilla/5.0 (Windows NT 6.1; WOW64; rv:22.0) Gecko/20100101 Firefox/22.0"
158.181.66.78 - - [02/Aug/2013:11:46:04 +0200] "GET /js/Panel.js HTTP/1.1" 200 13072 "http://www.reisenweber-berlin.de/leistungen.html" "Mozilla/5.0 (Windows NT 6.1; WOW64; rv:22.0) Gecko/20100101 Firefox/22.0"
158.181.66.78 - - [02/Aug/2013:11:46:04 +0200] "GET /css/Panel.css HTTP/1.1" 200 3497 "http://www.reisenweber-berlin.de/leistungen.html" "Mozilla/5.0 (Windows NT 6.1; WOW64; rv:22.0) Gecko/20100101 Firefox/22.0"
158.181.66.78 - - [02/Aug/2013:11:46:05 +0200] "GET /pics/4.jpg HTTP/1.1" 200 165768 "http://www.reisenweber-berlin.de/reisenweber_ani.swf" "Mozilla/5.0 (Windows NT 6.1; WOW64; rv:22.0) Gecko/20100101 Firefox/22.0"
75.98.9.254 - - [02/Aug/2013:11:46:06 +0200] "GET / HTTP/1.1" 200 10105 "-" "Mozilla/5.0 (compatible; NetSeer crawler/2.0; +http://www.netseer.com/crawler.html; crawler@netseer.com)"
54.234.41.99 - - [02/Aug/2013:11:46:08 +0200] "GET /robots.txt HTTP/1.1" 404 1256 "-" "Mozilla/5.0 (compatible; proximic; +http://www.proximic.com/info/spider.php)"
67.214.156.12 - - [02/Aug/2013:11:46:11 +0200] "GET /leistungen.html HTTP/1.1" 200 22517 "-" "Mozilla/5.0 (compatible; MSIE 9.0; Windows NT 5.0;.NET CLR 1.0.3705; ContextAd Bot 1.0)"
158.181.66.78 - - [02/Aug/2013:11:46:13 +0200] "GET /pics/5.jpg HTTP/1.1" 200 134687 "http://www.reisenweber-berlin.de/reisenweber_ani.swf" "Mozilla/5.0 (Windows NT 6.1; WOW64; rv:22.0) Gecko/20100101 Firefox/22.0"
158.181.66.78 - - [02/Aug/2013:11:46:21 +0200] "GET /pics/1.jpg HTTP/1.1" 200 104529 "http://www.reisenweber-berlin.de/reisenweber_ani.swf" "Mozilla/5.0 (Windows NT 6.1; WOW64; rv:22.0) Gecko/20100101 Firefox/22.0"
173.199.119.51 - - [02/Aug/2013:11:59:13 +0200] "GET /img/aktuell-02-GR.png HTTP/1.1" 200 1286351 "-" "Mozilla/5.0 (compatible; AhrefsBot/4.0; +http://ahrefs.com/robot/)"
