141.8.147.12 - - [25/Aug/2013:02:53:51 +0200] "GET /robots.txt HTTP/1.1" 404 1256 "-" "Mozilla/5.0 (compatible; YandexBot/3.0; +http://yandex.com/bots)"
66.249.78.164 - - [25/Aug/2013:03:05:38 +0200] "GET /css/style.css HTTP/1.1" 200 3765 "http://www.reisenweber-berlin.de/" "Mozilla/5.0 (compatible; Googlebot/2.1; +http://www.google.com/bot.html)"
141.8.147.12 - - [25/Aug/2013:04:34:49 +0200] "GET /img/corner02.png HTTP/1.1" 304 - "-" "Mozilla/5.0 (compatible; YandexImages/3.0; +http://yandex.com/bots)"
141.8.147.12 - - [25/Aug/2013:04:35:31 +0200] "GET /img/corner01.png HTTP/1.1" 304 - "-" "Mozilla/5.0 (compatible; YandexImages/3.0; +http://yandex.com/bots)"
141.8.147.12 - - [25/Aug/2013:05:11:19 +0200] "GET /img/abgrenzung.jpg HTTP/1.1" 304 - "-" "Mozilla/5.0 (compatible; YandexImages/3.0; +http://yandex.com/bots)"
208.115.111.66 - - [25/Aug/2013:05:52:19 +0200] "GET /robots.txt HTTP/1.1" 404 1256 "-" "Mozilla/5.0 (compatible; Ezooms/1.0; ezooms.bot@gmail.com)"
141.8.147.12 - - [25/Aug/2013:06:17:33 +0200] "GET /img/pfeil-grau.gif HTTP/1.1" 304 - "-" "Mozilla/5.0 (compatible; YandexImages/3.0; +http://yandex.com/bots)"
5.10.83.35 - - [25/Aug/2013:07:44:09 +0200] "GET /kontakt.html HTTP/1.1" 200 13504 "-" "Mozilla/5.0 (compatible; AhrefsBot/5.0; +http://ahrefs.com/robot/)"
208.115.111.66 - - [25/Aug/2013:07:49:39 +0200] "GET /links.html HTTP/1.1" 200 8359 "-" "Mozilla/5.0 (compatible; Ezooms/1.0; ezooms.bot@gmail.com)"
5.10.83.35 - - [25/Aug/2013:08:47:43 +0200] "GET /img/damen-05-GR.jpg HTTP/1.1" 200 73659 "-" "Mozilla/5.0 (compatible; AhrefsBot/5.0; +http://ahrefs.com/robot/)"
69.64.32.217 - - [25/Aug/2013:09:02:03 +0200] "GET /index.html HTTP/1.1" 200 10105 "-" "Mozilla/4.0 (compatible; MSIE 6.0; Windows 98; Win 9x4.90)"
141.8.147.12 - - [25/Aug/2013:09:35:15 +0200] "GET /img/corner02.png HTTP/1.1" 304 - "-" "Mozilla/5.0 (compatible; YandexImages/3.0; +http://yandex.com/bots)"
66.249.78.164 - - [25/Aug/2013:11:11:25 +0200] "GET /robots.txt HTTP/1.1" 404 1256 "-" "Mozilla/5.0 (compatible; Googlebot/2.1; +http://www.google.com/bot.html)"
66.249.78.164 - - [25/Aug/2013:11:11:25 +0200] "GET /apple-touch-icon.png HTTP/1.1" 404 1256 "-" "Googlebot-Image/1.0"
141.8.147.12 - - [25/Aug/2013:13:00:34 +0200] "GET /img/abgrenzung.jpg HTTP/1.1" 304 - "-" "Mozilla/5.0 (compatible; YandexImages/3.0; +http://yandex.com/bots)"
5.10.83.35 - - [25/Aug/2013:13:03:05 +0200] "GET /haare.html HTTP/1.1" 200 19161 "-" "Mozilla/5.0 (compatible; AhrefsBot/5.0; +http://ahrefs.com/robot/)"
66.249.78.164 - - [25/Aug/2013:13:14:00 +0200] "GET /favicon.ico HTTP/1.1" 404 1256 "-" "Googlebot-Image/1.0"
157.55.32.94 - - [25/Aug/2013:13:44:16 +0200] "GET /robots.txt HTTP/1.1" 404 1256 "-" "Mozilla/5.0 (compatible; bingbot/2.0; +http://www.bing.com/bingbot.htm)"
157.55.32.94 - - [25/Aug/2013:13:46:04 +0200] "GET / HTTP/1.1" 304 - "-" "Mozilla/5.0 (compatible; bingbot/2.0; +http://www.bing.com/bingbot.htm)"
5.10.83.35 - - [25/Aug/2013:14:35:59 +0200] "GET /img/aktuell-05-GR.png HTTP/1.1" 200 532886 "-" "Mozilla/5.0 (compatible; AhrefsBot/5.0; +http://ahrefs.com/robot/)"
5.10.83.35 - - [25/Aug/2013:14:40:09 +0200] "GET /philosophie.html HTTP/1.1" 200 8754 "-" "Mozilla/5.0 (compatible; AhrefsBot/5.0; +http://ahrefs.com/robot/)"
5.10.83.35 - - [25/Aug/2013:14:40:31 +0200] "GET /img/damen-04-GR.jpg HTTP/1.1" 200 82534 "-" "Mozilla/5.0 (compatible; AhrefsBot/5.0; +http://ahrefs.com/robot/)"
141.8.147.12 - - [25/Aug/2013:15:18:01 +0200] "GET /robots.txt HTTP/1.1" 404 1256 "-" "Mozilla/5.0 (compatible; YandexBot/3.0; +http://yandex.com/bots)"
141.8.147.12 - - [25/Aug/2013:15:18:03 +0200] "GET /img/corner01.png HTTP/1.1" 304 - "-" "Mozilla/5.0 (compatible; YandexImages/3.0; +http://yandex.com/bots)"
50.31.96.16 - - [25/Aug/2013:15:57:41 +0200] "GET / HTTP/1.1" 200 10105 "-" "Mozilla/5.0 (X11; U; Linux x86_64; en-US) AppleWebKit/534.3 (KHTML, like Gecko) Qt/4.7.4 Safari/534.3"
50.31.96.16 - - [25/Aug/2013:15:57:41 +0200] "GET /Scripts/AC_ActiveX.js HTTP/1.1" 200 2068 "http://www.reisenweber-berlin.de/" "Mozilla/5.0 (X11; U; Linux x86_64; en-US) AppleWebKit/534.3 (KHTML, like Gecko) Qt/4.7.4 Safari/534.3"
50.31.96.16 - - [25/Aug/2013:15:57:41 +0200] "GET /css/style.css HTTP/1.1" 200 3765 "http://www.reisenweber-berlin.de/" "Mozilla/5.0 (X11; U; Linux x86_64; en-US) AppleWebKit/534.3 (KHTML, like Gecko) Qt/4.7.4 Safari/534.3"
50.31.96.16 - - [25/Aug/2013:15:57:41 +0200] "GET /Scripts/AC_RunActiveContent.js HTTP/1.1" 200 8029 "http://www.reisenweber-berlin.de/" "Mozilla/5.0 (X11; U; Linux x86_64; en-US) AppleWebKit/534.3 (KHTML, like Gecko) Qt/4.7.4 Safari/534.3"
50.31.96.16 - - [25/Aug/2013:15:57:42 +0200] "GET /img/pfeil.gif HTTP/1.1" 200 85 "http://www.reisenweber-berlin.de/" "Mozilla/5.0 (X11; U; Linux x86_64; en-US) AppleWebKit/534.3 (KHTML, like Gecko) Qt/4.7.4 Safari/534.3"
50.31.96.16 - - [25/Aug/2013:15:57:42 +0200] "GET /img/tbl_bottom.png HTTP/1.1" 200 168 "http://www.reisenweber-berlin.de/" "Mozilla/5.0 (X11; U; Linux x86_64; en-US) AppleWebKit/534.3 (KHTML, like Gecko) Qt/4.7.4 Safari/534.3"
50.31.96.16 - - [25/Aug/2013:15:57:42 +0200] "GET /img/spacer.gif HTTP/1.1" 200 43 "http://www.reisenweber-berlin.de/" "Mozilla/5.0 (X11; U; Linux x86_64; en-US) AppleWebKit/534.3 (KHTML, like Gecko) Qt/4.7.4 Safari/534.3"
50.31.96.16 - - [25/Aug/2013:15:57:42 +0200] "GET /img/corner01.png HTTP/1.1" 200 163 "http://www.reisenweber-berlin.de/" "Mozilla/5.0 (X11; U; Linux x86_64; en-US) AppleWebKit/534.3 (KHTML, like Gecko) Qt/4.7.4 Safari/534.3"
50.31.96.16 - - [25/Aug/2013:15:57:42 +0200] "GET /img/corner02.png HTTP/1.1" 200 190 "http://www.reisenweber-berlin.de/" "Mozilla/5.0 (X11; U; Linux x86_64; en-US) AppleWebKit/534.3 (KHTML, like Gecko) Qt/4.7.4 Safari/534.3"
50.31.96.16 - - [25/Aug/2013:15:57:42 +0200] "GET /img/tbl_left.png HTTP/1.1" 200 236 "http://www.reisenweber-berlin.de/" "Mozilla/5.0 (X11; U; Linux x86_64; en-US) AppleWebKit/534.3 (KHTML, like Gecko) Qt/4.7.4 Safari/534.3"
50.31.96.16 - - [25/Aug/2013:15:57:42 +0200] "GET /img/hg.jpg HTTP/1.1" 200 44355 "http://www.reisenweber-berlin.de/" "Mozilla/5.0 (X11; U; Linux x86_64; en-US) AppleWebKit/534.3 (KHTML, like Gecko) Qt/4.7.4 Safari/534.3"
50.31.96.16 - - [25/Aug/2013:15:57:42 +0200] "GET /img/hg_tbl.png HTTP/1.1" 200 190 "http://www.reisenweber-berlin.de/" "Mozilla/5.0 (X11; U; Linux x86_64; en-US) AppleWebKit/534.3 (KHTML, like Gecko) Qt/4.7.4 Safari/534.3"
50.31.96.16 - - [25/Aug/2013:15:57:42 +0200] "GET /img/HG_news.png HTTP/1.1" 200 212 "http://www.reisenweber-berlin.de/" "Mozilla/5.0 (X11; U; Linux x86_64; en-US) AppleWebKit/534.3 (KHTML, like Gecko) Qt/4.7.4 Safari/534.3"
50.31.96.16 - - [25/Aug/2013:15:57:42 +0200] "GET /img/tbl_right.png HTTP/1.1" 200 227 "http://www.reisenweber-berlin.de/" "Mozilla/5.0 (X11; U; Linux x86_64; en-US) AppleWebKit/534.3 (KHTML, like Gecko) Qt/4.7.4 Safari/534.3"
50.31.96.16 - - [25/Aug/2013:15:57:42 +0200] "GET /img/corner04.png HTTP/1.1" 200 203 "http://www.reisenweber-berlin.de/" "Mozilla/5.0 (X11; U; Linux x86_64; en-US) AppleWebKit/534.3 (KHTML, like Gecko) Qt/4.7.4 Safari/534.3"
50.31.96.16 - - [25/Aug/2013:15:57:42 +0200] "GET /img/pfeil-grau.gif HTTP/1.1" 200 73 "http://www.reisenweber-berlin.de/" "Mozilla/5.0 (X11; U; Linux x86_64; en-US) AppleWebKit/534.3 (KHTML, like Gecko) Qt/4.7.4 Safari/534.3"
50.31.96.16 - - [25/Aug/2013:15:57:42 +0200] "GET /img/tbl_down.png HTTP/1.1" 200 197 "http://www.reisenweber-berlin.de/" "Mozilla/5.0 (X11; U; Linux x86_64; en-US) AppleWebKit/534.3 (KHTML, like Gecko) Qt/4.7.4 Safari/534.3"
50.31.96.16 - - [25/Aug/2013:15:57:42 +0200] "GET /img/corner03.png HTTP/1.1" 200 266 "http://www.reisenweber-berlin.de/" "Mozilla/5.0 (X11; U; Linux x86_64; en-US) AppleWebKit/534.3 (KHTML, like Gecko) Qt/4.7.4 Safari/534.3"
50.31.96.16 - - [25/Aug/2013:15:57:42 +0200] "GET /img/FACEBOOK.png HTTP/1.1" 200 1159 "http://www.reisenweber-berlin.de/" "Mozilla/5.0 (X11; U; Linux x86_64; en-US) AppleWebKit/534.3 (KHTML, like Gecko) Qt/4.7.4 Safari/534.3"
66.249.78.164 - - [25/Aug/2013:16:25:45 +0200] "GET /robots.txt HTTP/1.1" 404 1256 "-" "Mozilla/5.0 (compatible; Googlebot/2.1; +http://www.google.com/bot.html)"
66.249.78.164 - - [25/Aug/2013:16:25:45 +0200] "GET /reisenweber_ani.swf HTTP/1.1" 200 60314 "-" "Mozilla/5.0 (iPhone; U; CPU iPhone OS 4_1 like Mac OS X; en-us) AppleWebKit/532.9 (KHTML, like Gecko) Version/4.0.5 Mobile/8B117 Safari/6531.22.7 (compatible; Googlebot-Mobile/2.1; +http://www.google.com/bot.html)"
141.8.147.12 - - [25/Aug/2013:16:56:55 +0200] "GET /img/pfeil-grau.gif HTTP/1.1" 304 - "-" "Mozilla/5.0 (compatible; YandexImages/3.0; +http://yandex.com/bots)"
94.222.30.102 - - [25/Aug/2013:17:01:01 +0200] "GET / HTTP/1.1" 200 10105 "http://www.labiosthetique.de/dmc_institutefinder_pi1.1526.country/Deutschland/dmc_institutefinder_pi1.1526.geocodedSearchAddress.lat/52.519171/dmc_institutefinder_pi1.1526.geocodedSearchAddress.long/13.4060912/dmc_institutefinder_pi1.1526.institute.uid/1774/dmc_institutefinder_pi1.1526.radius/5/dmc_institutefinder_pi1.1526.step/showmap/Salonfinder-Detail.1224.0.html" "Mozilla/5.0 (compatible; MSIE 9.0; Windows NT 6.1; Trident/5.0; MAAU; tb-gmx/1.7.2; MAAU)"
94.222.30.102 - - [25/Aug/2013:17:01:01 +0200] "GET /css/style.css HTTP/1.1" 200 3765 "http://www.reisenweber-berlin.de/" "Mozilla/5.0 (compatible; MSIE 9.0; Windows NT 6.1; Trident/5.0; MAAU; tb-gmx/1.7.2; MAAU)"
94.222.30.102 - - [25/Aug/2013:17:01:01 +0200] "GET /Scripts/AC_RunActiveContent.js HTTP/1.1" 200 8029 "http://www.reisenweber-berlin.de/" "Mozilla/5.0 (compatible; MSIE 9.0; Windows NT 6.1; Trident/5.0; MAAU; tb-gmx/1.7.2; MAAU)"
94.222.30.102 - - [25/Aug/2013:17:01:01 +0200] "GET /img/corner01.png HTTP/1.1" 200 163 "http://www.reisenweber-berlin.de/" "Mozilla/5.0 (compatible; MSIE 9.0; Windows NT 6.1; Trident/5.0; MAAU; tb-gmx/1.7.2; MAAU)"
94.222.30.102 - - [25/Aug/2013:17:01:01 +0200] "GET /Scripts/AC_ActiveX.js HTTP/1.1" 200 2068 "http://www.reisenweber-berlin.de/" "Mozilla/5.0 (compatible; MSIE 9.0; Windows NT 6.1; Trident/5.0; MAAU; tb-gmx/1.7.2; MAAU)"
94.222.30.102 - - [25/Aug/2013:17:01:01 +0200] "GET /img/spacer.gif HTTP/1.1" 200 43 "http://www.reisenweber-berlin.de/" "Mozilla/5.0 (compatible; MSIE 9.0; Windows NT 6.1; Trident/5.0; MAAU; tb-gmx/1.7.2; MAAU)"
94.222.30.102 - - [25/Aug/2013:17:01:01 +0200] "GET /img/pfeil-grau.gif HTTP/1.1" 200 73 "http://www.reisenweber-berlin.de/" "Mozilla/5.0 (compatible; MSIE 9.0; Windows NT 6.1; Trident/5.0; MAAU; tb-gmx/1.7.2; MAAU)"
94.222.30.102 - - [25/Aug/2013:17:01:01 +0200] "GET /img/pfeil.gif HTTP/1.1" 200 85 "http://www.reisenweber-berlin.de/" "Mozilla/5.0 (compatible; MSIE 9.0; Windows NT 6.1; Trident/5.0; MAAU; tb-gmx/1.7.2; MAAU)"
94.222.30.102 - - [25/Aug/2013:17:01:01 +0200] "GET /img/corner04.png HTTP/1.1" 200 203 "http://www.reisenweber-berlin.de/" "Mozilla/5.0 (compatible; MSIE 9.0; Windows NT 6.1; Trident/5.0; MAAU; tb-gmx/1.7.2; MAAU)"
94.222.30.102 - - [25/Aug/2013:17:01:01 +0200] "GET /img/corner03.png HTTP/1.1" 200 266 "http://www.reisenweber-berlin.de/" "Mozilla/5.0 (compatible; MSIE 9.0; Windows NT 6.1; Trident/5.0; MAAU; tb-gmx/1.7.2; MAAU)"
94.222.30.102 - - [25/Aug/2013:17:01:01 +0200] "GET /img/FACEBOOK.png HTTP/1.1" 200 1159 "http://www.reisenweber-berlin.de/" "Mozilla/5.0 (compatible; MSIE 9.0; Windows NT 6.1; Trident/5.0; MAAU; tb-gmx/1.7.2; MAAU)"
94.222.30.102 - - [25/Aug/2013:17:01:02 +0200] "GET /img/corner02.png HTTP/1.1" 200 190 "http://www.reisenweber-berlin.de/" "Mozilla/5.0 (compatible; MSIE 9.0; Windows NT 6.1; Trident/5.0; MAAU; tb-gmx/1.7.2; MAAU)"
94.222.30.102 - - [25/Aug/2013:17:01:02 +0200] "GET /img/tbl_left.png HTTP/1.1" 200 236 "http://www.reisenweber-berlin.de/" "Mozilla/5.0 (compatible; MSIE 9.0; Windows NT 6.1; Trident/5.0; MAAU; tb-gmx/1.7.2; MAAU)"
94.222.30.102 - - [25/Aug/2013:17:01:02 +0200] "GET /img/tbl_right.png HTTP/1.1" 200 227 "http://www.reisenweber-berlin.de/" "Mozilla/5.0 (compatible; MSIE 9.0; Windows NT 6.1; Trident/5.0; MAAU; tb-gmx/1.7.2; MAAU)"
94.222.30.102 - - [25/Aug/2013:17:01:02 +0200] "GET /img/tbl_bottom.png HTTP/1.1" 200 168 "http://www.reisenweber-berlin.de/" "Mozilla/5.0 (compatible; MSIE 9.0; Windows NT 6.1; Trident/5.0; MAAU; tb-gmx/1.7.2; MAAU)"
94.222.30.102 - - [25/Aug/2013:17:01:02 +0200] "GET /img/hg_tbl.png HTTP/1.1" 200 190 "http://www.reisenweber-berlin.de/" "Mozilla/5.0 (compatible; MSIE 9.0; Windows NT 6.1; Trident/5.0; MAAU; tb-gmx/1.7.2; MAAU)"
94.222.30.102 - - [25/Aug/2013:17:01:02 +0200] "GET /img/hg.jpg HTTP/1.1" 200 44355 "http://www.reisenweber-berlin.de/" "Mozilla/5.0 (compatible; MSIE 9.0; Windows NT 6.1; Trident/5.0; MAAU; tb-gmx/1.7.2; MAAU)"
94.222.30.102 - - [25/Aug/2013:17:01:02 +0200] "GET /img/tbl_down.png HTTP/1.1" 200 197 "http://www.reisenweber-berlin.de/" "Mozilla/5.0 (compatible; MSIE 9.0; Windows NT 6.1; Trident/5.0; MAAU; tb-gmx/1.7.2; MAAU)"
94.222.30.102 - - [25/Aug/2013:17:01:02 +0200] "GET /img/HG_news.png HTTP/1.1" 200 212 "http://www.reisenweber-berlin.de/" "Mozilla/5.0 (compatible; MSIE 9.0; Windows NT 6.1; Trident/5.0; MAAU; tb-gmx/1.7.2; MAAU)"
94.222.30.102 - - [25/Aug/2013:17:01:02 +0200] "GET /reisenweber_ani.swf HTTP/1.1" 200 60314 "http://www.reisenweber-berlin.de/" "Mozilla/5.0 (compatible; MSIE 9.0; Windows NT 6.1; Trident/5.0; MAAU; tb-gmx/1.7.2; MAAU)"
94.222.30.102 - - [25/Aug/2013:17:01:02 +0200] "GET /pics/2.jpg HTTP/1.1" 200 107549 "http://www.reisenweber-berlin.de/reisenweber_ani.swf" "Mozilla/5.0 (compatible; MSIE 9.0; Windows NT 6.1; Trident/5.0; MAAU; tb-gmx/1.7.2; MAAU)"
94.222.30.102 - - [25/Aug/2013:17:01:03 +0200] "GET /favicon.ico HTTP/1.1" 404 1256 "-" "Mozilla/5.0 (compatible; MSIE 9.0; Windows NT 6.1; Trident/5.0; MAAU; tb-gmx/1.7.2; MAAU)"
94.222.30.102 - - [25/Aug/2013:17:01:12 +0200] "GET /pics/3.jpg HTTP/1.1" 200 149645 "http://www.reisenweber-berlin.de/reisenweber_ani.swf" "Mozilla/5.0 (compatible; MSIE 9.0; Windows NT 6.1; Trident/5.0; MAAU; tb-gmx/1.7.2; MAAU)"
94.222.30.102 - - [25/Aug/2013:17:01:20 +0200] "GET /pics/4.jpg HTTP/1.1" 200 165768 "http://www.reisenweber-berlin.de/reisenweber_ani.swf" "Mozilla/5.0 (compatible; MSIE 9.0; Windows NT 6.1; Trident/5.0; MAAU; tb-gmx/1.7.2; MAAU)"
94.222.30.102 - - [25/Aug/2013:17:01:28 +0200] "GET /pics/5.jpg HTTP/1.1" 200 134687 "http://www.reisenweber-berlin.de/reisenweber_ani.swf" "Mozilla/5.0 (compatible; MSIE 9.0; Windows NT 6.1; Trident/5.0; MAAU; tb-gmx/1.7.2; MAAU)"
94.222.30.102 - - [25/Aug/2013:17:01:35 +0200] "GET /pics/1.jpg HTTP/1.1" 200 104529 "http://www.reisenweber-berlin.de/reisenweber_ani.swf" "Mozilla/5.0 (compatible; MSIE 9.0; Windows NT 6.1; Trident/5.0; MAAU; tb-gmx/1.7.2; MAAU)"
94.222.30.102 - - [25/Aug/2013:17:02:53 +0200] "GET /uns.html HTTP/1.1" 200 8136 "http://www.reisenweber-berlin.de/" "Mozilla/5.0 (compatible; MSIE 9.0; Windows NT 6.1; Trident/5.0; MAAU; tb-gmx/1.7.2; MAAU)"
94.222.30.102 - - [25/Aug/2013:17:02:53 +0200] "GET /css/lightbox.css HTTP/1.1" 200 3470 "http://www.reisenweber-berlin.de/uns.html" "Mozilla/5.0 (compatible; MSIE 9.0; Windows NT 6.1; Trident/5.0; MAAU; tb-gmx/1.7.2; MAAU)"
94.222.30.102 - - [25/Aug/2013:17:02:53 +0200] "GET /img/damen-01.jpg HTTP/1.1" 200 6064 "http://www.reisenweber-berlin.de/uns.html" "Mozilla/5.0 (compatible; MSIE 9.0; Windows NT 6.1; Trident/5.0; MAAU; tb-gmx/1.7.2; MAAU)"
94.222.30.102 - - [25/Aug/2013:17:02:53 +0200] "GET /js/scriptaculous.js?load=effects HTTP/1.1" 200 2152 "http://www.reisenweber-berlin.de/uns.html" "Mozilla/5.0 (compatible; MSIE 9.0; Windows NT 6.1; Trident/5.0; MAAU; tb-gmx/1.7.2; MAAU)"
94.222.30.102 - - [25/Aug/2013:17:02:53 +0200] "GET /js/prototype.js HTTP/1.1" 200 47603 "http://www.reisenweber-berlin.de/uns.html" "Mozilla/5.0 (compatible; MSIE 9.0; Windows NT 6.1; Trident/5.0; MAAU; tb-gmx/1.7.2; MAAU)"
94.222.30.102 - - [25/Aug/2013:17:02:53 +0200] "GET /img/damen-02.jpg HTTP/1.1" 200 6205 "http://www.reisenweber-berlin.de/uns.html" "Mozilla/5.0 (compatible; MSIE 9.0; Windows NT 6.1; Trident/5.0; MAAU; tb-gmx/1.7.2; MAAU)"
94.222.30.102 - - [25/Aug/2013:17:02:53 +0200] "GET /img/damen-03.jpg HTTP/1.1" 200 7182 "http://www.reisenweber-berlin.de/uns.html" "Mozilla/5.0 (compatible; MSIE 9.0; Windows NT 6.1; Trident/5.0; MAAU; tb-gmx/1.7.2; MAAU)"
94.222.30.102 - - [25/Aug/2013:17:02:53 +0200] "GET /img/damen-04.jpg HTTP/1.1" 200 7305 "http://www.reisenweber-berlin.de/uns.html" "Mozilla/5.0 (compatible; MSIE 9.0; Windows NT 6.1; Trident/5.0; MAAU; tb-gmx/1.7.2; MAAU)"
94.222.30.102 - - [25/Aug/2013:17:02:53 +0200] "GET /img/laden.jpg HTTP/1.1" 200 25856 "http://www.reisenweber-berlin.de/uns.html" "Mozilla/5.0 (compatible; MSIE 9.0; Windows NT 6.1; Trident/5.0; MAAU; tb-gmx/1.7.2; MAAU)"
94.222.30.102 - - [25/Aug/2013:17:02:53 +0200] "GET /js/lightbox.js HTTP/1.1" 200 23861 "http://www.reisenweber-berlin.de/uns.html" "Mozilla/5.0 (compatible; MSIE 9.0; Windows NT 6.1; Trident/5.0; MAAU; tb-gmx/1.7.2; MAAU)"
94.222.30.102 - - [25/Aug/2013:17:02:53 +0200] "GET /js/effects.js HTTP/1.1" 200 31969 "http://www.reisenweber-berlin.de/uns.html" "Mozilla/5.0 (compatible; MSIE 9.0; Windows NT 6.1; Trident/5.0; MAAU; tb-gmx/1.7.2; MAAU)"
150.70.97.124 - - [25/Aug/2013:17:02:53 +0200] "GET / HTTP/1.1" 200 10105 "-" "Mozilla/4.0 (compatible; MSIE 8.0; Windows NT 5.1; Trident/4.0)"
94.222.30.102 - - [25/Aug/2013:17:02:54 +0200] "GET /images/close.png HTTP/1.1" 200 3137 "http://www.reisenweber-berlin.de/uns.html" "Mozilla/5.0 (compatible; MSIE 9.0; Windows NT 6.1; Trident/5.0; MAAU; tb-gmx/1.7.2; MAAU)"
94.222.30.102 - - [25/Aug/2013:17:02:54 +0200] "GET /images/loading.gif HTTP/1.1" 200 538 "http://www.reisenweber-berlin.de/uns.html" "Mozilla/5.0 (compatible; MSIE 9.0; Windows NT 6.1; Trident/5.0; MAAU; tb-gmx/1.7.2; MAAU)"
94.222.30.102 - - [25/Aug/2013:17:02:54 +0200] "GET /images/blank.gif HTTP/1.1" 404 1256 "http://www.reisenweber-berlin.de/uns.html" "Mozilla/5.0 (compatible; MSIE 9.0; Windows NT 6.1; Trident/5.0; MAAU; tb-gmx/1.7.2; MAAU)"
94.222.30.102 - - [25/Aug/2013:17:02:54 +0200] "GET /favicon.ico HTTP/1.1" 404 1256 "-" "Mozilla/5.0 (compatible; MSIE 9.0; Windows NT 6.1; Trident/5.0; MAAU; tb-gmx/1.7.2; MAAU)"
94.222.30.102 - - [25/Aug/2013:17:03:45 +0200] "GET /leistungen.html HTTP/1.1" 200 22517 "http://www.reisenweber-berlin.de/uns.html" "Mozilla/5.0 (compatible; MSIE 9.0; Windows NT 6.1; Trident/5.0; MAAU; tb-gmx/1.7.2; MAAU)"
94.222.30.102 - - [25/Aug/2013:17:03:46 +0200] "GET /js/RunFLASH.js HTTP/1.1" 200 8029 "http://www.reisenweber-berlin.de/leistungen.html" "Mozilla/5.0 (compatible; MSIE 9.0; Windows NT 6.1; Trident/5.0; MAAU; tb-gmx/1.7.2; MAAU)"
94.222.30.102 - - [25/Aug/2013:17:03:46 +0200] "GET /js/Panel.js HTTP/1.1" 200 13072 "http://www.reisenweber-berlin.de/leistungen.html" "Mozilla/5.0 (compatible; MSIE 9.0; Windows NT 6.1; Trident/5.0; MAAU; tb-gmx/1.7.2; MAAU)"
94.222.30.102 - - [25/Aug/2013:17:03:46 +0200] "GET /css/Panel.css HTTP/1.1" 200 3497 "http://www.reisenweber-berlin.de/leistungen.html" "Mozilla/5.0 (compatible; MSIE 9.0; Windows NT 6.1; Trident/5.0; MAAU; tb-gmx/1.7.2; MAAU)"
94.222.30.102 - - [25/Aug/2013:17:03:54 +0200] "GET /aktuelles.html HTTP/1.1" 200 12500 "http://www.reisenweber-berlin.de/leistungen.html" "Mozilla/5.0 (compatible; MSIE 9.0; Windows NT 6.1; Trident/5.0; MAAU; tb-gmx/1.7.2; MAAU)"
94.222.30.102 - - [25/Aug/2013:17:03:54 +0200] "GET /img/abgrenzung.jpg HTTP/1.1" 200 1815 "http://www.reisenweber-berlin.de/aktuelles.html" "Mozilla/5.0 (compatible; MSIE 9.0; Windows NT 6.1; Trident/5.0; MAAU; tb-gmx/1.7.2; MAAU)"
94.222.30.102 - - [25/Aug/2013:17:03:54 +0200] "GET /img/Aufsteller.png HTTP/1.1" 200 141482 "http://www.reisenweber-berlin.de/aktuelles.html" "Mozilla/5.0 (compatible; MSIE 9.0; Windows NT 6.1; Trident/5.0; MAAU; tb-gmx/1.7.2; MAAU)"
94.222.30.102 - - [25/Aug/2013:17:03:55 +0200] "GET /img/aktuell-02_sw.png HTTP/1.1" 200 14043 "http://www.reisenweber-berlin.de/aktuelles.html" "Mozilla/5.0 (compatible; MSIE 9.0; Windows NT 6.1; Trident/5.0; MAAU; tb-gmx/1.7.2; MAAU)"
94.222.30.102 - - [25/Aug/2013:17:03:55 +0200] "GET /img/aktuell-03_sw.png HTTP/1.1" 200 10456 "http://www.reisenweber-berlin.de/aktuelles.html" "Mozilla/5.0 (compatible; MSIE 9.0; Windows NT 6.1; Trident/5.0; MAAU; tb-gmx/1.7.2; MAAU)"
94.222.30.102 - - [25/Aug/2013:17:03:55 +0200] "GET /img/aktuell-01_sw.png HTTP/1.1" 200 14125 "http://www.reisenweber-berlin.de/aktuelles.html" "Mozilla/5.0 (compatible; MSIE 9.0; Windows NT 6.1; Trident/5.0; MAAU; tb-gmx/1.7.2; MAAU)"
94.222.30.102 - - [25/Aug/2013:17:03:55 +0200] "GET /img/aktuell-04_sw.png HTTP/1.1" 200 11107 "http://www.reisenweber-berlin.de/aktuelles.html" "Mozilla/5.0 (compatible; MSIE 9.0; Windows NT 6.1; Trident/5.0; MAAU; tb-gmx/1.7.2; MAAU)"
94.222.30.102 - - [25/Aug/2013:17:03:55 +0200] "GET /img/aktuell-07_sw.png HTTP/1.1" 200 13667 "http://www.reisenweber-berlin.de/aktuelles.html" "Mozilla/5.0 (compatible; MSIE 9.0; Windows NT 6.1; Trident/5.0; MAAU; tb-gmx/1.7.2; MAAU)"
94.222.30.102 - - [25/Aug/2013:17:03:55 +0200] "GET /img/aktuell-05_sw.png HTTP/1.1" 200 11876 "http://www.reisenweber-berlin.de/aktuelles.html" "Mozilla/5.0 (compatible; MSIE 9.0; Windows NT 6.1; Trident/5.0; MAAU; tb-gmx/1.7.2; MAAU)"
94.222.30.102 - - [25/Aug/2013:17:03:55 +0200] "GET /img/aktuell-06_sw.png HTTP/1.1" 200 10273 "http://www.reisenweber-berlin.de/aktuelles.html" "Mozilla/5.0 (compatible; MSIE 9.0; Windows NT 6.1; Trident/5.0; MAAU; tb-gmx/1.7.2; MAAU)"
94.222.30.102 - - [25/Aug/2013:17:03:55 +0200] "GET /img/aktuell-08_sw.png HTTP/1.1" 200 13139 "http://www.reisenweber-berlin.de/aktuelles.html" "Mozilla/5.0 (compatible; MSIE 9.0; Windows NT 6.1; Trident/5.0; MAAU; tb-gmx/1.7.2; MAAU)"
94.222.30.102 - - [25/Aug/2013:17:03:56 +0200] "GET /images/blank.gif HTTP/1.1" 404 1256 "http://www.reisenweber-berlin.de/aktuelles.html" "Mozilla/5.0 (compatible; MSIE 9.0; Windows NT 6.1; Trident/5.0; MAAU; tb-gmx/1.7.2; MAAU)"
150.70.64.215 - - [25/Aug/2013:17:04:01 +0200] "GET / HTTP/1.0" 200 10105 "-" "Mozilla/4.0 (compatible; MSIE 6.0; Windows NT 5.1)"
94.222.30.102 - - [25/Aug/2013:17:04:28 +0200] "GET /images/blank.gif HTTP/1.1" 404 1256 "http://www.reisenweber-berlin.de/uns.html" "Mozilla/5.0 (compatible; MSIE 9.0; Windows NT 6.1; Trident/5.0; MAAU; tb-gmx/1.7.2; MAAU)"
79.247.150.164 - - [25/Aug/2013:17:17:03 +0200] "GET / HTTP/1.1" 200 10105 "http://maps.google.de/local_url?dq=friseur+10243+berlin&q=http://www.reisenweber-berlin.de/&oi=miw&sa=X&ct=miw_link&cd=1&cad=homepage,cid:5155917493404141920&ei=iR8aUqXxCufCiAaO6oHABg&s=ANYYN7kDGezY2QYuOchvszY-SM4ZOkx8SA" "Mozilla/5.0 (Macintosh; Intel Mac OS X 10.7; rv:23.0) Gecko/20100101 Firefox/23.0"
79.247.150.164 - - [25/Aug/2013:17:17:03 +0200] "GET /css/style.css HTTP/1.1" 200 3765 "http://www.reisenweber-berlin.de/" "Mozilla/5.0 (Macintosh; Intel Mac OS X 10.7; rv:23.0) Gecko/20100101 Firefox/23.0"
79.247.150.164 - - [25/Aug/2013:17:17:03 +0200] "GET /Scripts/AC_RunActiveContent.js HTTP/1.1" 200 8029 "http://www.reisenweber-berlin.de/" "Mozilla/5.0 (Macintosh; Intel Mac OS X 10.7; rv:23.0) Gecko/20100101 Firefox/23.0"
79.247.150.164 - - [25/Aug/2013:17:17:03 +0200] "GET /Scripts/AC_ActiveX.js HTTP/1.1" 200 2068 "http://www.reisenweber-berlin.de/" "Mozilla/5.0 (Macintosh; Intel Mac OS X 10.7; rv:23.0) Gecko/20100101 Firefox/23.0"
79.247.150.164 - - [25/Aug/2013:17:17:03 +0200] "GET /img/spacer.gif HTTP/1.1" 200 43 "http://www.reisenweber-berlin.de/" "Mozilla/5.0 (Macintosh; Intel Mac OS X 10.7; rv:23.0) Gecko/20100101 Firefox/23.0"
79.247.150.164 - - [25/Aug/2013:17:17:03 +0200] "GET /img/corner04.png HTTP/1.1" 200 203 "http://www.reisenweber-berlin.de/" "Mozilla/5.0 (Macintosh; Intel Mac OS X 10.7; rv:23.0) Gecko/20100101 Firefox/23.0"
79.247.150.164 - - [25/Aug/2013:17:17:03 +0200] "GET /img/corner02.png HTTP/1.1" 200 190 "http://www.reisenweber-berlin.de/" "Mozilla/5.0 (Macintosh; Intel Mac OS X 10.7; rv:23.0) Gecko/20100101 Firefox/23.0"
79.247.150.164 - - [25/Aug/2013:17:17:03 +0200] "GET /img/pfeil-grau.gif HTTP/1.1" 200 73 "http://www.reisenweber-berlin.de/" "Mozilla/5.0 (Macintosh; Intel Mac OS X 10.7; rv:23.0) Gecko/20100101 Firefox/23.0"
79.247.150.164 - - [25/Aug/2013:17:17:03 +0200] "GET /img/pfeil.gif HTTP/1.1" 200 85 "http://www.reisenweber-berlin.de/" "Mozilla/5.0 (Macintosh; Intel Mac OS X 10.7; rv:23.0) Gecko/20100101 Firefox/23.0"
79.247.150.164 - - [25/Aug/2013:17:17:03 +0200] "GET /img/corner01.png HTTP/1.1" 200 163 "http://www.reisenweber-berlin.de/" "Mozilla/5.0 (Macintosh; Intel Mac OS X 10.7; rv:23.0) Gecko/20100101 Firefox/23.0"
79.247.150.164 - - [25/Aug/2013:17:17:03 +0200] "GET /img/corner03.png HTTP/1.1" 200 266 "http://www.reisenweber-berlin.de/" "Mozilla/5.0 (Macintosh; Intel Mac OS X 10.7; rv:23.0) Gecko/20100101 Firefox/23.0"
79.247.150.164 - - [25/Aug/2013:17:17:03 +0200] "GET /img/FACEBOOK.png HTTP/1.1" 200 1159 "http://www.reisenweber-berlin.de/" "Mozilla/5.0 (Macintosh; Intel Mac OS X 10.7; rv:23.0) Gecko/20100101 Firefox/23.0"
79.247.150.164 - - [25/Aug/2013:17:17:03 +0200] "GET /img/hg.jpg HTTP/1.1" 200 44355 "http://www.reisenweber-berlin.de/css/style.css" "Mozilla/5.0 (Macintosh; Intel Mac OS X 10.7; rv:23.0) Gecko/20100101 Firefox/23.0"
79.247.150.164 - - [25/Aug/2013:17:17:04 +0200] "GET /img/tbl_bottom.png HTTP/1.1" 200 168 "http://www.reisenweber-berlin.de/css/style.css" "Mozilla/5.0 (Macintosh; Intel Mac OS X 10.7; rv:23.0) Gecko/20100101 Firefox/23.0"
79.247.150.164 - - [25/Aug/2013:17:17:04 +0200] "GET /img/tbl_left.png HTTP/1.1" 200 236 "http://www.reisenweber-berlin.de/css/style.css" "Mozilla/5.0 (Macintosh; Intel Mac OS X 10.7; rv:23.0) Gecko/20100101 Firefox/23.0"
79.247.150.164 - - [25/Aug/2013:17:17:04 +0200] "GET /img/HG_news.png HTTP/1.1" 200 212 "http://www.reisenweber-berlin.de/" "Mozilla/5.0 (Macintosh; Intel Mac OS X 10.7; rv:23.0) Gecko/20100101 Firefox/23.0"
79.247.150.164 - - [25/Aug/2013:17:17:04 +0200] "GET /img/hg_tbl.png HTTP/1.1" 200 190 "http://www.reisenweber-berlin.de/" "Mozilla/5.0 (Macintosh; Intel Mac OS X 10.7; rv:23.0) Gecko/20100101 Firefox/23.0"
79.247.150.164 - - [25/Aug/2013:17:17:04 +0200] "GET /img/tbl_right.png HTTP/1.1" 200 227 "http://www.reisenweber-berlin.de/css/style.css" "Mozilla/5.0 (Macintosh; Intel Mac OS X 10.7; rv:23.0) Gecko/20100101 Firefox/23.0"
79.247.150.164 - - [25/Aug/2013:17:17:04 +0200] "GET /img/tbl_down.png HTTP/1.1" 200 197 "http://www.reisenweber-berlin.de/css/style.css" "Mozilla/5.0 (Macintosh; Intel Mac OS X 10.7; rv:23.0) Gecko/20100101 Firefox/23.0"
79.247.150.164 - - [25/Aug/2013:17:17:04 +0200] "GET /reisenweber_ani.swf HTTP/1.1" 200 60314 "http://www.reisenweber-berlin.de/" "Mozilla/5.0 (Macintosh; Intel Mac OS X 10.7; rv:23.0) Gecko/20100101 Firefox/23.0"
79.247.150.164 - - [25/Aug/2013:17:17:05 +0200] "GET /pics/1.jpg HTTP/1.1" 200 104529 "http://www.reisenweber-berlin.de/reisenweber_ani.swf" "Mozilla/5.0 (Macintosh; Intel Mac OS X 10.7; rv:23.0) Gecko/20100101 Firefox/23.0"
79.247.150.164 - - [25/Aug/2013:17:17:05 +0200] "GET /favicon.ico HTTP/1.1" 404 1256 "-" "Mozilla/5.0 (Macintosh; Intel Mac OS X 10.7; rv:23.0) Gecko/20100101 Firefox/23.0"
79.247.150.164 - - [25/Aug/2013:17:17:05 +0200] "GET /favicon.ico HTTP/1.1" 404 1256 "-" "Mozilla/5.0 (Macintosh; Intel Mac OS X 10.7; rv:23.0) Gecko/20100101 Firefox/23.0"
79.247.150.164 - - [25/Aug/2013:17:17:14 +0200] "GET /leistungen.html HTTP/1.1" 200 22517 "http://www.reisenweber-berlin.de/" "Mozilla/5.0 (Macintosh; Intel Mac OS X 10.7; rv:23.0) Gecko/20100101 Firefox/23.0"
79.247.150.164 - - [25/Aug/2013:17:17:14 +0200] "GET /js/RunFLASH.js HTTP/1.1" 200 8029 "http://www.reisenweber-berlin.de/leistungen.html" "Mozilla/5.0 (Macintosh; Intel Mac OS X 10.7; rv:23.0) Gecko/20100101 Firefox/23.0"
79.247.150.164 - - [25/Aug/2013:17:17:14 +0200] "GET /js/Panel.js HTTP/1.1" 200 13072 "http://www.reisenweber-berlin.de/leistungen.html" "Mozilla/5.0 (Macintosh; Intel Mac OS X 10.7; rv:23.0) Gecko/20100101 Firefox/23.0"
79.247.150.164 - - [25/Aug/2013:17:17:14 +0200] "GET /css/Panel.css HTTP/1.1" 200 3497 "http://www.reisenweber-berlin.de/leistungen.html" "Mozilla/5.0 (Macintosh; Intel Mac OS X 10.7; rv:23.0) Gecko/20100101 Firefox/23.0"
79.247.150.164 - - [25/Aug/2013:17:17:15 +0200] "GET /pics/3.jpg HTTP/1.1" 200 149645 "http://www.reisenweber-berlin.de/reisenweber_ani.swf" "Mozilla/5.0 (Macintosh; Intel Mac OS X 10.7; rv:23.0) Gecko/20100101 Firefox/23.0"
79.247.150.164 - - [25/Aug/2013:17:17:28 +0200] "GET /index.html HTTP/1.1" 200 10105 "http://www.reisenweber-berlin.de/leistungen.html" "Mozilla/5.0 (Macintosh; Intel Mac OS X 10.7; rv:23.0) Gecko/20100101 Firefox/23.0"
79.247.150.164 - - [25/Aug/2013:17:17:38 +0200] "GET /pics/2.jpg HTTP/1.1" 200 107549 "http://www.reisenweber-berlin.de/reisenweber_ani.swf" "Mozilla/5.0 (Macintosh; Intel Mac OS X 10.7; rv:23.0) Gecko/20100101 Firefox/23.0"
141.8.147.12 - - [25/Aug/2013:20:08:32 +0200] "GET /img/corner02.png HTTP/1.1" 304 - "-" "Mozilla/5.0 (compatible; YandexImages/3.0; +http://yandex.com/bots)"
141.8.147.12 - - [25/Aug/2013:21:52:38 +0200] "GET /img/abgrenzung.jpg HTTP/1.1" 304 - "-" "Mozilla/5.0 (compatible; YandexImages/3.0; +http://yandex.com/bots)"
217.69.133.67 - - [25/Aug/2013:22:51:32 +0200] "GET / HTTP/1.0" 200 10105 "-" "Mozilla/5.0 (compatible; Linux x86_64; Mail.RU_Bot/2.0; +http://go.mail.ru/help/robots)"
141.8.147.12 - - [25/Aug/2013:23:43:38 +0200] "GET /img/corner01.png HTTP/1.1" 304 - "-" "Mozilla/5.0 (compatible; YandexImages/3.0; +http://yandex.com/bots)"
141.8.147.12 - - [26/Aug/2013:00:00:58 +0200] "GET /img/pfeil-grau.gif HTTP/1.1" 304 - "-" "Mozilla/5.0 (compatible; YandexImages/3.0; +http://yandex.com/bots)"
141.8.147.12 - - [26/Aug/2013:03:05:27 +0200] "GET /img/abgrenzung.jpg HTTP/1.1" 304 - "-" "Mozilla/5.0 (compatible; YandexImages/3.0; +http://yandex.com/bots)"
87.106.227.210 - - [26/Aug/2013:03:09:47 +0200] "GET / HTTP/1.1" 200 10105 "-" "-"
141.8.147.12 - - [26/Aug/2013:03:53:01 +0200] "GET /robots.txt HTTP/1.1" 404 1256 "-" "Mozilla/5.0 (compatible; YandexBot/3.0; +http://yandex.com/bots)"
65.55.24.247 - - [26/Aug/2013:03:59:47 +0200] "GET /robots.txt HTTP/1.1" 404 1256 "-" "Mozilla/5.0 (compatible; bingbot/2.0; +http://www.bing.com/bingbot.htm)"
65.55.24.247 - - [26/Aug/2013:04:01:38 +0200] "GET /links.html HTTP/1.1" 304 - "-" "Mozilla/5.0 (compatible; bingbot/2.0; +http://www.bing.com/bingbot.htm)"
66.249.78.164 - - [26/Aug/2013:04:16:31 +0200] "GET / HTTP/1.1" 200 10105 "-" "Mozilla/5.0 (iPhone; U; CPU iPhone OS 4_1 like Mac OS X; en-us) AppleWebKit/532.9 (KHTML, like Gecko) Version/4.0.5 Mobile/8B117 Safari/6531.22.7 (compatible; Googlebot-Mobile/2.1; +http://www.google.com/bot.html)"
85.214.25.242 - - [26/Aug/2013:04:29:55 +0200] "GET / HTTP/1.0" 200 10105 "-" "Mozilla/5.0 (Windows NT 6.1; rv:12.0) Gecko/20100101 Firefox/12.0"
141.8.147.12 - - [26/Aug/2013:05:10:00 +0200] "GET /img/corner02.png HTTP/1.1" 304 - "-" "Mozilla/5.0 (compatible; YandexImages/3.0; +http://yandex.com/bots)"
66.249.78.164 - - [26/Aug/2013:05:58:34 +0200] "GET /robots.txt HTTP/1.1" 404 1256 "-" "Mozilla/5.0 (compatible; Googlebot/2.1; +http://www.google.com/bot.html)"
66.249.78.164 - - [26/Aug/2013:05:58:35 +0200] "GET /produkte.html HTTP/1.1" 304 - "-" "Mozilla/5.0 (iPhone; U; CPU iPhone OS 4_1 like Mac OS X; en-us) AppleWebKit/532.9 (KHTML, like Gecko) Version/4.0.5 Mobile/8B117 Safari/6531.22.7 (compatible; Googlebot-Mobile/2.1; +http://www.google.com/bot.html)"
66.249.78.164 - - [26/Aug/2013:06:40:04 +0200] "GET / HTTP/1.1" 200 10105 "-" "Mozilla/5.0 (compatible; Googlebot/2.1; +http://www.google.com/bot.html)"
83.133.125.202 - - [26/Aug/2013:07:07:55 +0200] "GET / HTTP/1.1" 200 10105 "http://www.sumaja.de/?such_wert=la" "Mozilla/4.0 (compatible; MSIE 8.0; Windows NT 6.0; Trident/4.0; GTB0.0; SLCC1; .NET CLR 2.0.50727; Media Center PC 5.0; .NET CLR 3.5.30729; .NET CLR 3.0.30729; .NET4.0C)"
66.249.78.164 - - [26/Aug/2013:07:12:48 +0200] "GET /kontakt.html HTTP/1.1" 304 - "-" "Mozilla/5.0 (compatible; Googlebot/2.1; +http://www.google.com/bot.html)"
141.8.147.12 - - [26/Aug/2013:07:28:55 +0200] "GET /img/corner01.png HTTP/1.1" 304 - "-" "Mozilla/5.0 (compatible; YandexImages/3.0; +http://yandex.com/bots)"
84.175.78.107 - - [26/Aug/2013:07:44:32 +0200] "GET / HTTP/1.1" 200 10105 "http://www.labiosthetique.de/dmc_institutefinder_pi1.1526.country/Deutschland/dmc_institutefinder_pi1.1526.geocodedSearchAddress.lat/52.519171/dmc_institutefinder_pi1.1526.geocodedSearchAddress.long/13.4060912/dmc_institutefinder_pi1.1526.institute.uid/1774/dmc_institutefinder_pi1.1526.radius/25/dmc_institutefinder_pi1.1526.step/showmap/Salonfinder-Detail.1224.0.html" "Mozilla/5.0 (Macintosh; Intel Mac OS X 10_6_8) AppleWebKit/534.59.8 (KHTML, like Gecko) Version/5.1.9 Safari/534.59.8"
84.175.78.107 - - [26/Aug/2013:07:44:32 +0200] "GET /Scripts/AC_RunActiveContent.js HTTP/1.1" 200 8029 "http://www.reisenweber-berlin.de/" "Mozilla/5.0 (Macintosh; Intel Mac OS X 10_6_8) AppleWebKit/534.59.8 (KHTML, like Gecko) Version/5.1.9 Safari/534.59.8"
84.175.78.107 - - [26/Aug/2013:07:44:32 +0200] "GET /css/style.css HTTP/1.1" 200 3765 "http://www.reisenweber-berlin.de/" "Mozilla/5.0 (Macintosh; Intel Mac OS X 10_6_8) AppleWebKit/534.59.8 (KHTML, like Gecko) Version/5.1.9 Safari/534.59.8"
84.175.78.107 - - [26/Aug/2013:07:44:32 +0200] "GET /Scripts/AC_ActiveX.js HTTP/1.1" 200 2068 "http://www.reisenweber-berlin.de/" "Mozilla/5.0 (Macintosh; Intel Mac OS X 10_6_8) AppleWebKit/534.59.8 (KHTML, like Gecko) Version/5.1.9 Safari/534.59.8"
84.175.78.107 - - [26/Aug/2013:07:44:32 +0200] "GET /img/pfeil.gif HTTP/1.1" 200 85 "http://www.reisenweber-berlin.de/" "Mozilla/5.0 (Macintosh; Intel Mac OS X 10_6_8) AppleWebKit/534.59.8 (KHTML, like Gecko) Version/5.1.9 Safari/534.59.8"
84.175.78.107 - - [26/Aug/2013:07:44:32 +0200] "GET /img/corner02.png HTTP/1.1" 200 190 "http://www.reisenweber-berlin.de/" "Mozilla/5.0 (Macintosh; Intel Mac OS X 10_6_8) AppleWebKit/534.59.8 (KHTML, like Gecko) Version/5.1.9 Safari/534.59.8"
84.175.78.107 - - [26/Aug/2013:07:44:32 +0200] "GET /img/spacer.gif HTTP/1.1" 200 43 "http://www.reisenweber-berlin.de/" "Mozilla/5.0 (Macintosh; Intel Mac OS X 10_6_8) AppleWebKit/534.59.8 (KHTML, like Gecko) Version/5.1.9 Safari/534.59.8"
84.175.78.107 - - [26/Aug/2013:07:44:32 +0200] "GET /img/tbl_bottom.png HTTP/1.1" 200 168 "http://www.reisenweber-berlin.de/" "Mozilla/5.0 (Macintosh; Intel Mac OS X 10_6_8) AppleWebKit/534.59.8 (KHTML, like Gecko) Version/5.1.9 Safari/534.59.8"
84.175.78.107 - - [26/Aug/2013:07:44:32 +0200] "GET /img/tbl_left.png HTTP/1.1" 200 236 "http://www.reisenweber-berlin.de/" "Mozilla/5.0 (Macintosh; Intel Mac OS X 10_6_8) AppleWebKit/534.59.8 (KHTML, like Gecko) Version/5.1.9 Safari/534.59.8"
84.175.78.107 - - [26/Aug/2013:07:44:32 +0200] "GET /img/hg_tbl.png HTTP/1.1" 200 190 "http://www.reisenweber-berlin.de/" "Mozilla/5.0 (Macintosh; Intel Mac OS X 10_6_8) AppleWebKit/534.59.8 (KHTML, like Gecko) Version/5.1.9 Safari/534.59.8"
84.175.78.107 - - [26/Aug/2013:07:44:32 +0200] "GET /img/HG_news.png HTTP/1.1" 200 212 "http://www.reisenweber-berlin.de/" "Mozilla/5.0 (Macintosh; Intel Mac OS X 10_6_8) AppleWebKit/534.59.8 (KHTML, like Gecko) Version/5.1.9 Safari/534.59.8"
84.175.78.107 - - [26/Aug/2013:07:44:32 +0200] "GET /img/pfeil-grau.gif HTTP/1.1" 200 73 "http://www.reisenweber-berlin.de/" "Mozilla/5.0 (Macintosh; Intel Mac OS X 10_6_8) AppleWebKit/534.59.8 (KHTML, like Gecko) Version/5.1.9 Safari/534.59.8"
84.175.78.107 - - [26/Aug/2013:07:44:32 +0200] "GET /img/corner01.png HTTP/1.1" 200 163 "http://www.reisenweber-berlin.de/" "Mozilla/5.0 (Macintosh; Intel Mac OS X 10_6_8) AppleWebKit/534.59.8 (KHTML, like Gecko) Version/5.1.9 Safari/534.59.8"
84.175.78.107 - - [26/Aug/2013:07:44:32 +0200] "GET /img/tbl_right.png HTTP/1.1" 200 227 "http://www.reisenweber-berlin.de/" "Mozilla/5.0 (Macintosh; Intel Mac OS X 10_6_8) AppleWebKit/534.59.8 (KHTML, like Gecko) Version/5.1.9 Safari/534.59.8"
84.175.78.107 - - [26/Aug/2013:07:44:32 +0200] "GET /img/corner04.png HTTP/1.1" 200 203 "http://www.reisenweber-berlin.de/" "Mozilla/5.0 (Macintosh; Intel Mac OS X 10_6_8) AppleWebKit/534.59.8 (KHTML, like Gecko) Version/5.1.9 Safari/534.59.8"
84.175.78.107 - - [26/Aug/2013:07:44:32 +0200] "GET /img/tbl_down.png HTTP/1.1" 200 197 "http://www.reisenweber-berlin.de/" "Mozilla/5.0 (Macintosh; Intel Mac OS X 10_6_8) AppleWebKit/534.59.8 (KHTML, like Gecko) Version/5.1.9 Safari/534.59.8"
84.175.78.107 - - [26/Aug/2013:07:44:32 +0200] "GET /img/corner03.png HTTP/1.1" 200 266 "http://www.reisenweber-berlin.de/" "Mozilla/5.0 (Macintosh; Intel Mac OS X 10_6_8) AppleWebKit/534.59.8 (KHTML, like Gecko) Version/5.1.9 Safari/534.59.8"
84.175.78.107 - - [26/Aug/2013:07:44:32 +0200] "GET /img/hg.jpg HTTP/1.1" 200 44355 "http://www.reisenweber-berlin.de/" "Mozilla/5.0 (Macintosh; Intel Mac OS X 10_6_8) AppleWebKit/534.59.8 (KHTML, like Gecko) Version/5.1.9 Safari/534.59.8"
84.175.78.107 - - [26/Aug/2013:07:44:33 +0200] "GET /img/FACEBOOK.png HTTP/1.1" 200 1159 "http://www.reisenweber-berlin.de/" "Mozilla/5.0 (Macintosh; Intel Mac OS X 10_6_8) AppleWebKit/534.59.8 (KHTML, like Gecko) Version/5.1.9 Safari/534.59.8"
84.175.78.107 - - [26/Aug/2013:07:44:33 +0200] "GET /favicon.ico HTTP/1.1" 404 1256 "http://www.reisenweber-berlin.de/" "Mozilla/5.0 (Macintosh; Intel Mac OS X 10_6_8) AppleWebKit/534.59.8 (KHTML, like Gecko) Version/5.1.9 Safari/534.59.8"
84.175.78.107 - - [26/Aug/2013:07:44:33 +0200] "GET /reisenweber_ani.swf HTTP/1.1" 200 60314 "http://www.reisenweber-berlin.de/" "Mozilla/5.0 (Macintosh; Intel Mac OS X 10_6_8) AppleWebKit/534.59.8 (KHTML, like Gecko) Version/5.1.9 Safari/534.59.8"
84.175.78.107 - - [26/Aug/2013:07:44:34 +0200] "GET /pics/2.jpg HTTP/1.1" 200 107549 "http://www.reisenweber-berlin.de/" "Mozilla/5.0 (Macintosh; Intel Mac OS X 10_6_8) AppleWebKit/534.59.8 (KHTML, like Gecko) Version/5.1.9 Safari/534.59.8"
84.175.78.107 - - [26/Aug/2013:07:44:41 +0200] "GET /pics/3.jpg HTTP/1.1" 200 149645 "http://www.reisenweber-berlin.de/" "Mozilla/5.0 (Macintosh; Intel Mac OS X 10_6_8) AppleWebKit/534.59.8 (KHTML, like Gecko) Version/5.1.9 Safari/534.59.8"
84.175.78.107 - - [26/Aug/2013:07:44:49 +0200] "GET /pics/4.jpg HTTP/1.1" 200 165768 "http://www.reisenweber-berlin.de/" "Mozilla/5.0 (Macintosh; Intel Mac OS X 10_6_8) AppleWebKit/534.59.8 (KHTML, like Gecko) Version/5.1.9 Safari/534.59.8"
141.8.147.12 - - [26/Aug/2013:07:50:00 +0200] "GET /img/pfeil-grau.gif HTTP/1.1" 304 - "-" "Mozilla/5.0 (compatible; YandexImages/3.0; +http://yandex.com/bots)"
65.55.24.247 - - [26/Aug/2013:08:12:29 +0200] "GET /robots.txt HTTP/1.1" 404 1256 "-" "Mozilla/5.0 (compatible; bingbot/2.0; +http://www.bing.com/bingbot.htm)"
65.55.24.247 - - [26/Aug/2013:08:14:31 +0200] "GET / HTTP/1.1" 304 - "-" "Mozilla/5.0 (compatible; bingbot/2.0; +http://www.bing.com/bingbot.htm)"
66.249.78.164 - - [26/Aug/2013:08:31:00 +0200] "GET /css/style.css HTTP/1.1" 200 3765 "-" "Mozilla/5.0 (compatible; Googlebot/2.1; +http://www.google.com/bot.html)"
66.249.78.164 - - [26/Aug/2013:08:51:00 +0200] "GET /uns.html HTTP/1.1" 304 - "-" "Mozilla/5.0 (compatible; Googlebot/2.1; +http://www.google.com/bot.html)"
79.245.171.117 - - [26/Aug/2013:09:21:09 +0200] "GET / HTTP/1.1" 200 10105 "http://www.google.de/url?sa=t&rct=j&q=&esrc=s&source=web&cd=2&ved=0CE4QFjAB&url=http%3A%2F%2Fwww.reisenweber-berlin.de%2F&ei=bwEbUt6DHcSKtAamsoCwDg&usg=AFQjCNF7TSzUIEj_OI_RiqKPTlc2EM_6vg" "Mozilla/5.0 (Windows NT 6.2; WOW64; rv:23.0) Gecko/20100101 Firefox/23.0"
79.245.171.117 - - [26/Aug/2013:09:21:09 +0200] "GET /css/style.css HTTP/1.1" 200 3765 "http://www.reisenweber-berlin.de/" "Mozilla/5.0 (Windows NT 6.2; WOW64; rv:23.0) Gecko/20100101 Firefox/23.0"
79.245.171.117 - - [26/Aug/2013:09:21:09 +0200] "GET /Scripts/AC_RunActiveContent.js HTTP/1.1" 200 8029 "http://www.reisenweber-berlin.de/" "Mozilla/5.0 (Windows NT 6.2; WOW64; rv:23.0) Gecko/20100101 Firefox/23.0"
79.245.171.117 - - [26/Aug/2013:09:21:09 +0200] "GET /Scripts/AC_ActiveX.js HTTP/1.1" 200 2068 "http://www.reisenweber-berlin.de/" "Mozilla/5.0 (Windows NT 6.2; WOW64; rv:23.0) Gecko/20100101 Firefox/23.0"
79.245.171.117 - - [26/Aug/2013:09:21:09 +0200] "GET /img/spacer.gif HTTP/1.1" 200 43 "http://www.reisenweber-berlin.de/" "Mozilla/5.0 (Windows NT 6.2; WOW64; rv:23.0) Gecko/20100101 Firefox/23.0"
79.245.171.117 - - [26/Aug/2013:09:21:09 +0200] "GET /img/pfeil.gif HTTP/1.1" 200 85 "http://www.reisenweber-berlin.de/" "Mozilla/5.0 (Windows NT 6.2; WOW64; rv:23.0) Gecko/20100101 Firefox/23.0"
79.245.171.117 - - [26/Aug/2013:09:21:09 +0200] "GET /img/corner01.png HTTP/1.1" 200 163 "http://www.reisenweber-berlin.de/" "Mozilla/5.0 (Windows NT 6.2; WOW64; rv:23.0) Gecko/20100101 Firefox/23.0"
79.245.171.117 - - [26/Aug/2013:09:21:09 +0200] "GET /img/corner02.png HTTP/1.1" 200 190 "http://www.reisenweber-berlin.de/" "Mozilla/5.0 (Windows NT 6.2; WOW64; rv:23.0) Gecko/20100101 Firefox/23.0"
79.245.171.117 - - [26/Aug/2013:09:21:09 +0200] "GET /img/pfeil-grau.gif HTTP/1.1" 200 73 "http://www.reisenweber-berlin.de/" "Mozilla/5.0 (Windows NT 6.2; WOW64; rv:23.0) Gecko/20100101 Firefox/23.0"
79.245.171.117 - - [26/Aug/2013:09:21:09 +0200] "GET /img/corner04.png HTTP/1.1" 200 203 "http://www.reisenweber-berlin.de/" "Mozilla/5.0 (Windows NT 6.2; WOW64; rv:23.0) Gecko/20100101 Firefox/23.0"
79.245.171.117 - - [26/Aug/2013:09:21:09 +0200] "GET /img/FACEBOOK.png HTTP/1.1" 200 1159 "http://www.reisenweber-berlin.de/" "Mozilla/5.0 (Windows NT 6.2; WOW64; rv:23.0) Gecko/20100101 Firefox/23.0"
79.245.171.117 - - [26/Aug/2013:09:21:09 +0200] "GET /img/corner03.png HTTP/1.1" 200 266 "http://www.reisenweber-berlin.de/" "Mozilla/5.0 (Windows NT 6.2; WOW64; rv:23.0) Gecko/20100101 Firefox/23.0"
79.245.171.117 - - [26/Aug/2013:09:21:10 +0200] "GET /img/tbl_bottom.png HTTP/1.1" 200 168 "http://www.reisenweber-berlin.de/css/style.css" "Mozilla/5.0 (Windows NT 6.2; WOW64; rv:23.0) Gecko/20100101 Firefox/23.0"
79.245.171.117 - - [26/Aug/2013:09:21:10 +0200] "GET /img/tbl_left.png HTTP/1.1" 200 236 "http://www.reisenweber-berlin.de/css/style.css" "Mozilla/5.0 (Windows NT 6.2; WOW64; rv:23.0) Gecko/20100101 Firefox/23.0"
79.245.171.117 - - [26/Aug/2013:09:21:10 +0200] "GET /img/hg_tbl.png HTTP/1.1" 200 190 "http://www.reisenweber-berlin.de/" "Mozilla/5.0 (Windows NT 6.2; WOW64; rv:23.0) Gecko/20100101 Firefox/23.0"
79.245.171.117 - - [26/Aug/2013:09:21:10 +0200] "GET /img/HG_news.png HTTP/1.1" 200 212 "http://www.reisenweber-berlin.de/" "Mozilla/5.0 (Windows NT 6.2; WOW64; rv:23.0) Gecko/20100101 Firefox/23.0"
79.245.171.117 - - [26/Aug/2013:09:21:10 +0200] "GET /img/tbl_right.png HTTP/1.1" 200 227 "http://www.reisenweber-berlin.de/css/style.css" "Mozilla/5.0 (Windows NT 6.2; WOW64; rv:23.0) Gecko/20100101 Firefox/23.0"
79.245.171.117 - - [26/Aug/2013:09:21:10 +0200] "GET /img/tbl_down.png HTTP/1.1" 200 197 "http://www.reisenweber-berlin.de/css/style.css" "Mozilla/5.0 (Windows NT 6.2; WOW64; rv:23.0) Gecko/20100101 Firefox/23.0"
79.245.171.117 - - [26/Aug/2013:09:21:10 +0200] "GET /img/hg.jpg HTTP/1.1" 200 44355 "http://www.reisenweber-berlin.de/css/style.css" "Mozilla/5.0 (Windows NT 6.2; WOW64; rv:23.0) Gecko/20100101 Firefox/23.0"
79.245.171.117 - - [26/Aug/2013:09:21:10 +0200] "GET /reisenweber_ani.swf HTTP/1.1" 200 60314 "http://www.reisenweber-berlin.de/" "Mozilla/5.0 (Windows NT 6.2; WOW64; rv:23.0) Gecko/20100101 Firefox/23.0"
79.245.171.117 - - [26/Aug/2013:09:21:10 +0200] "GET /pics/1.jpg HTTP/1.1" 200 104529 "http://www.reisenweber-berlin.de/reisenweber_ani.swf" "Mozilla/5.0 (Windows NT 6.2; WOW64; rv:23.0) Gecko/20100101 Firefox/23.0"
79.245.171.117 - - [26/Aug/2013:09:21:11 +0200] "GET /favicon.ico HTTP/1.1" 404 1256 "-" "Mozilla/5.0 (Windows NT 6.2; WOW64; rv:23.0) Gecko/20100101 Firefox/23.0"
79.245.171.117 - - [26/Aug/2013:09:21:18 +0200] "GET /pics/2.jpg HTTP/1.1" 200 107549 "http://www.reisenweber-berlin.de/reisenweber_ani.swf" "Mozilla/5.0 (Windows NT 6.2; WOW64; rv:23.0) Gecko/20100101 Firefox/23.0"
79.245.171.117 - - [26/Aug/2013:09:21:24 +0200] "GET /leistungen.html HTTP/1.1" 200 22517 "http://www.reisenweber-berlin.de/" "Mozilla/5.0 (Windows NT 6.2; WOW64; rv:23.0) Gecko/20100101 Firefox/23.0"
79.245.171.117 - - [26/Aug/2013:09:21:24 +0200] "GET /js/RunFLASH.js HTTP/1.1" 200 8029 "http://www.reisenweber-berlin.de/leistungen.html" "Mozilla/5.0 (Windows NT 6.2; WOW64; rv:23.0) Gecko/20100101 Firefox/23.0"
79.245.171.117 - - [26/Aug/2013:09:21:24 +0200] "GET /js/Panel.js HTTP/1.1" 200 13072 "http://www.reisenweber-berlin.de/leistungen.html" "Mozilla/5.0 (Windows NT 6.2; WOW64; rv:23.0) Gecko/20100101 Firefox/23.0"
79.245.171.117 - - [26/Aug/2013:09:21:24 +0200] "GET /css/Panel.css HTTP/1.1" 200 3497 "http://www.reisenweber-berlin.de/leistungen.html" "Mozilla/5.0 (Windows NT 6.2; WOW64; rv:23.0) Gecko/20100101 Firefox/23.0"
79.245.171.117 - - [26/Aug/2013:09:21:25 +0200] "GET /pics/5.jpg HTTP/1.1" 200 134687 "http://www.reisenweber-berlin.de/reisenweber_ani.swf" "Mozilla/5.0 (Windows NT 6.2; WOW64; rv:23.0) Gecko/20100101 Firefox/23.0"
79.245.171.117 - - [26/Aug/2013:09:21:46 +0200] "GET /pics/3.jpg HTTP/1.1" 200 149645 "http://www.reisenweber-berlin.de/reisenweber_ani.swf" "Mozilla/5.0 (Windows NT 6.2; WOW64; rv:23.0) Gecko/20100101 Firefox/23.0"
79.245.171.117 - - [26/Aug/2013:09:22:48 +0200] "GET /pics/4.jpg HTTP/1.1" 200 165768 "http://www.reisenweber-berlin.de/reisenweber_ani.swf" "Mozilla/5.0 (Windows NT 6.2; WOW64; rv:23.0) Gecko/20100101 Firefox/23.0"
79.245.171.117 - - [26/Aug/2013:09:23:14 +0200] "GET /aktuelles.html HTTP/1.1" 200 12500 "http://www.reisenweber-berlin.de/leistungen.html" "Mozilla/5.0 (Windows NT 6.2; WOW64; rv:23.0) Gecko/20100101 Firefox/23.0"
79.245.171.117 - - [26/Aug/2013:09:23:14 +0200] "GET /css/lightbox.css HTTP/1.1" 200 3470 "http://www.reisenweber-berlin.de/aktuelles.html" "Mozilla/5.0 (Windows NT 6.2; WOW64; rv:23.0) Gecko/20100101 Firefox/23.0"
79.245.171.117 - - [26/Aug/2013:09:23:14 +0200] "GET /js/scriptaculous.js?load=effects HTTP/1.1" 200 2152 "http://www.reisenweber-berlin.de/aktuelles.html" "Mozilla/5.0 (Windows NT 6.2; WOW64; rv:23.0) Gecko/20100101 Firefox/23.0"
79.245.171.117 - - [26/Aug/2013:09:23:14 +0200] "GET /js/lightbox.js HTTP/1.1" 200 23861 "http://www.reisenweber-berlin.de/aktuelles.html" "Mozilla/5.0 (Windows NT 6.2; WOW64; rv:23.0) Gecko/20100101 Firefox/23.0"
79.245.171.117 - - [26/Aug/2013:09:23:14 +0200] "GET /js/prototype.js HTTP/1.1" 200 47603 "http://www.reisenweber-berlin.de/aktuelles.html" "Mozilla/5.0 (Windows NT 6.2; WOW64; rv:23.0) Gecko/20100101 Firefox/23.0"
79.245.171.117 - - [26/Aug/2013:09:23:15 +0200] "GET /img/abgrenzung.jpg HTTP/1.1" 200 1815 "http://www.reisenweber-berlin.de/aktuelles.html" "Mozilla/5.0 (Windows NT 6.2; WOW64; rv:23.0) Gecko/20100101 Firefox/23.0"
79.245.171.117 - - [26/Aug/2013:09:23:15 +0200] "GET /img/aktuell-01_sw.png HTTP/1.1" 200 14125 "http://www.reisenweber-berlin.de/aktuelles.html" "Mozilla/5.0 (Windows NT 6.2; WOW64; rv:23.0) Gecko/20100101 Firefox/23.0"
79.245.171.117 - - [26/Aug/2013:09:23:15 +0200] "GET /img/aktuell-02_sw.png HTTP/1.1" 200 14043 "http://www.reisenweber-berlin.de/aktuelles.html" "Mozilla/5.0 (Windows NT 6.2; WOW64; rv:23.0) Gecko/20100101 Firefox/23.0"
79.245.171.117 - - [26/Aug/2013:09:23:15 +0200] "GET /img/aktuell-03_sw.png HTTP/1.1" 200 10456 "http://www.reisenweber-berlin.de/aktuelles.html" "Mozilla/5.0 (Windows NT 6.2; WOW64; rv:23.0) Gecko/20100101 Firefox/23.0"
79.245.171.117 - - [26/Aug/2013:09:23:15 +0200] "GET /img/aktuell-04_sw.png HTTP/1.1" 200 11107 "http://www.reisenweber-berlin.de/aktuelles.html" "Mozilla/5.0 (Windows NT 6.2; WOW64; rv:23.0) Gecko/20100101 Firefox/23.0"
79.245.171.117 - - [26/Aug/2013:09:23:15 +0200] "GET /js/effects.js HTTP/1.1" 200 31969 "http://www.reisenweber-berlin.de/aktuelles.html" "Mozilla/5.0 (Windows NT 6.2; WOW64; rv:23.0) Gecko/20100101 Firefox/23.0"
79.245.171.117 - - [26/Aug/2013:09:23:15 +0200] "GET /img/aktuell-05_sw.png HTTP/1.1" 200 11876 "http://www.reisenweber-berlin.de/aktuelles.html" "Mozilla/5.0 (Windows NT 6.2; WOW64; rv:23.0) Gecko/20100101 Firefox/23.0"
79.245.171.117 - - [26/Aug/2013:09:23:15 +0200] "GET /img/Aufsteller.png HTTP/1.1" 200 141482 "http://www.reisenweber-berlin.de/aktuelles.html" "Mozilla/5.0 (Windows NT 6.2; WOW64; rv:23.0) Gecko/20100101 Firefox/23.0"
79.245.171.117 - - [26/Aug/2013:09:23:15 +0200] "GET /img/aktuell-06_sw.png HTTP/1.1" 200 10273 "http://www.reisenweber-berlin.de/aktuelles.html" "Mozilla/5.0 (Windows NT 6.2; WOW64; rv:23.0) Gecko/20100101 Firefox/23.0"
79.245.171.117 - - [26/Aug/2013:09:23:15 +0200] "GET /img/aktuell-07_sw.png HTTP/1.1" 200 13667 "http://www.reisenweber-berlin.de/aktuelles.html" "Mozilla/5.0 (Windows NT 6.2; WOW64; rv:23.0) Gecko/20100101 Firefox/23.0"
79.245.171.117 - - [26/Aug/2013:09:23:15 +0200] "GET /img/aktuell-08_sw.png HTTP/1.1" 200 13139 "http://www.reisenweber-berlin.de/aktuelles.html" "Mozilla/5.0 (Windows NT 6.2; WOW64; rv:23.0) Gecko/20100101 Firefox/23.0"
79.245.171.117 - - [26/Aug/2013:09:23:15 +0200] "GET /images/loading.gif HTTP/1.1" 200 538 "http://www.reisenweber-berlin.de/aktuelles.html" "Mozilla/5.0 (Windows NT 6.2; WOW64; rv:23.0) Gecko/20100101 Firefox/23.0"
79.245.171.117 - - [26/Aug/2013:09:23:15 +0200] "GET /images/close.png HTTP/1.1" 200 3137 "http://www.reisenweber-berlin.de/aktuelles.html" "Mozilla/5.0 (Windows NT 6.2; WOW64; rv:23.0) Gecko/20100101 Firefox/23.0"
79.245.171.117 - - [26/Aug/2013:09:23:22 +0200] "GET /uns.html HTTP/1.1" 200 8136 "http://www.reisenweber-berlin.de/aktuelles.html" "Mozilla/5.0 (Windows NT 6.2; WOW64; rv:23.0) Gecko/20100101 Firefox/23.0"
79.245.171.117 - - [26/Aug/2013:09:23:23 +0200] "GET /js/scriptaculous.js?load=effects HTTP/1.1" 304 - "http://www.reisenweber-berlin.de/uns.html" "Mozilla/5.0 (Windows NT 6.2; WOW64; rv:23.0) Gecko/20100101 Firefox/23.0"
79.245.171.117 - - [26/Aug/2013:09:23:23 +0200] "GET /img/laden.jpg HTTP/1.1" 200 25856 "http://www.reisenweber-berlin.de/uns.html" "Mozilla/5.0 (Windows NT 6.2; WOW64; rv:23.0) Gecko/20100101 Firefox/23.0"
