79.192.176.110 - - [18/Aug/2013:17:45:14 +0200] "GET /favicon.ico HTTP/1.1" 404 1256 "-" "Mozilla/5.0 (Macintosh; Intel Mac OS X 10_5_8) AppleWebKit/535.19 (KHTML, like Gecko) Chrome/18.0.1025.142 Safari/535.19"
79.192.176.110 - - [18/Aug/2013:17:45:14 +0200] "GET /pics/4.jpg HTTP/1.1" 200 165768 "http://www.reisenweber-berlin.de/reisenweber_ani.swf" "Mozilla/5.0 (Macintosh; Intel Mac OS X 10_5_8) AppleWebKit/535.19 (KHTML, like Gecko) Chrome/18.0.1025.142 Safari/535.19"
79.192.176.110 - - [18/Aug/2013:17:45:22 +0200] "GET /pics/5.jpg HTTP/1.1" 200 134687 "http://www.reisenweber-berlin.de/reisenweber_ani.swf" "Mozilla/5.0 (Macintosh; Intel Mac OS X 10_5_8) AppleWebKit/535.19 (KHTML, like Gecko) Chrome/18.0.1025.142 Safari/535.19"
79.192.176.110 - - [18/Aug/2013:17:45:30 +0200] "GET /pics/1.jpg HTTP/1.1" 200 104529 "http://www.reisenweber-berlin.de/reisenweber_ani.swf" "Mozilla/5.0 (Macintosh; Intel Mac OS X 10_5_8) AppleWebKit/535.19 (KHTML, like Gecko) Chrome/18.0.1025.142 Safari/535.19"
79.192.176.110 - - [18/Aug/2013:17:45:37 +0200] "GET /pics/2.jpg HTTP/1.1" 200 107549 "http://www.reisenweber-berlin.de/reisenweber_ani.swf" "Mozilla/5.0 (Macintosh; Intel Mac OS X 10_5_8) AppleWebKit/535.19 (KHTML, like Gecko) Chrome/18.0.1025.142 Safari/535.19"
79.192.176.110 - - [18/Aug/2013:17:45:45 +0200] "GET /pics/3.jpg HTTP/1.1" 200 149645 "http://www.reisenweber-berlin.de/reisenweber_ani.swf" "Mozilla/5.0 (Macintosh; Intel Mac OS X 10_5_8) AppleWebKit/535.19 (KHTML, like Gecko) Chrome/18.0.1025.142 Safari/535.19"
79.192.176.110 - - [18/Aug/2013:17:47:14 +0200] "GET /uns.html HTTP/1.1" 200 8136 "http://www.reisenweber-berlin.de/" "Mozilla/5.0 (Macintosh; Intel Mac OS X 10_5_8) AppleWebKit/535.19 (KHTML, like Gecko) Chrome/18.0.1025.142 Safari/535.19"
79.192.176.110 - - [18/Aug/2013:17:47:14 +0200] "GET /css/lightbox.css HTTP/1.1" 200 3470 "http://www.reisenweber-berlin.de/uns.html" "Mozilla/5.0 (Macintosh; Intel Mac OS X 10_5_8) AppleWebKit/535.19 (KHTML, like Gecko) Chrome/18.0.1025.142 Safari/535.19"
79.192.176.110 - - [18/Aug/2013:17:47:14 +0200] "GET /js/scriptaculous.js?load=effects HTTP/1.1" 200 2152 "http://www.reisenweber-berlin.de/uns.html" "Mozilla/5.0 (Macintosh; Intel Mac OS X 10_5_8) AppleWebKit/535.19 (KHTML, like Gecko) Chrome/18.0.1025.142 Safari/535.19"
79.192.176.110 - - [18/Aug/2013:17:47:14 +0200] "GET /js/lightbox.js HTTP/1.1" 200 23861 "http://www.reisenweber-berlin.de/uns.html" "Mozilla/5.0 (Macintosh; Intel Mac OS X 10_5_8) AppleWebKit/535.19 (KHTML, like Gecko) Chrome/18.0.1025.142 Safari/535.19"
79.192.176.110 - - [18/Aug/2013:17:47:14 +0200] "GET /js/prototype.js HTTP/1.1" 200 47603 "http://www.reisenweber-berlin.de/uns.html" "Mozilla/5.0 (Macintosh; Intel Mac OS X 10_5_8) AppleWebKit/535.19 (KHTML, like Gecko) Chrome/18.0.1025.142 Safari/535.19"
79.192.176.110 - - [18/Aug/2013:17:47:14 +0200] "GET /js/effects.js HTTP/1.1" 200 31969 "http://www.reisenweber-berlin.de/uns.html" "Mozilla/5.0 (Macintosh; Intel Mac OS X 10_5_8) AppleWebKit/535.19 (KHTML, like Gecko) Chrome/18.0.1025.142 Safari/535.19"
79.192.176.110 - - [18/Aug/2013:17:47:14 +0200] "GET /img/laden.jpg HTTP/1.1" 200 25856 "http://www.reisenweber-berlin.de/uns.html" "Mozilla/5.0 (Macintosh; Intel Mac OS X 10_5_8) AppleWebKit/535.19 (KHTML, like Gecko) Chrome/18.0.1025.142 Safari/535.19"
79.192.176.110 - - [18/Aug/2013:17:47:14 +0200] "GET /img/damen-01.jpg HTTP/1.1" 200 6064 "http://www.reisenweber-berlin.de/uns.html" "Mozilla/5.0 (Macintosh; Intel Mac OS X 10_5_8) AppleWebKit/535.19 (KHTML, like Gecko) Chrome/18.0.1025.142 Safari/535.19"
79.192.176.110 - - [18/Aug/2013:17:47:14 +0200] "GET /img/damen-02.jpg HTTP/1.1" 200 6205 "http://www.reisenweber-berlin.de/uns.html" "Mozilla/5.0 (Macintosh; Intel Mac OS X 10_5_8) AppleWebKit/535.19 (KHTML, like Gecko) Chrome/18.0.1025.142 Safari/535.19"
79.192.176.110 - - [18/Aug/2013:17:47:14 +0200] "GET /img/damen-03.jpg HTTP/1.1" 200 7182 "http://www.reisenweber-berlin.de/uns.html" "Mozilla/5.0 (Macintosh; Intel Mac OS X 10_5_8) AppleWebKit/535.19 (KHTML, like Gecko) Chrome/18.0.1025.142 Safari/535.19"
79.192.176.110 - - [18/Aug/2013:17:47:14 +0200] "GET /img/damen-04.jpg HTTP/1.1" 200 7305 "http://www.reisenweber-berlin.de/uns.html" "Mozilla/5.0 (Macintosh; Intel Mac OS X 10_5_8) AppleWebKit/535.19 (KHTML, like Gecko) Chrome/18.0.1025.142 Safari/535.19"
79.192.176.110 - - [18/Aug/2013:17:47:14 +0200] "GET /images/loading.gif HTTP/1.1" 200 538 "http://www.reisenweber-berlin.de/uns.html" "Mozilla/5.0 (Macintosh; Intel Mac OS X 10_5_8) AppleWebKit/535.19 (KHTML, like Gecko) Chrome/18.0.1025.142 Safari/535.19"
79.192.176.110 - - [18/Aug/2013:17:47:14 +0200] "GET /images/close.png HTTP/1.1" 200 3137 "http://www.reisenweber-berlin.de/uns.html" "Mozilla/5.0 (Macintosh; Intel Mac OS X 10_5_8) AppleWebKit/535.19 (KHTML, like Gecko) Chrome/18.0.1025.142 Safari/535.19"
79.192.176.110 - - [18/Aug/2013:17:47:14 +0200] "GET /favicon.ico HTTP/1.1" 404 1256 "-" "Mozilla/5.0 (Macintosh; Intel Mac OS X 10_5_8) AppleWebKit/535.19 (KHTML, like Gecko) Chrome/18.0.1025.142 Safari/535.19"
79.192.176.110 - - [18/Aug/2013:17:47:48 +0200] "GET /philosophie.html HTTP/1.1" 200 8754 "http://www.reisenweber-berlin.de/uns.html" "Mozilla/5.0 (Macintosh; Intel Mac OS X 10_5_8) AppleWebKit/535.19 (KHTML, like Gecko) Chrome/18.0.1025.142 Safari/535.19"
79.192.176.110 - - [18/Aug/2013:17:47:49 +0200] "GET /img/philosophie.png HTTP/1.1" 200 168751 "http://www.reisenweber-berlin.de/philosophie.html" "Mozilla/5.0 (Macintosh; Intel Mac OS X 10_5_8) AppleWebKit/535.19 (KHTML, like Gecko) Chrome/18.0.1025.142 Safari/535.19"
79.192.176.110 - - [18/Aug/2013:17:47:49 +0200] "GET /favicon.ico HTTP/1.1" 404 1256 "-" "Mozilla/5.0 (Macintosh; Intel Mac OS X 10_5_8) AppleWebKit/535.19 (KHTML, like Gecko) Chrome/18.0.1025.142 Safari/535.19"
79.192.176.110 - - [18/Aug/2013:17:48:32 +0200] "GET /produkte.html HTTP/1.1" 200 8603 "http://www.reisenweber-berlin.de/philosophie.html" "Mozilla/5.0 (Macintosh; Intel Mac OS X 10_5_8) AppleWebKit/535.19 (KHTML, like Gecko) Chrome/18.0.1025.142 Safari/535.19"
79.192.176.110 - - [18/Aug/2013:17:48:33 +0200] "GET /img/produkte.png HTTP/1.1" 200 135486 "http://www.reisenweber-berlin.de/produkte.html" "Mozilla/5.0 (Macintosh; Intel Mac OS X 10_5_8) AppleWebKit/535.19 (KHTML, like Gecko) Chrome/18.0.1025.142 Safari/535.19"
79.192.176.110 - - [18/Aug/2013:17:48:59 +0200] "GET /leistungen.html HTTP/1.1" 200 22517 "http://www.reisenweber-berlin.de/produkte.html" "Mozilla/5.0 (Macintosh; Intel Mac OS X 10_5_8) AppleWebKit/535.19 (KHTML, like Gecko) Chrome/18.0.1025.142 Safari/535.19"
79.192.176.110 - - [18/Aug/2013:17:48:59 +0200] "GET /js/RunFLASH.js HTTP/1.1" 200 8029 "http://www.reisenweber-berlin.de/leistungen.html" "Mozilla/5.0 (Macintosh; Intel Mac OS X 10_5_8) AppleWebKit/535.19 (KHTML, like Gecko) Chrome/18.0.1025.142 Safari/535.19"
79.192.176.110 - - [18/Aug/2013:17:48:59 +0200] "GET /js/Panel.js HTTP/1.1" 200 13072 "http://www.reisenweber-berlin.de/leistungen.html" "Mozilla/5.0 (Macintosh; Intel Mac OS X 10_5_8) AppleWebKit/535.19 (KHTML, like Gecko) Chrome/18.0.1025.142 Safari/535.19"
79.192.176.110 - - [18/Aug/2013:17:48:59 +0200] "GET /css/Panel.css HTTP/1.1" 200 3497 "http://www.reisenweber-berlin.de/leistungen.html" "Mozilla/5.0 (Macintosh; Intel Mac OS X 10_5_8) AppleWebKit/535.19 (KHTML, like Gecko) Chrome/18.0.1025.142 Safari/535.19"
79.192.176.110 - - [18/Aug/2013:17:48:59 +0200] "GET /favicon.ico HTTP/1.1" 404 1256 "-" "Mozilla/5.0 (Macintosh; Intel Mac OS X 10_5_8) AppleWebKit/535.19 (KHTML, like Gecko) Chrome/18.0.1025.142 Safari/535.19"
79.192.176.110 - - [18/Aug/2013:17:54:35 +0200] "GET /aktuelles.html HTTP/1.1" 200 12500 "http://www.reisenweber-berlin.de/leistungen.html" "Mozilla/5.0 (Macintosh; Intel Mac OS X 10_5_8) AppleWebKit/535.19 (KHTML, like Gecko) Chrome/18.0.1025.142 Safari/535.19"
79.192.176.110 - - [18/Aug/2013:17:54:35 +0200] "GET /img/abgrenzung.jpg HTTP/1.1" 200 1815 "http://www.reisenweber-berlin.de/aktuelles.html" "Mozilla/5.0 (Macintosh; Intel Mac OS X 10_5_8) AppleWebKit/535.19 (KHTML, like Gecko) Chrome/18.0.1025.142 Safari/535.19"
79.192.176.110 - - [18/Aug/2013:17:54:35 +0200] "GET /img/aktuell-01_sw.png HTTP/1.1" 200 14125 "http://www.reisenweber-berlin.de/aktuelles.html" "Mozilla/5.0 (Macintosh; Intel Mac OS X 10_5_8) AppleWebKit/535.19 (KHTML, like Gecko) Chrome/18.0.1025.142 Safari/535.19"
79.192.176.110 - - [18/Aug/2013:17:54:35 +0200] "GET /img/aktuell-02_sw.png HTTP/1.1" 200 14043 "http://www.reisenweber-berlin.de/aktuelles.html" "Mozilla/5.0 (Macintosh; Intel Mac OS X 10_5_8) AppleWebKit/535.19 (KHTML, like Gecko) Chrome/18.0.1025.142 Safari/535.19"
79.192.176.110 - - [18/Aug/2013:17:54:35 +0200] "GET /img/aktuell-03_sw.png HTTP/1.1" 200 10456 "http://www.reisenweber-berlin.de/aktuelles.html" "Mozilla/5.0 (Macintosh; Intel Mac OS X 10_5_8) AppleWebKit/535.19 (KHTML, like Gecko) Chrome/18.0.1025.142 Safari/535.19"
79.192.176.110 - - [18/Aug/2013:17:54:35 +0200] "GET /img/aktuell-04_sw.png HTTP/1.1" 200 11107 "http://www.reisenweber-berlin.de/aktuelles.html" "Mozilla/5.0 (Macintosh; Intel Mac OS X 10_5_8) AppleWebKit/535.19 (KHTML, like Gecko) Chrome/18.0.1025.142 Safari/535.19"
79.192.176.110 - - [18/Aug/2013:17:54:35 +0200] "GET /img/aktuell-05_sw.png HTTP/1.1" 200 11876 "http://www.reisenweber-berlin.de/aktuelles.html" "Mozilla/5.0 (Macintosh; Intel Mac OS X 10_5_8) AppleWebKit/535.19 (KHTML, like Gecko) Chrome/18.0.1025.142 Safari/535.19"
79.192.176.110 - - [18/Aug/2013:17:54:35 +0200] "GET /img/aktuell-06_sw.png HTTP/1.1" 200 10273 "http://www.reisenweber-berlin.de/aktuelles.html" "Mozilla/5.0 (Macintosh; Intel Mac OS X 10_5_8) AppleWebKit/535.19 (KHTML, like Gecko) Chrome/18.0.1025.142 Safari/535.19"
79.192.176.110 - - [18/Aug/2013:17:54:35 +0200] "GET /img/Aufsteller.png HTTP/1.1" 200 141482 "http://www.reisenweber-berlin.de/aktuelles.html" "Mozilla/5.0 (Macintosh; Intel Mac OS X 10_5_8) AppleWebKit/535.19 (KHTML, like Gecko) Chrome/18.0.1025.142 Safari/535.19"
79.192.176.110 - - [18/Aug/2013:17:54:35 +0200] "GET /img/aktuell-07_sw.png HTTP/1.1" 200 13667 "http://www.reisenweber-berlin.de/aktuelles.html" "Mozilla/5.0 (Macintosh; Intel Mac OS X 10_5_8) AppleWebKit/535.19 (KHTML, like Gecko) Chrome/18.0.1025.142 Safari/535.19"
79.192.176.110 - - [18/Aug/2013:17:54:35 +0200] "GET /img/aktuell-08_sw.png HTTP/1.1" 200 13139 "http://www.reisenweber-berlin.de/aktuelles.html" "Mozilla/5.0 (Macintosh; Intel Mac OS X 10_5_8) AppleWebKit/535.19 (KHTML, like Gecko) Chrome/18.0.1025.142 Safari/535.19"
79.192.176.110 - - [18/Aug/2013:17:54:36 +0200] "GET /favicon.ico HTTP/1.1" 404 1256 "-" "Mozilla/5.0 (Macintosh; Intel Mac OS X 10_5_8) AppleWebKit/535.19 (KHTML, like Gecko) Chrome/18.0.1025.142 Safari/535.19"
79.192.176.110 - - [18/Aug/2013:17:54:39 +0200] "GET /kontakt.html HTTP/1.1" 200 13504 "http://www.reisenweber-berlin.de/aktuelles.html" "Mozilla/5.0 (Macintosh; Intel Mac OS X 10_5_8) AppleWebKit/535.19 (KHTML, like Gecko) Chrome/18.0.1025.142 Safari/535.19"
79.192.176.110 - - [18/Aug/2013:17:54:39 +0200] "GET /img/hg_tbl.jpg HTTP/1.1" 200 352 "http://www.reisenweber-berlin.de/kontakt.html" "Mozilla/5.0 (Macintosh; Intel Mac OS X 10_5_8) AppleWebKit/535.19 (KHTML, like Gecko) Chrome/18.0.1025.142 Safari/535.19"
79.192.176.110 - - [18/Aug/2013:17:54:39 +0200] "GET /favicon.ico HTTP/1.1" 404 1256 "-" "Mozilla/5.0 (Macintosh; Intel Mac OS X 10_5_8) AppleWebKit/535.19 (KHTML, like Gecko) Chrome/18.0.1025.142 Safari/535.19"
79.192.176.110 - - [18/Aug/2013:17:57:52 +0200] "GET /favicon.ico HTTP/1.1" 404 1256 "-" "Mozilla/5.0 (Macintosh; Intel Mac OS X 10_5_8) AppleWebKit/535.19 (KHTML, like Gecko) Chrome/18.0.1025.142 Safari/535.19"
79.247.134.79 - - [18/Aug/2013:17:58:42 +0200] "GET / HTTP/1.1" 200 10105 "-" "Mozilla/5.0 (Linux; U; Android 4.1.2; de-de; GT-I9300 Build/JZO54K) AppleWebKit/534.30 (KHTML, like Gecko) Version/4.0 Mobile Safari/534.30"
79.247.134.79 - - [18/Aug/2013:17:58:42 +0200] "GET /css/style.css HTTP/1.1" 200 3765 "http://www.reisenweber-berlin.de/" "Mozilla/5.0 (Linux; U; Android 4.1.2; de-de; GT-I9300 Build/JZO54K) AppleWebKit/534.30 (KHTML, like Gecko) Version/4.0 Mobile Safari/534.30"
79.247.134.79 - - [18/Aug/2013:17:58:42 +0200] "GET /Scripts/AC_RunActiveContent.js HTTP/1.1" 200 8029 "http://www.reisenweber-berlin.de/" "Mozilla/5.0 (Linux; U; Android 4.1.2; de-de; GT-I9300 Build/JZO54K) AppleWebKit/534.30 (KHTML, like Gecko) Version/4.0 Mobile Safari/534.30"
79.247.134.79 - - [18/Aug/2013:17:58:42 +0200] "GET /Scripts/AC_ActiveX.js HTTP/1.1" 200 2068 "http://www.reisenweber-berlin.de/" "Mozilla/5.0 (Linux; U; Android 4.1.2; de-de; GT-I9300 Build/JZO54K) AppleWebKit/534.30 (KHTML, like Gecko) Version/4.0 Mobile Safari/534.30"
79.247.134.79 - - [18/Aug/2013:17:58:43 +0200] "GET /img/spacer.gif HTTP/1.1" 200 43 "http://www.reisenweber-berlin.de/" "Mozilla/5.0 (Linux; U; Android 4.1.2; de-de; GT-I9300 Build/JZO54K) AppleWebKit/534.30 (KHTML, like Gecko) Version/4.0 Mobile Safari/534.30"
79.247.134.79 - - [18/Aug/2013:17:58:43 +0200] "GET /img/pfeil.gif HTTP/1.1" 200 85 "http://www.reisenweber-berlin.de/" "Mozilla/5.0 (Linux; U; Android 4.1.2; de-de; GT-I9300 Build/JZO54K) AppleWebKit/534.30 (KHTML, like Gecko) Version/4.0 Mobile Safari/534.30"
79.247.134.79 - - [18/Aug/2013:17:58:43 +0200] "GET /img/tbl_bottom.png HTTP/1.1" 200 168 "http://www.reisenweber-berlin.de/" "Mozilla/5.0 (Linux; U; Android 4.1.2; de-de; GT-I9300 Build/JZO54K) AppleWebKit/534.30 (KHTML, like Gecko) Version/4.0 Mobile Safari/534.30"
79.247.134.79 - - [18/Aug/2013:17:58:43 +0200] "GET /img/corner01.png HTTP/1.1" 200 163 "http://www.reisenweber-berlin.de/" "Mozilla/5.0 (Linux; U; Android 4.1.2; de-de; GT-I9300 Build/JZO54K) AppleWebKit/534.30 (KHTML, like Gecko) Version/4.0 Mobile Safari/534.30"
79.247.134.79 - - [18/Aug/2013:17:58:43 +0200] "GET /img/corner02.png HTTP/1.1" 200 190 "http://www.reisenweber-berlin.de/" "Mozilla/5.0 (Linux; U; Android 4.1.2; de-de; GT-I9300 Build/JZO54K) AppleWebKit/534.30 (KHTML, like Gecko) Version/4.0 Mobile Safari/534.30"
79.247.134.79 - - [18/Aug/2013:17:58:43 +0200] "GET /img/hg_tbl.png HTTP/1.1" 200 190 "http://www.reisenweber-berlin.de/" "Mozilla/5.0 (Linux; U; Android 4.1.2; de-de; GT-I9300 Build/JZO54K) AppleWebKit/534.30 (KHTML, like Gecko) Version/4.0 Mobile Safari/534.30"
79.247.134.79 - - [18/Aug/2013:17:58:43 +0200] "GET /img/tbl_left.png HTTP/1.1" 200 236 "http://www.reisenweber-berlin.de/" "Mozilla/5.0 (Linux; U; Android 4.1.2; de-de; GT-I9300 Build/JZO54K) AppleWebKit/534.30 (KHTML, like Gecko) Version/4.0 Mobile Safari/534.30"
79.247.134.79 - - [18/Aug/2013:17:58:43 +0200] "GET /img/HG_news.png HTTP/1.1" 200 212 "http://www.reisenweber-berlin.de/" "Mozilla/5.0 (Linux; U; Android 4.1.2; de-de; GT-I9300 Build/JZO54K) AppleWebKit/534.30 (KHTML, like Gecko) Version/4.0 Mobile Safari/534.30"
79.247.134.79 - - [18/Aug/2013:17:58:43 +0200] "GET /img/pfeil-grau.gif HTTP/1.1" 200 73 "http://www.reisenweber-berlin.de/" "Mozilla/5.0 (Linux; U; Android 4.1.2; de-de; GT-I9300 Build/JZO54K) AppleWebKit/534.30 (KHTML, like Gecko) Version/4.0 Mobile Safari/534.30"
79.247.134.79 - - [18/Aug/2013:17:58:43 +0200] "GET /img/hg.jpg HTTP/1.1" 200 44355 "http://www.reisenweber-berlin.de/" "Mozilla/5.0 (Linux; U; Android 4.1.2; de-de; GT-I9300 Build/JZO54K) AppleWebKit/534.30 (KHTML, like Gecko) Version/4.0 Mobile Safari/534.30"
79.247.134.79 - - [18/Aug/2013:17:58:43 +0200] "GET /img/tbl_right.png HTTP/1.1" 200 227 "http://www.reisenweber-berlin.de/" "Mozilla/5.0 (Linux; U; Android 4.1.2; de-de; GT-I9300 Build/JZO54K) AppleWebKit/534.30 (KHTML, like Gecko) Version/4.0 Mobile Safari/534.30"
79.247.134.79 - - [18/Aug/2013:17:58:44 +0200] "GET /img/corner04.png HTTP/1.1" 200 203 "http://www.reisenweber-berlin.de/" "Mozilla/5.0 (Linux; U; Android 4.1.2; de-de; GT-I9300 Build/JZO54K) AppleWebKit/534.30 (KHTML, like Gecko) Version/4.0 Mobile Safari/534.30"
79.247.134.79 - - [18/Aug/2013:17:58:44 +0200] "GET /img/tbl_down.png HTTP/1.1" 200 197 "http://www.reisenweber-berlin.de/" "Mozilla/5.0 (Linux; U; Android 4.1.2; de-de; GT-I9300 Build/JZO54K) AppleWebKit/534.30 (KHTML, like Gecko) Version/4.0 Mobile Safari/534.30"
79.247.134.79 - - [18/Aug/2013:17:58:45 +0200] "GET /img/corner03.png HTTP/1.1" 200 266 "http://www.reisenweber-berlin.de/" "Mozilla/5.0 (Linux; U; Android 4.1.2; de-de; GT-I9300 Build/JZO54K) AppleWebKit/534.30 (KHTML, like Gecko) Version/4.0 Mobile Safari/534.30"
79.247.134.79 - - [18/Aug/2013:17:58:45 +0200] "GET /img/FACEBOOK.png HTTP/1.1" 200 1159 "http://www.reisenweber-berlin.de/" "Mozilla/5.0 (Linux; U; Android 4.1.2; de-de; GT-I9300 Build/JZO54K) AppleWebKit/534.30 (KHTML, like Gecko) Version/4.0 Mobile Safari/534.30"
79.247.134.79 - - [18/Aug/2013:17:58:45 +0200] "GET /favicon.ico HTTP/1.1" 404 1256 "http://www.reisenweber-berlin.de/" "Mozilla/5.0 (Linux; U; Android 4.1.2; de-de; GT-I9300 Build/JZO54K) AppleWebKit/534.30 (KHTML, like Gecko) Version/4.0 Mobile Safari/534.30"
66.249.78.164 - - [18/Aug/2013:17:58:55 +0200] "GET /aktuelles.html HTTP/1.1" 304 - "-" "Mozilla/5.0 (iPhone; U; CPU iPhone OS 4_1 like Mac OS X; en-us) AppleWebKit/532.9 (KHTML, like Gecko) Version/4.0.5 Mobile/8B117 Safari/6531.22.7 (compatible; Googlebot-Mobile/2.1; +http://www.google.com/bot.html)"
79.247.134.79 - - [18/Aug/2013:17:58:59 +0200] "GET /kontakt.html HTTP/1.1" 200 13504 "http://www.reisenweber-berlin.de/" "Mozilla/5.0 (Linux; U; Android 4.1.2; de-de; GT-I9300 Build/JZO54K) AppleWebKit/534.30 (KHTML, like Gecko) Version/4.0 Mobile Safari/534.30"
79.247.134.79 - - [18/Aug/2013:17:58:59 +0200] "GET /js/Panel.js HTTP/1.1" 200 13072 "http://www.reisenweber-berlin.de/kontakt.html" "Mozilla/5.0 (Linux; U; Android 4.1.2; de-de; GT-I9300 Build/JZO54K) AppleWebKit/534.30 (KHTML, like Gecko) Version/4.0 Mobile Safari/534.30"
79.247.134.79 - - [18/Aug/2013:17:58:59 +0200] "GET /css/Panel.css HTTP/1.1" 200 3497 "http://www.reisenweber-berlin.de/kontakt.html" "Mozilla/5.0 (Linux; U; Android 4.1.2; de-de; GT-I9300 Build/JZO54K) AppleWebKit/534.30 (KHTML, like Gecko) Version/4.0 Mobile Safari/534.30"
79.247.134.79 - - [18/Aug/2013:17:58:59 +0200] "GET /img/hg_tbl.jpg HTTP/1.1" 200 352 "http://www.reisenweber-berlin.de/kontakt.html" "Mozilla/5.0 (Linux; U; Android 4.1.2; de-de; GT-I9300 Build/JZO54K) AppleWebKit/534.30 (KHTML, like Gecko) Version/4.0 Mobile Safari/534.30"
79.247.134.79 - - [18/Aug/2013:17:59:13 +0200] "GET /uns.html HTTP/1.1" 200 8136 "http://www.reisenweber-berlin.de/kontakt.html" "Mozilla/5.0 (Linux; U; Android 4.1.2; de-de; GT-I9300 Build/JZO54K) AppleWebKit/534.30 (KHTML, like Gecko) Version/4.0 Mobile Safari/534.30"
79.247.134.79 - - [18/Aug/2013:17:59:13 +0200] "GET /css/lightbox.css HTTP/1.1" 200 3470 "http://www.reisenweber-berlin.de/uns.html" "Mozilla/5.0 (Linux; U; Android 4.1.2; de-de; GT-I9300 Build/JZO54K) AppleWebKit/534.30 (KHTML, like Gecko) Version/4.0 Mobile Safari/534.30"
79.247.134.79 - - [18/Aug/2013:17:59:13 +0200] "GET /js/scriptaculous.js?load=effects HTTP/1.1" 200 2152 "http://www.reisenweber-berlin.de/uns.html" "Mozilla/5.0 (Linux; U; Android 4.1.2; de-de; GT-I9300 Build/JZO54K) AppleWebKit/534.30 (KHTML, like Gecko) Version/4.0 Mobile Safari/534.30"
79.247.134.79 - - [18/Aug/2013:17:59:13 +0200] "GET /js/prototype.js HTTP/1.1" 200 47603 "http://www.reisenweber-berlin.de/uns.html" "Mozilla/5.0 (Linux; U; Android 4.1.2; de-de; GT-I9300 Build/JZO54K) AppleWebKit/534.30 (KHTML, like Gecko) Version/4.0 Mobile Safari/534.30"
79.247.134.79 - - [18/Aug/2013:17:59:13 +0200] "GET /js/lightbox.js HTTP/1.1" 200 23861 "http://www.reisenweber-berlin.de/uns.html" "Mozilla/5.0 (Linux; U; Android 4.1.2; de-de; GT-I9300 Build/JZO54K) AppleWebKit/534.30 (KHTML, like Gecko) Version/4.0 Mobile Safari/534.30"
79.247.134.79 - - [18/Aug/2013:17:59:13 +0200] "GET /js/effects.js HTTP/1.1" 200 31969 "http://www.reisenweber-berlin.de/uns.html" "Mozilla/5.0 (Linux; U; Android 4.1.2; de-de; GT-I9300 Build/JZO54K) AppleWebKit/534.30 (KHTML, like Gecko) Version/4.0 Mobile Safari/534.30"
79.247.134.79 - - [18/Aug/2013:17:59:13 +0200] "GET /img/laden.jpg HTTP/1.1" 200 25856 "http://www.reisenweber-berlin.de/uns.html" "Mozilla/5.0 (Linux; U; Android 4.1.2; de-de; GT-I9300 Build/JZO54K) AppleWebKit/534.30 (KHTML, like Gecko) Version/4.0 Mobile Safari/534.30"
79.247.134.79 - - [18/Aug/2013:17:59:13 +0200] "GET /img/damen-01.jpg HTTP/1.1" 200 6064 "http://www.reisenweber-berlin.de/uns.html" "Mozilla/5.0 (Linux; U; Android 4.1.2; de-de; GT-I9300 Build/JZO54K) AppleWebKit/534.30 (KHTML, like Gecko) Version/4.0 Mobile Safari/534.30"
79.247.134.79 - - [18/Aug/2013:17:59:13 +0200] "GET /img/damen-02.jpg HTTP/1.1" 200 6205 "http://www.reisenweber-berlin.de/uns.html" "Mozilla/5.0 (Linux; U; Android 4.1.2; de-de; GT-I9300 Build/JZO54K) AppleWebKit/534.30 (KHTML, like Gecko) Version/4.0 Mobile Safari/534.30"
79.247.134.79 - - [18/Aug/2013:17:59:13 +0200] "GET /img/damen-03.jpg HTTP/1.1" 200 7182 "http://www.reisenweber-berlin.de/uns.html" "Mozilla/5.0 (Linux; U; Android 4.1.2; de-de; GT-I9300 Build/JZO54K) AppleWebKit/534.30 (KHTML, like Gecko) Version/4.0 Mobile Safari/534.30"
79.247.134.79 - - [18/Aug/2013:17:59:13 +0200] "GET /img/damen-04.jpg HTTP/1.1" 200 7305 "http://www.reisenweber-berlin.de/uns.html" "Mozilla/5.0 (Linux; U; Android 4.1.2; de-de; GT-I9300 Build/JZO54K) AppleWebKit/534.30 (KHTML, like Gecko) Version/4.0 Mobile Safari/534.30"
79.247.134.79 - - [18/Aug/2013:17:59:13 +0200] "GET /images/loading.gif HTTP/1.1" 200 538 "http://www.reisenweber-berlin.de/uns.html" "Mozilla/5.0 (Linux; U; Android 4.1.2; de-de; GT-I9300 Build/JZO54K) AppleWebKit/534.30 (KHTML, like Gecko) Version/4.0 Mobile Safari/534.30"
79.247.134.79 - - [18/Aug/2013:17:59:13 +0200] "GET /images/close.png HTTP/1.1" 200 3137 "http://www.reisenweber-berlin.de/uns.html" "Mozilla/5.0 (Linux; U; Android 4.1.2; de-de; GT-I9300 Build/JZO54K) AppleWebKit/534.30 (KHTML, like Gecko) Version/4.0 Mobile Safari/534.30"
79.247.134.79 - - [18/Aug/2013:17:59:27 +0200] "GET /philosophie.html HTTP/1.1" 200 8754 "http://www.reisenweber-berlin.de/uns.html" "Mozilla/5.0 (Linux; U; Android 4.1.2; de-de; GT-I9300 Build/JZO54K) AppleWebKit/534.30 (KHTML, like Gecko) Version/4.0 Mobile Safari/534.30"
79.247.134.79 - - [18/Aug/2013:17:59:27 +0200] "GET /img/philosophie.png HTTP/1.1" 200 168751 "http://www.reisenweber-berlin.de/philosophie.html" "Mozilla/5.0 (Linux; U; Android 4.1.2; de-de; GT-I9300 Build/JZO54K) AppleWebKit/534.30 (KHTML, like Gecko) Version/4.0 Mobile Safari/534.30"
141.8.147.12 - - [18/Aug/2013:19:39:53 +0200] "GET /img/pfeil.gif HTTP/1.1" 304 - "-" "Mozilla/5.0 (compatible; YandexImages/3.0; +http://yandex.com/bots)"
141.8.147.12 - - [18/Aug/2013:20:34:47 +0200] "GET /img/aktuell-03_sw.png HTTP/1.1" 304 - "-" "Mozilla/5.0 (compatible; YandexImages/3.0; +http://yandex.com/bots)"
5.199.136.130 - - [18/Aug/2013:21:36:37 +0200] "GET /robots.txt HTTP/1.1" 404 1256 "-" "Mozilla/5.0 (compatible; Spiderlytics/1.0; +spider@spiderlytics.com)"
5.199.136.130 - - [18/Aug/2013:21:36:37 +0200] "GET /img/aktuell-02-GR.png HTTP/1.1" 200 1286351 "-" "Mozilla/5.0 (compatible; Spiderlytics/1.0; +spider@spiderlytics.com)"
173.199.114.75 - - [18/Aug/2013:21:56:46 +0200] "GET /img/damen-01-GR.jpg HTTP/1.1" 200 73479 "-" "Mozilla/5.0 (compatible; AhrefsBot/4.0; +http://ahrefs.com/robot/)"
141.8.147.12 - - [18/Aug/2013:22:11:45 +0200] "GET /img/aktuell-01-GR.png HTTP/1.1" 304 - "-" "Mozilla/5.0 (compatible; YandexImages/3.0; +http://yandex.com/bots)"
141.8.147.12 - - [18/Aug/2013:22:29:03 +0200] "GET /img/aktuell-08-GR.png HTTP/1.1" 304 - "-" "Mozilla/5.0 (compatible; YandexImages/3.0; +http://yandex.com/bots)"
5.199.136.130 - - [18/Aug/2013:22:37:07 +0200] "GET /robots.txt HTTP/1.1" 404 1256 "-" "Mozilla/5.0 (compatible; Spiderlytics/1.0; +spider@spiderlytics.com)"
5.199.136.130 - - [18/Aug/2013:22:37:07 +0200] "GET /philosophie.html HTTP/1.1" 200 8754 "-" "Mozilla/5.0 (compatible; Spiderlytics/1.0; +spider@spiderlytics.com)"
64.246.165.170 - - [18/Aug/2013:22:51:27 +0200] "GET /robots.txt HTTP/1.0" 404 1256 "-" "Mozilla/5.0 (Windows; U; Windows NT 5.1; en; rv:1.9.0.13) Gecko/2009073022 Firefox/3.5.2 (.NET CLR 3.5.30729) SurveyBot/2.3 (DomainTools)"
64.246.165.170 - - [18/Aug/2013:22:51:28 +0200] "GET / HTTP/1.1" 200 10105 "http://whois.domaintools.com/reisenweber-berlin.de" "Mozilla/5.0 (Windows; U; Windows NT 5.1; en; rv:1.9.0.13) Gecko/2009073022 Firefox/3.5.2 (.NET CLR 3.5.30729) SurveyBot/2.3 (DomainTools)"
5.199.136.130 - - [19/Aug/2013:00:50:04 +0200] "GET /robots.txt HTTP/1.1" 404 1256 "-" "Mozilla/5.0 (compatible; Spiderlytics/1.0; +spider@spiderlytics.com)"
5.199.136.130 - - [19/Aug/2013:00:50:04 +0200] "GET /img/laden.jpg HTTP/1.1" 200 25856 "-" "Mozilla/5.0 (compatible; Spiderlytics/1.0; +spider@spiderlytics.com)"
173.199.114.75 - - [19/Aug/2013:01:11:35 +0200] "GET /links.html HTTP/1.1" 200 8359 "-" "Mozilla/5.0 (compatible; AhrefsBot/4.0; +http://ahrefs.com/robot/)"
141.8.147.12 - - [19/Aug/2013:01:53:00 +0200] "GET /robots.txt HTTP/1.1" 404 1256 "-" "Mozilla/5.0 (compatible; YandexBot/3.0; +http://yandex.com/bots)"
141.8.147.12 - - [19/Aug/2013:01:53:02 +0200] "GET /img/aktuell-04_sw.png HTTP/1.1" 304 - "-" "Mozilla/5.0 (compatible; YandexImages/3.0; +http://yandex.com/bots)"
5.199.136.130 - - [19/Aug/2013:02:14:54 +0200] "GET /robots.txt HTTP/1.1" 404 1256 "-" "Mozilla/5.0 (compatible; Spiderlytics/1.0; +spider@spiderlytics.com)"
5.199.136.130 - - [19/Aug/2013:02:14:54 +0200] "GET /img/damen-03.jpg HTTP/1.1" 200 7182 "-" "Mozilla/5.0 (compatible; Spiderlytics/1.0; +spider@spiderlytics.com)"
173.199.114.75 - - [19/Aug/2013:02:18:41 +0200] "GET /kosmetik.html HTTP/1.1" 200 11730 "-" "Mozilla/5.0 (compatible; AhrefsBot/4.0; +http://ahrefs.com/robot/)"
5.199.136.130 - - [19/Aug/2013:02:51:45 +0200] "GET /img/damen-02.jpg HTTP/1.1" 200 6205 "-" "Mozilla/5.0 (compatible; Spiderlytics/1.0; +spider@spiderlytics.com)"
141.8.147.12 - - [19/Aug/2013:03:20:50 +0200] "GET /img/pfeil.gif HTTP/1.1" 304 - "-" "Mozilla/5.0 (compatible; YandexImages/3.0; +http://yandex.com/bots)"
173.199.114.75 - - [19/Aug/2013:03:29:49 +0200] "GET /img/aktuell-06-GR.png HTTP/1.1" 200 692896 "-" "Mozilla/5.0 (compatible; AhrefsBot/4.0; +http://ahrefs.com/robot/)"
141.8.147.12 - - [19/Aug/2013:03:33:07 +0200] "GET /img/aktuell-08-GR.png HTTP/1.1" 304 - "-" "Mozilla/5.0 (compatible; YandexImages/3.0; +http://yandex.com/bots)"
173.199.114.75 - - [19/Aug/2013:03:38:15 +0200] "GET /img/aktuell-07-GR.png HTTP/1.1" 200 922842 "-" "Mozilla/5.0 (compatible; AhrefsBot/4.0; +http://ahrefs.com/robot/)"
178.77.126.55 - - [19/Aug/2013:03:48:56 +0200] "GET /robots.txt HTTP/1.1" 404 1256 "-" "Mozilla/5.0 (compatible; CareerBot/1.1; +http://www.career-x.de/bot.html)"
178.77.126.55 - - [19/Aug/2013:03:48:56 +0200] "GET / HTTP/1.1" 200 10105 "-" "Mozilla/5.0 (compatible; CareerBot/1.1; +http://www.career-x.de/bot.html)"
178.77.126.55 - - [19/Aug/2013:03:48:56 +0200] "GET /uns.html HTTP/1.1" 200 8136 "-" "Mozilla/5.0 (compatible; CareerBot/1.1; +http://www.career-x.de/bot.html)"
66.249.78.164 - - [19/Aug/2013:04:34:07 +0200] "GET /robots.txt HTTP/1.1" 404 1256 "-" "Mozilla/5.0 (compatible; Googlebot/2.1; +http://www.google.com/bot.html)"
66.249.78.164 - - [19/Aug/2013:04:34:07 +0200] "GET /uns.html HTTP/1.1" 304 - "-" "Mozilla/5.0 (iPhone; U; CPU iPhone OS 4_1 like Mac OS X; en-us) AppleWebKit/532.9 (KHTML, like Gecko) Version/4.0.5 Mobile/8B117 Safari/6531.22.7 (compatible; Googlebot-Mobile/2.1; +http://www.google.com/bot.html)"
5.199.136.130 - - [19/Aug/2013:04:35:41 +0200] "GET /robots.txt HTTP/1.1" 404 1256 "-" "Mozilla/5.0 (compatible; Spiderlytics/1.0; +spider@spiderlytics.com)"
5.199.136.130 - - [19/Aug/2013:04:35:41 +0200] "GET /img/damen-01.jpg HTTP/1.1" 200 6064 "-" "Mozilla/5.0 (compatible; Spiderlytics/1.0; +spider@spiderlytics.com)"
173.199.114.75 - - [19/Aug/2013:04:44:20 +0200] "GET / HTTP/1.1" 200 10105 "-" "Mozilla/5.0 (compatible; AhrefsBot/4.0; +http://ahrefs.com/robot/)"
173.199.114.75 - - [19/Aug/2013:08:49:21 +0200] "GET /img/damen-05-GR.jpg HTTP/1.1" 200 73659 "-" "Mozilla/5.0 (compatible; AhrefsBot/4.0; +http://ahrefs.com/robot/)"
5.199.136.130 - - [19/Aug/2013:09:59:13 +0200] "GET /robots.txt HTTP/1.1" 404 1256 "-" "Mozilla/5.0 (compatible; Spiderlytics/1.0; +spider@spiderlytics.com)"
5.199.136.130 - - [19/Aug/2013:09:59:13 +0200] "GET /img/damen-03-GR.jpg HTTP/1.1" 200 97772 "-" "Mozilla/5.0 (compatible; Spiderlytics/1.0; +spider@spiderlytics.com)"
173.199.114.75 - - [19/Aug/2013:10:51:05 +0200] "GET /img/aktuell-03-GR.png HTTP/1.1" 200 786000 "-" "Mozilla/5.0 (compatible; AhrefsBot/4.0; +http://ahrefs.com/robot/)"
141.8.147.12 - - [19/Aug/2013:11:46:20 +0200] "GET /img/pfeil.gif HTTP/1.1" 304 - "-" "Mozilla/5.0 (compatible; YandexImages/3.0; +http://yandex.com/bots)"
91.22.178.173 - - [19/Aug/2013:13:58:33 +0200] "GET / HTTP/1.1" 200 10105 "http://de.search.yahoo.com/mobile/s?rewrite=72&.tsrc=apple&first=1&p=fris%C3%B6r+gubener+str&pintl=ru&pcarrier=Vodafone.de&pmcc=262&pmnc=02&fr=onesearch" "Mozilla/5.0 (iPhone; CPU iPhone OS 5_0_1 like Mac OS X) AppleWebKit/534.46 (KHTML, like Gecko) Version/5.1 Mobile/9A405 Safari/7534.48.3"
91.22.178.173 - - [19/Aug/2013:13:58:34 +0200] "GET /css/style.css HTTP/1.1" 200 3765 "http://www.reisenweber-berlin.de/" "Mozilla/5.0 (iPhone; CPU iPhone OS 5_0_1 like Mac OS X) AppleWebKit/534.46 (KHTML, like Gecko) Version/5.1 Mobile/9A405 Safari/7534.48.3"
91.22.178.173 - - [19/Aug/2013:13:58:34 +0200] "GET /Scripts/AC_RunActiveContent.js HTTP/1.1" 200 8029 "http://www.reisenweber-berlin.de/" "Mozilla/5.0 (iPhone; CPU iPhone OS 5_0_1 like Mac OS X) AppleWebKit/534.46 (KHTML, like Gecko) Version/5.1 Mobile/9A405 Safari/7534.48.3"
91.22.178.173 - - [19/Aug/2013:13:58:34 +0200] "GET /Scripts/AC_ActiveX.js HTTP/1.1" 200 2068 "http://www.reisenweber-berlin.de/" "Mozilla/5.0 (iPhone; CPU iPhone OS 5_0_1 like Mac OS X) AppleWebKit/534.46 (KHTML, like Gecko) Version/5.1 Mobile/9A405 Safari/7534.48.3"
91.22.178.173 - - [19/Aug/2013:13:58:34 +0200] "GET /img/spacer.gif HTTP/1.1" 200 43 "http://www.reisenweber-berlin.de/" "Mozilla/5.0 (iPhone; CPU iPhone OS 5_0_1 like Mac OS X) AppleWebKit/534.46 (KHTML, like Gecko) Version/5.1 Mobile/9A405 Safari/7534.48.3"
91.22.178.173 - - [19/Aug/2013:13:58:34 +0200] "GET /img/pfeil.gif HTTP/1.1" 200 85 "http://www.reisenweber-berlin.de/" "Mozilla/5.0 (iPhone; CPU iPhone OS 5_0_1 like Mac OS X) AppleWebKit/534.46 (KHTML, like Gecko) Version/5.1 Mobile/9A405 Safari/7534.48.3"
91.22.178.173 - - [19/Aug/2013:13:58:34 +0200] "GET /img/corner03.png HTTP/1.1" 200 266 "http://www.reisenweber-berlin.de/" "Mozilla/5.0 (iPhone; CPU iPhone OS 5_0_1 like Mac OS X) AppleWebKit/534.46 (KHTML, like Gecko) Version/5.1 Mobile/9A405 Safari/7534.48.3"
91.22.178.173 - - [19/Aug/2013:13:58:34 +0200] "GET /img/FACEBOOK.png HTTP/1.1" 200 1159 "http://www.reisenweber-berlin.de/" "Mozilla/5.0 (iPhone; CPU iPhone OS 5_0_1 like Mac OS X) AppleWebKit/534.46 (KHTML, like Gecko) Version/5.1 Mobile/9A405 Safari/7534.48.3"
91.22.178.173 - - [19/Aug/2013:13:58:34 +0200] "GET /img/hg.jpg HTTP/1.1" 200 44355 "http://www.reisenweber-berlin.de/" "Mozilla/5.0 (iPhone; CPU iPhone OS 5_0_1 like Mac OS X) AppleWebKit/534.46 (KHTML, like Gecko) Version/5.1 Mobile/9A405 Safari/7534.48.3"
91.22.178.173 - - [19/Aug/2013:13:58:34 +0200] "GET /img/corner01.png HTTP/1.1" 200 163 "http://www.reisenweber-berlin.de/" "Mozilla/5.0 (iPhone; CPU iPhone OS 5_0_1 like Mac OS X) AppleWebKit/534.46 (KHTML, like Gecko) Version/5.1 Mobile/9A405 Safari/7534.48.3"
91.22.178.173 - - [19/Aug/2013:13:58:34 +0200] "GET /img/pfeil-grau.gif HTTP/1.1" 200 73 "http://www.reisenweber-berlin.de/" "Mozilla/5.0 (iPhone; CPU iPhone OS 5_0_1 like Mac OS X) AppleWebKit/534.46 (KHTML, like Gecko) Version/5.1 Mobile/9A405 Safari/7534.48.3"
91.22.178.173 - - [19/Aug/2013:13:58:34 +0200] "GET /img/corner04.png HTTP/1.1" 200 203 "http://www.reisenweber-berlin.de/" "Mozilla/5.0 (iPhone; CPU iPhone OS 5_0_1 like Mac OS X) AppleWebKit/534.46 (KHTML, like Gecko) Version/5.1 Mobile/9A405 Safari/7534.48.3"
91.22.178.173 - - [19/Aug/2013:13:58:34 +0200] "GET /img/corner02.png HTTP/1.1" 200 190 "http://www.reisenweber-berlin.de/" "Mozilla/5.0 (iPhone; CPU iPhone OS 5_0_1 like Mac OS X) AppleWebKit/534.46 (KHTML, like Gecko) Version/5.1 Mobile/9A405 Safari/7534.48.3"
91.22.178.173 - - [19/Aug/2013:13:58:34 +0200] "GET /img/tbl_bottom.png HTTP/1.1" 200 168 "http://www.reisenweber-berlin.de/" "Mozilla/5.0 (iPhone; CPU iPhone OS 5_0_1 like Mac OS X) AppleWebKit/534.46 (KHTML, like Gecko) Version/5.1 Mobile/9A405 Safari/7534.48.3"
91.22.178.173 - - [19/Aug/2013:13:58:35 +0200] "GET /img/tbl_right.png HTTP/1.1" 200 227 "http://www.reisenweber-berlin.de/" "Mozilla/5.0 (iPhone; CPU iPhone OS 5_0_1 like Mac OS X) AppleWebKit/534.46 (KHTML, like Gecko) Version/5.1 Mobile/9A405 Safari/7534.48.3"
91.22.178.173 - - [19/Aug/2013:13:58:35 +0200] "GET /img/tbl_left.png HTTP/1.1" 200 236 "http://www.reisenweber-berlin.de/" "Mozilla/5.0 (iPhone; CPU iPhone OS 5_0_1 like Mac OS X) AppleWebKit/534.46 (KHTML, like Gecko) Version/5.1 Mobile/9A405 Safari/7534.48.3"
91.22.178.173 - - [19/Aug/2013:13:58:35 +0200] "GET /img/tbl_down.png HTTP/1.1" 200 197 "http://www.reisenweber-berlin.de/" "Mozilla/5.0 (iPhone; CPU iPhone OS 5_0_1 like Mac OS X) AppleWebKit/534.46 (KHTML, like Gecko) Version/5.1 Mobile/9A405 Safari/7534.48.3"
91.22.178.173 - - [19/Aug/2013:13:58:35 +0200] "GET /img/HG_news.png HTTP/1.1" 200 212 "http://www.reisenweber-berlin.de/" "Mozilla/5.0 (iPhone; CPU iPhone OS 5_0_1 like Mac OS X) AppleWebKit/534.46 (KHTML, like Gecko) Version/5.1 Mobile/9A405 Safari/7534.48.3"
91.22.178.173 - - [19/Aug/2013:13:58:35 +0200] "GET /img/hg_tbl.png HTTP/1.1" 200 190 "http://www.reisenweber-berlin.de/" "Mozilla/5.0 (iPhone; CPU iPhone OS 5_0_1 like Mac OS X) AppleWebKit/534.46 (KHTML, like Gecko) Version/5.1 Mobile/9A405 Safari/7534.48.3"
141.8.147.12 - - [19/Aug/2013:14:43:36 +0200] "GET /robots.txt HTTP/1.1" 404 1256 "-" "Mozilla/5.0 (compatible; YandexBot/3.0; +http://yandex.com/bots)"
66.249.78.164 - - [19/Aug/2013:15:09:41 +0200] "GET /robots.txt HTTP/1.1" 404 1256 "-" "Mozilla/5.0 (compatible; Googlebot/2.1; +http://www.google.com/bot.html)"
66.249.78.164 - - [19/Aug/2013:15:09:41 +0200] "GET /kontakt.html HTTP/1.1" 304 - "-" "Mozilla/5.0 (compatible; Googlebot/2.1; +http://www.google.com/bot.html)"
178.19.210.194 - - [19/Aug/2013:15:47:42 +0200] "GET / HTTP/1.1" 200 10105 "https://www.google.pt/" "Mozilla/5.0 (Windows NT 6.1; WOW64) AppleWebKit/537.36 (KHTML, like Gecko) Chrome/28.0.1500.95 Safari/537.36"
178.19.210.194 - - [19/Aug/2013:15:47:43 +0200] "GET /css/style.css HTTP/1.1" 200 3765 "http://www.reisenweber-berlin.de/" "Mozilla/5.0 (Windows NT 6.1; WOW64) AppleWebKit/537.36 (KHTML, like Gecko) Chrome/28.0.1500.95 Safari/537.36"
178.19.210.194 - - [19/Aug/2013:15:47:43 +0200] "GET /Scripts/AC_RunActiveContent.js HTTP/1.1" 200 8029 "http://www.reisenweber-berlin.de/" "Mozilla/5.0 (Windows NT 6.1; WOW64) AppleWebKit/537.36 (KHTML, like Gecko) Chrome/28.0.1500.95 Safari/537.36"
178.19.210.194 - - [19/Aug/2013:15:47:43 +0200] "GET /Scripts/AC_ActiveX.js HTTP/1.1" 200 2068 "http://www.reisenweber-berlin.de/" "Mozilla/5.0 (Windows NT 6.1; WOW64) AppleWebKit/537.36 (KHTML, like Gecko) Chrome/28.0.1500.95 Safari/537.36"
178.19.210.194 - - [19/Aug/2013:15:47:43 +0200] "GET /img/spacer.gif HTTP/1.1" 200 43 "http://www.reisenweber-berlin.de/" "Mozilla/5.0 (Windows NT 6.1; WOW64) AppleWebKit/537.36 (KHTML, like Gecko) Chrome/28.0.1500.95 Safari/537.36"
178.19.210.194 - - [19/Aug/2013:15:47:43 +0200] "GET /img/pfeil.gif HTTP/1.1" 200 85 "http://www.reisenweber-berlin.de/" "Mozilla/5.0 (Windows NT 6.1; WOW64) AppleWebKit/537.36 (KHTML, like Gecko) Chrome/28.0.1500.95 Safari/537.36"
178.19.210.194 - - [19/Aug/2013:15:47:43 +0200] "GET /img/corner02.png HTTP/1.1" 200 190 "http://www.reisenweber-berlin.de/" "Mozilla/5.0 (Windows NT 6.1; WOW64) AppleWebKit/537.36 (KHTML, like Gecko) Chrome/28.0.1500.95 Safari/537.36"
178.19.210.194 - - [19/Aug/2013:15:47:43 +0200] "GET /img/corner01.png HTTP/1.1" 200 163 "http://www.reisenweber-berlin.de/" "Mozilla/5.0 (Windows NT 6.1; WOW64) AppleWebKit/537.36 (KHTML, like Gecko) Chrome/28.0.1500.95 Safari/537.36"
178.19.210.194 - - [19/Aug/2013:15:47:43 +0200] "GET /img/pfeil-grau.gif HTTP/1.1" 200 73 "http://www.reisenweber-berlin.de/" "Mozilla/5.0 (Windows NT 6.1; WOW64) AppleWebKit/537.36 (KHTML, like Gecko) Chrome/28.0.1500.95 Safari/537.36"
178.19.210.194 - - [19/Aug/2013:15:47:43 +0200] "GET /img/corner04.png HTTP/1.1" 200 203 "http://www.reisenweber-berlin.de/" "Mozilla/5.0 (Windows NT 6.1; WOW64) AppleWebKit/537.36 (KHTML, like Gecko) Chrome/28.0.1500.95 Safari/537.36"
178.19.210.194 - - [19/Aug/2013:15:47:43 +0200] "GET /img/corner03.png HTTP/1.1" 200 266 "http://www.reisenweber-berlin.de/" "Mozilla/5.0 (Windows NT 6.1; WOW64) AppleWebKit/537.36 (KHTML, like Gecko) Chrome/28.0.1500.95 Safari/537.36"
178.19.210.194 - - [19/Aug/2013:15:47:43 +0200] "GET /img/FACEBOOK.png HTTP/1.1" 200 1159 "http://www.reisenweber-berlin.de/" "Mozilla/5.0 (Windows NT 6.1; WOW64) AppleWebKit/537.36 (KHTML, like Gecko) Chrome/28.0.1500.95 Safari/537.36"
178.19.210.194 - - [19/Aug/2013:15:47:43 +0200] "GET /img/tbl_bottom.png HTTP/1.1" 200 168 "http://www.reisenweber-berlin.de/" "Mozilla/5.0 (Windows NT 6.1; WOW64) AppleWebKit/537.36 (KHTML, like Gecko) Chrome/28.0.1500.95 Safari/537.36"
178.19.210.194 - - [19/Aug/2013:15:47:43 +0200] "GET /img/tbl_left.png HTTP/1.1" 200 236 "http://www.reisenweber-berlin.de/" "Mozilla/5.0 (Windows NT 6.1; WOW64) AppleWebKit/537.36 (KHTML, like Gecko) Chrome/28.0.1500.95 Safari/537.36"
178.19.210.194 - - [19/Aug/2013:15:47:43 +0200] "GET /img/hg_tbl.png HTTP/1.1" 200 190 "http://www.reisenweber-berlin.de/" "Mozilla/5.0 (Windows NT 6.1; WOW64) AppleWebKit/537.36 (KHTML, like Gecko) Chrome/28.0.1500.95 Safari/537.36"
178.19.210.194 - - [19/Aug/2013:15:47:43 +0200] "GET /img/HG_news.png HTTP/1.1" 200 212 "http://www.reisenweber-berlin.de/" "Mozilla/5.0 (Windows NT 6.1; WOW64) AppleWebKit/537.36 (KHTML, like Gecko) Chrome/28.0.1500.95 Safari/537.36"
178.19.210.194 - - [19/Aug/2013:15:47:43 +0200] "GET /img/tbl_right.png HTTP/1.1" 200 227 "http://www.reisenweber-berlin.de/" "Mozilla/5.0 (Windows NT 6.1; WOW64) AppleWebKit/537.36 (KHTML, like Gecko) Chrome/28.0.1500.95 Safari/537.36"
178.19.210.194 - - [19/Aug/2013:15:47:43 +0200] "GET /img/tbl_down.png HTTP/1.1" 200 197 "http://www.reisenweber-berlin.de/" "Mozilla/5.0 (Windows NT 6.1; WOW64) AppleWebKit/537.36 (KHTML, like Gecko) Chrome/28.0.1500.95 Safari/537.36"
178.19.210.194 - - [19/Aug/2013:15:47:43 +0200] "GET /img/hg.jpg HTTP/1.1" 200 44355 "http://www.reisenweber-berlin.de/" "Mozilla/5.0 (Windows NT 6.1; WOW64) AppleWebKit/537.36 (KHTML, like Gecko) Chrome/28.0.1500.95 Safari/537.36"
178.19.210.194 - - [19/Aug/2013:15:47:43 +0200] "GET /reisenweber_ani.swf HTTP/1.1" 200 60314 "http://www.reisenweber-berlin.de/" "Mozilla/5.0 (Windows NT 6.1; WOW64) AppleWebKit/537.36 (KHTML, like Gecko) Chrome/28.0.1500.95 Safari/537.36"
178.19.210.194 - - [19/Aug/2013:15:47:43 +0200] "GET /favicon.ico HTTP/1.1" 404 1256 "-" "Mozilla/5.0 (Windows NT 6.1; WOW64) AppleWebKit/537.36 (KHTML, like Gecko) Chrome/28.0.1500.95 Safari/537.36"
178.19.210.194 - - [19/Aug/2013:15:47:43 +0200] "GET /pics/1.jpg HTTP/1.1" 200 104529 "http://www.reisenweber-berlin.de/" "Mozilla/5.0 (Windows NT 6.1; WOW64) AppleWebKit/537.36 (KHTML, like Gecko) Chrome/28.0.1500.95 Safari/537.36"
178.19.210.194 - - [19/Aug/2013:15:47:49 +0200] "GET /favicon.ico HTTP/1.1" 404 1256 "-" "Mozilla/5.0 (Windows NT 6.1; WOW64) AppleWebKit/537.36 (KHTML, like Gecko) Chrome/28.0.1500.95 Safari/537.36"
178.19.210.194 - - [19/Aug/2013:15:47:49 +0200] "GET /favicon.ico HTTP/1.1" 404 1256 "-" "Mozilla/5.0 (Windows NT 6.1; WOW64) AppleWebKit/537.36 (KHTML, like Gecko) Chrome/28.0.1500.95 Safari/537.36"
178.19.210.194 - - [19/Aug/2013:15:47:49 +0200] "GET /favicon.ico HTTP/1.1" 404 1256 "-" "Mozilla/5.0 (Windows NT 6.1; WOW64) AppleWebKit/537.36 (KHTML, like Gecko) Chrome/28.0.1500.95 Safari/537.36"
178.19.210.194 - - [19/Aug/2013:15:47:51 +0200] "GET /pics/2.jpg HTTP/1.1" 200 107549 "http://www.reisenweber-berlin.de/" "Mozilla/5.0 (Windows NT 6.1; WOW64) AppleWebKit/537.36 (KHTML, like Gecko) Chrome/28.0.1500.95 Safari/537.36"
178.19.210.194 - - [19/Aug/2013:15:47:58 +0200] "GET /pics/3.jpg HTTP/1.1" 200 149645 "http://www.reisenweber-berlin.de/" "Mozilla/5.0 (Windows NT 6.1; WOW64) AppleWebKit/537.36 (KHTML, like Gecko) Chrome/28.0.1500.95 Safari/537.36"
178.19.210.194 - - [19/Aug/2013:15:48:05 +0200] "GET /pics/4.jpg HTTP/1.1" 200 165768 "http://www.reisenweber-berlin.de/" "Mozilla/5.0 (Windows NT 6.1; WOW64) AppleWebKit/537.36 (KHTML, like Gecko) Chrome/28.0.1500.95 Safari/537.36"
66.249.78.164 - - [19/Aug/2013:16:03:41 +0200] "GET /uns.html HTTP/1.1" 304 - "-" "Mozilla/5.0 (compatible; Googlebot/2.1; +http://www.google.com/bot.html)"
5.199.136.130 - - [19/Aug/2013:16:13:27 +0200] "GET /robots.txt HTTP/1.1" 404 1256 "-" "Mozilla/5.0 (compatible; Spiderlytics/1.0; +spider@spiderlytics.com)"
5.199.136.130 - - [19/Aug/2013:16:13:27 +0200] "GET /haare.html HTTP/1.1" 200 19161 "-" "Mozilla/5.0 (compatible; Spiderlytics/1.0; +spider@spiderlytics.com)"
208.115.113.83 - - [19/Aug/2013:16:13:56 +0200] "GET /robots.txt HTTP/1.1" 404 1256 "-" "Mozilla/5.0 (compatible; Ezooms/1.0; ezooms.bot@gmail.com)"
109.45.0.152 - - [19/Aug/2013:16:46:47 +0200] "GET / HTTP/1.1" 200 10105 "http://www.google.de/search?hl=de&redir_esc=&client=ms-android-hms-vf-de&source=android-launcher-search&v=133247963&qsubts=1376923534658&action=devloc&q=reisenweber&v=133247963" "Mozilla/5.0 (Linux; U; Android 2.3.5; de-de; HTC/DesireS/2.10.161.5 Build/GRJ90) AppleWebKit/533.1 (KHTML, like Gecko) Version/4.0 Mobile Safari/533.1"
109.45.0.152 - - [19/Aug/2013:16:46:47 +0200] "GET /Scripts/AC_ActiveX.js HTTP/1.1" 200 2068 "http://www.reisenweber-berlin.de/" "Mozilla/5.0 (Linux; U; Android 2.3.5; de-de; HTC/DesireS/2.10.161.5 Build/GRJ90) AppleWebKit/533.1 (KHTML, like Gecko) Version/4.0 Mobile Safari/533.1"
109.45.0.152 - - [19/Aug/2013:16:46:47 +0200] "GET /Scripts/AC_RunActiveContent.js HTTP/1.1" 200 8029 "http://www.reisenweber-berlin.de/" "Mozilla/5.0 (Linux; U; Android 2.3.5; de-de; HTC/DesireS/2.10.161.5 Build/GRJ90) AppleWebKit/533.1 (KHTML, like Gecko) Version/4.0 Mobile Safari/533.1"
109.45.0.152 - - [19/Aug/2013:16:46:47 +0200] "GET /css/style.css HTTP/1.1" 200 3765 "http://www.reisenweber-berlin.de/" "Mozilla/5.0 (Linux; U; Android 2.3.5; de-de; HTC/DesireS/2.10.161.5 Build/GRJ90) AppleWebKit/533.1 (KHTML, like Gecko) Version/4.0 Mobile Safari/533.1"
109.45.0.152 - - [19/Aug/2013:16:46:47 +0200] "GET /img/spacer.gif HTTP/1.1" 200 43 "http://www.reisenweber-berlin.de/" "Mozilla/5.0 (Linux; U; Android 2.3.5; de-de; HTC/DesireS/2.10.161.5 Build/GRJ90) AppleWebKit/533.1 (KHTML, like Gecko) Version/4.0 Mobile Safari/533.1"
109.45.0.152 - - [19/Aug/2013:16:46:48 +0200] "GET /img/tbl_right.png HTTP/1.1" 200 227 "http://www.reisenweber-berlin.de/" "Mozilla/5.0 (Linux; U; Android 2.3.5; de-de; HTC/DesireS/2.10.161.5 Build/GRJ90) AppleWebKit/533.1 (KHTML, like Gecko) Version/4.0 Mobile Safari/533.1"
109.45.0.152 - - [19/Aug/2013:16:46:48 +0200] "GET /img/tbl_bottom.png HTTP/1.1" 200 168 "http://www.reisenweber-berlin.de/" "Mozilla/5.0 (Linux; U; Android 2.3.5; de-de; HTC/DesireS/2.10.161.5 Build/GRJ90) AppleWebKit/533.1 (KHTML, like Gecko) Version/4.0 Mobile Safari/533.1"
109.45.0.152 - - [19/Aug/2013:16:46:48 +0200] "GET /img/tbl_left.png HTTP/1.1" 200 236 "http://www.reisenweber-berlin.de/" "Mozilla/5.0 (Linux; U; Android 2.3.5; de-de; HTC/DesireS/2.10.161.5 Build/GRJ90) AppleWebKit/533.1 (KHTML, like Gecko) Version/4.0 Mobile Safari/533.1"
109.45.0.152 - - [19/Aug/2013:16:46:48 +0200] "GET /img/tbl_down.png HTTP/1.1" 200 197 "http://www.reisenweber-berlin.de/" "Mozilla/5.0 (Linux; U; Android 2.3.5; de-de; HTC/DesireS/2.10.161.5 Build/GRJ90) AppleWebKit/533.1 (KHTML, like Gecko) Version/4.0 Mobile Safari/533.1"
109.45.0.152 - - [19/Aug/2013:16:46:48 +0200] "GET /img/pfeil.gif HTTP/1.1" 200 85 "http://www.reisenweber-berlin.de/" "Mozilla/5.0 (Linux; U; Android 2.3.5; de-de; HTC/DesireS/2.10.161.5 Build/GRJ90) AppleWebKit/533.1 (KHTML, like Gecko) Version/4.0 Mobile Safari/533.1"
109.45.0.152 - - [19/Aug/2013:16:46:48 +0200] "GET /img/corner01.png HTTP/1.1" 200 163 "http://www.reisenweber-berlin.de/" "Mozilla/5.0 (Linux; U; Android 2.3.5; de-de; HTC/DesireS/2.10.161.5 Build/GRJ90) AppleWebKit/533.1 (KHTML, like Gecko) Version/4.0 Mobile Safari/533.1"
109.45.0.152 - - [19/Aug/2013:16:46:48 +0200] "GET /img/corner02.png HTTP/1.1" 200 190 "http://www.reisenweber-berlin.de/" "Mozilla/5.0 (Linux; U; Android 2.3.5; de-de; HTC/DesireS/2.10.161.5 Build/GRJ90) AppleWebKit/533.1 (KHTML, like Gecko) Version/4.0 Mobile Safari/533.1"
109.45.0.152 - - [19/Aug/2013:16:46:48 +0200] "GET /img/hg_tbl.png HTTP/1.1" 200 190 "http://www.reisenweber-berlin.de/" "Mozilla/5.0 (Linux; U; Android 2.3.5; de-de; HTC/DesireS/2.10.161.5 Build/GRJ90) AppleWebKit/533.1 (KHTML, like Gecko) Version/4.0 Mobile Safari/533.1"
109.45.0.152 - - [19/Aug/2013:16:46:48 +0200] "GET /img/pfeil-grau.gif HTTP/1.1" 200 73 "http://www.reisenweber-berlin.de/" "Mozilla/5.0 (Linux; U; Android 2.3.5; de-de; HTC/DesireS/2.10.161.5 Build/GRJ90) AppleWebKit/533.1 (KHTML, like Gecko) Version/4.0 Mobile Safari/533.1"
109.45.0.152 - - [19/Aug/2013:16:46:47 +0200] "GET /img/hg.jpg HTTP/1.1" 200 44355 "http://www.reisenweber-berlin.de/" "Mozilla/5.0 (Linux; U; Android 2.3.5; de-de; HTC/DesireS/2.10.161.5 Build/GRJ90) AppleWebKit/533.1 (KHTML, like Gecko) Version/4.0 Mobile Safari/533.1"
109.45.0.152 - - [19/Aug/2013:16:46:48 +0200] "GET /img/corner04.png HTTP/1.1" 200 203 "http://www.reisenweber-berlin.de/" "Mozilla/5.0 (Linux; U; Android 2.3.5; de-de; HTC/DesireS/2.10.161.5 Build/GRJ90) AppleWebKit/533.1 (KHTML, like Gecko) Version/4.0 Mobile Safari/533.1"
109.45.0.152 - - [19/Aug/2013:16:46:48 +0200] "GET /img/corner03.png HTTP/1.1" 200 266 "http://www.reisenweber-berlin.de/" "Mozilla/5.0 (Linux; U; Android 2.3.5; de-de; HTC/DesireS/2.10.161.5 Build/GRJ90) AppleWebKit/533.1 (KHTML, like Gecko) Version/4.0 Mobile Safari/533.1"
109.45.0.152 - - [19/Aug/2013:16:46:48 +0200] "GET /img/FACEBOOK.png HTTP/1.1" 200 1159 "http://www.reisenweber-berlin.de/" "Mozilla/5.0 (Linux; U; Android 2.3.5; de-de; HTC/DesireS/2.10.161.5 Build/GRJ90) AppleWebKit/533.1 (KHTML, like Gecko) Version/4.0 Mobile Safari/533.1"
109.45.0.152 - - [19/Aug/2013:16:46:48 +0200] "GET /img/HG_news.png HTTP/1.1" 200 212 "http://www.reisenweber-berlin.de/" "Mozilla/5.0 (Linux; U; Android 2.3.5; de-de; HTC/DesireS/2.10.161.5 Build/GRJ90) AppleWebKit/533.1 (KHTML, like Gecko) Version/4.0 Mobile Safari/533.1"
109.45.0.152 - - [19/Aug/2013:16:46:51 +0200] "GET /favicon.ico HTTP/1.1" 404 1256 "http://www.reisenweber-berlin.de/" "Mozilla/5.0 (Linux; U; Android 2.3.5; de-de; HTC/DesireS/2.10.161.5 Build/GRJ90) AppleWebKit/533.1 (KHTML, like Gecko) Version/4.0 Mobile Safari/533.1"
109.45.0.152 - - [19/Aug/2013:16:46:52 +0200] "GET /reisenweber_ani.swf HTTP/1.1" 200 60314 "http://www.reisenweber-berlin.de/" "Mozilla/5.0 (Linux; U; Android 2.3.5; de-de; HTC/DesireS/2.10.161.5 Build/GRJ90) AppleWebKit/533.1 (KHTML, like Gecko) Version/4.0 Mobile Safari/533.1"
109.45.0.152 - - [19/Aug/2013:16:46:53 +0200] "GET /pics/4.jpg HTTP/1.1" 200 165768 "http://www.reisenweber-berlin.de/reisenweber_ani.swf" "Mozilla/5.0 (Linux; U; Android 2.3.5; de-de; HTC/DesireS/2.10.161.5 Build/GRJ90) AppleWebKit/533.1 (KHTML, like Gecko) Version/4.0 Mobile Safari/533.1"
66.249.78.164 - - [19/Aug/2013:17:24:34 +0200] "GET /leistungen.html HTTP/1.1" 304 - "-" "Mozilla/5.0 (compatible; Googlebot/2.1; +http://www.google.com/bot.html)"
66.249.78.164 - - [19/Aug/2013:18:00:35 +0200] "GET /produkte.html HTTP/1.1" 304 - "-" "Mozilla/5.0 (compatible; Googlebot/2.1; +http://www.google.com/bot.html)"
66.249.78.164 - - [19/Aug/2013:18:12:29 +0200] "GET /leistungen.html HTTP/1.1" 304 - "-" "Mozilla/5.0 (iPhone; U; CPU iPhone OS 4_1 like Mac OS X; en-us) AppleWebKit/532.9 (KHTML, like Gecko) Version/4.0.5 Mobile/8B117 Safari/6531.22.7 (compatible; Googlebot-Mobile/2.1; +http://www.google.com/bot.html)"
208.115.113.83 - - [19/Aug/2013:18:32:13 +0200] "GET / HTTP/1.1" 200 10105 "-" "Mozilla/5.0 (compatible; Ezooms/1.0; ezooms.bot@gmail.com)"
173.199.114.75 - - [19/Aug/2013:18:41:54 +0200] "GET /index.html HTTP/1.1" 200 10105 "-" "Mozilla/5.0 (compatible; AhrefsBot/4.0; +http://ahrefs.com/robot/)"
173.199.114.75 - - [19/Aug/2013:19:08:27 +0200] "GET /img/aktuell-04-GR.png HTTP/1.1" 200 913917 "-" "Mozilla/5.0 (compatible; AhrefsBot/4.0; +http://ahrefs.com/robot/)"
66.249.78.164 - - [19/Aug/2013:19:39:36 +0200] "GET /kosmetik.html HTTP/1.1" 304 - "-" "Mozilla/5.0 (compatible; Googlebot/2.1; +http://www.google.com/bot.html)"
131.253.26.230 - - [19/Aug/2013:22:28:44 +0200] "GET /haare.html HTTP/1.1" 200 19161 "-" "Mozilla/4.0 (compatible; MSIE 7.0; Windows NT 5.2; SV1; .NET CLR 1.1.4322; .NET CLR 2.0.40607; .NET CLR 3.0.30729; .NET CLR 3.5.30729; MS-RTC LM 8)"
131.253.26.230 - - [19/Aug/2013:22:28:47 +0200] "GET /Scripts/AC_RunActiveContent.js HTTP/1.1" 200 8029 "http://www.reisenweber-berlin.de/haare.html" "Mozilla/4.0 (compatible; MSIE 7.0; Windows NT 5.2; SV1; .NET CLR 1.1.4322; .NET CLR 2.0.40607; .NET CLR 3.0.30729; .NET CLR 3.5.30729; MS-RTC LM 8)"
65.55.211.251 - - [19/Aug/2013:22:28:47 +0200] "GET /css/style.css HTTP/1.1" 200 3765 "http://www.reisenweber-berlin.de/haare.html" "Mozilla/4.0 (compatible; MSIE 7.0; Windows NT 5.2; SV1; .NET CLR 1.1.4322; .NET CLR 2.0.40607; .NET CLR 3.0.30729; .NET CLR 3.5.30729; MS-RTC LM 8)"
