141.8.147.12 - - [01/Jan/2015:17:46:19 +0100] "GET /robots.txt HTTP/1.1" 200 298 "-" "Mozilla/5.0 (compatible; YandexBot/3.0; +http://yandex.com/bots)"
141.8.147.12 - - [01/Jan/2015:17:48:50 +0100] "GET / HTTP/1.1" 200 15853 "-" "Mozilla/5.0 (compatible; YandexBot/3.0; +http://yandex.com/bots)"
176.31.182.167 - - [01/Jan/2015:18:20:08 +0100] "GET /impressum/impressum.html HTTP/1.1" 200 7872 "-" "Java/1.7.0_65"
84.144.47.95 - - [01/Jan/2015:19:02:53 +0100] "GET /env/roland/sc880.html HTTP/1.1" 200 17092 "http://www.google.de/url?sa=t&rct=j&q=&esrc=s&source=web&cd=2&ved=0CCYQFjAB&url=http%3A%2F%2Fwww.soundpatcher.de%2Fenv%2Froland%2Fsc880.html&ei=l4ulVMOQI8nBPIT5gLgC&usg=AFQjCNE-xoNVe_AmJxmCe9F3tlsn89P4Hw&bvm=bv.82001339,d.ZWU" "Mozilla/5.0 (Macintosh; Intel Mac OS X 10_10_1) AppleWebKit/600.2.5 (KHTML, like Gecko) Version/8.0 Safari/600.1.25"
84.144.47.95 - - [01/Jan/2015:19:02:53 +0100] "GET /env/roland/images/pixel.gif HTTP/1.1" 200 43 "http://www.soundpatcher.de/env/roland/sc880.html" "Mozilla/5.0 (Macintosh; Intel Mac OS X 10_10_1) AppleWebKit/600.2.5 (KHTML, like Gecko) Version/8.0 Safari/600.1.25"
84.144.47.95 - - [01/Jan/2015:19:02:53 +0100] "GET /env/roland/images/span.jpg HTTP/1.1" 200 811 "http://www.soundpatcher.de/env/roland/sc880.html" "Mozilla/5.0 (Macintosh; Intel Mac OS X 10_10_1) AppleWebKit/600.2.5 (KHTML, like Gecko) Version/8.0 Safari/600.1.25"
84.144.47.95 - - [01/Jan/2015:19:02:53 +0100] "GET /env/roland/images/logo_big.jpg HTTP/1.1" 200 12681 "http://www.soundpatcher.de/env/roland/sc880.html" "Mozilla/5.0 (Macintosh; Intel Mac OS X 10_10_1) AppleWebKit/600.2.5 (KHTML, like Gecko) Version/8.0 Safari/600.1.25"
84.144.47.95 - - [01/Jan/2015:19:02:53 +0100] "GET /env/roland/images/10x10_CCCCCC.jpg HTTP/1.1" 200 631 "http://www.soundpatcher.de/env/roland/sc880.html" "Mozilla/5.0 (Macintosh; Intel Mac OS X 10_10_1) AppleWebKit/600.2.5 (KHTML, like Gecko) Version/8.0 Safari/600.1.25"
84.144.47.95 - - [01/Jan/2015:19:02:53 +0100] "GET /env/roland/pics/sc880_small+.jpg HTTP/1.1" 200 6084 "http://www.soundpatcher.de/env/roland/sc880.html" "Mozilla/5.0 (Macintosh; Intel Mac OS X 10_10_1) AppleWebKit/600.2.5 (KHTML, like Gecko) Version/8.0 Safari/600.1.25"
84.144.47.95 - - [01/Jan/2015:19:02:53 +0100] "GET /env/roland/images/15x15.jpg HTTP/1.1" 200 631 "http://www.soundpatcher.de/env/roland/sc880.html" "Mozilla/5.0 (Macintosh; Intel Mac OS X 10_10_1) AppleWebKit/600.2.5 (KHTML, like Gecko) Version/8.0 Safari/600.1.25"
84.144.47.95 - - [01/Jan/2015:19:02:54 +0100] "GET /favicon.ico HTTP/1.1" 404 1256 "http://www.soundpatcher.de/env/roland/sc880.html" "Mozilla/5.0 (Macintosh; Intel Mac OS X 10_10_1) AppleWebKit/600.2.5 (KHTML, like Gecko) Version/8.0 Safari/600.1.25"
72.46.136.178 - - [01/Jan/2015:19:59:24 +0100] "GET / HTTP/1.1" 200 15853 "-" "Mozilla/4.0 (compatible; MSIE 6.0; Windows NT 5.1)"
31.19.127.56 - - [01/Jan/2015:22:39:07 +0100] "GET /impressum/impressum.html HTTP/1.1" 200 7872 "http://www.bing.com/search?q=f%2bm%20computer%20mark%20baasner&FORM=WLETLB&PC=WLEM&QS=n" "Mozilla/4.0 (compatible; MSIE 8.0; Windows NT 6.0; Trident/4.0; SLCC1; .NET CLR 2.0.50727; .NET CLR 1.1.4322; .NET CLR 3.5.30729; .NET CLR 3.0.30618; OfficeLiveConnector.1.5; OfficeLivePatch.1.3; .NET4.0C; BRI/2)"
31.19.127.56 - - [01/Jan/2015:22:39:08 +0100] "GET /impressum/images/logo_big.jpg HTTP/1.1" 200 12681 "http://www.soundpatcher.de/impressum/impressum.html" "Mozilla/4.0 (compatible; MSIE 8.0; Windows NT 6.0; Trident/4.0; SLCC1; .NET CLR 2.0.50727; .NET CLR 1.1.4322; .NET CLR 3.5.30729; .NET CLR 3.0.30618; OfficeLiveConnector.1.5; OfficeLivePatch.1.3; .NET4.0C; BRI/2)"
31.19.127.56 - - [01/Jan/2015:22:39:08 +0100] "GET /impressum/images/span.jpg HTTP/1.1" 200 811 "http://www.soundpatcher.de/impressum/impressum.html" "Mozilla/4.0 (compatible; MSIE 8.0; Windows NT 6.0; Trident/4.0; SLCC1; .NET CLR 2.0.50727; .NET CLR 1.1.4322; .NET CLR 3.5.30729; .NET CLR 3.0.30618; OfficeLiveConnector.1.5; OfficeLivePatch.1.3; .NET4.0C; BRI/2)"
31.19.127.56 - - [01/Jan/2015:22:39:08 +0100] "GET /impressum/images/10x10_CCCCCC.jpg HTTP/1.1" 200 631 "http://www.soundpatcher.de/impressum/impressum.html" "Mozilla/4.0 (compatible; MSIE 8.0; Windows NT 6.0; Trident/4.0; SLCC1; .NET CLR 2.0.50727; .NET CLR 1.1.4322; .NET CLR 3.5.30729; .NET CLR 3.0.30618; OfficeLiveConnector.1.5; OfficeLivePatch.1.3; .NET4.0C; BRI/2)"
31.19.127.56 - - [01/Jan/2015:22:39:08 +0100] "GET /impressum/images/pixel.gif HTTP/1.1" 200 43 "http://www.soundpatcher.de/impressum/impressum.html" "Mozilla/4.0 (compatible; MSIE 8.0; Windows NT 6.0; Trident/4.0; SLCC1; .NET CLR 2.0.50727; .NET CLR 1.1.4322; .NET CLR 3.5.30729; .NET CLR 3.0.30618; OfficeLiveConnector.1.5; OfficeLivePatch.1.3; .NET4.0C; BRI/2)"
31.19.127.56 - - [01/Jan/2015:22:39:08 +0100] "GET /impressum/images/15x15.jpg HTTP/1.1" 200 631 "http://www.soundpatcher.de/impressum/impressum.html" "Mozilla/4.0 (compatible; MSIE 8.0; Windows NT 6.0; Trident/4.0; SLCC1; .NET CLR 2.0.50727; .NET CLR 1.1.4322; .NET CLR 3.5.30729; .NET CLR 3.0.30618; OfficeLiveConnector.1.5; OfficeLivePatch.1.3; .NET4.0C; BRI/2)"
31.19.127.56 - - [01/Jan/2015:22:39:09 +0100] "GET /favicon.ico HTTP/1.1" 404 1256 "-" "Mozilla/4.0 (compatible; MSIE 8.0; Windows NT 6.0; Trident/4.0; SLCC1; .NET CLR 2.0.50727; .NET CLR 1.1.4322; .NET CLR 3.5.30729; .NET CLR 3.0.30618; OfficeLiveConnector.1.5; OfficeLivePatch.1.3; .NET4.0C; BRI/2)"
207.46.13.112 - - [01/Jan/2015:23:30:49 +0100] "GET /robots.txt HTTP/1.1" 200 298 "-" "Mozilla/5.0 (compatible; bingbot/2.0; +http://www.bing.com/bingbot.htm)"
207.46.13.112 - - [01/Jan/2015:23:30:57 +0100] "GET / HTTP/1.1" 200 15853 "-" "Mozilla/5.0 (iPhone; CPU iPhone OS 7_0 like Mac OS X) AppleWebKit/537.51.1 (KHTML, like Gecko) Version/7.0 Mobile/11A465 Safari/9537.53 (compatible; bingbot/2.0; http://www.bing.com/bingbot.htm)"
199.30.24.228 - - [01/Jan/2015:23:30:59 +0100] "GET /images/logo_big.jpg HTTP/1.1" 200 12681 "http://www.soundpatcher.de/" "Mozilla/5.0 (iPhone; CPU iPhone OS 7_0 like Mac OS X) AppleWebKit/537.51.1 (KHTML, like Gecko) Version/7.0 Mobile/11A465 Safari/9537.53 BingPreview/1.0b"
199.30.24.228 - - [01/Jan/2015:23:30:59 +0100] "GET /images/span.jpg HTTP/1.1" 200 811 "http://www.soundpatcher.de/" "Mozilla/5.0 (iPhone; CPU iPhone OS 7_0 like Mac OS X) AppleWebKit/537.51.1 (KHTML, like Gecko) Version/7.0 Mobile/11A465 Safari/9537.53 BingPreview/1.0b"
199.30.24.228 - - [01/Jan/2015:23:30:59 +0100] "GET /images/pixel.gif HTTP/1.1" 200 43 "http://www.soundpatcher.de/" "Mozilla/5.0 (iPhone; CPU iPhone OS 7_0 like Mac OS X) AppleWebKit/537.51.1 (KHTML, like Gecko) Version/7.0 Mobile/11A465 Safari/9537.53 BingPreview/1.0b"
199.30.24.228 - - [01/Jan/2015:23:30:59 +0100] "GET /images/10x10_CCCCCC.jpg HTTP/1.1" 200 631 "http://www.soundpatcher.de/" "Mozilla/5.0 (iPhone; CPU iPhone OS 7_0 like Mac OS X) AppleWebKit/537.51.1 (KHTML, like Gecko) Version/7.0 Mobile/11A465 Safari/9537.53 BingPreview/1.0b"
199.30.24.228 - - [01/Jan/2015:23:30:59 +0100] "GET /images/15x15.jpg HTTP/1.1" 200 631 "http://www.soundpatcher.de/" "Mozilla/5.0 (iPhone; CPU iPhone OS 7_0 like Mac OS X) AppleWebKit/537.51.1 (KHTML, like Gecko) Version/7.0 Mobile/11A465 Safari/9537.53 BingPreview/1.0b"
199.30.24.228 - - [01/Jan/2015:23:30:59 +0100] "GET /env/jomox/pics/airbase99_small.jpg HTTP/1.1" 200 5206 "http://www.soundpatcher.de/" "Mozilla/5.0 (iPhone; CPU iPhone OS 7_0 like Mac OS X) AppleWebKit/537.51.1 (KHTML, like Gecko) Version/7.0 Mobile/11A465 Safari/9537.53 BingPreview/1.0b"
157.55.39.220 - - [01/Jan/2015:23:31:03 +0100] "GET /robots.txt HTTP/1.1" 200 298 "-" "Mozilla/5.0 (compatible; bingbot/2.0; +http://www.bing.com/bingbot.htm)"
157.55.39.220 - - [01/Jan/2015:23:31:03 +0100] "GET /robots.txt HTTP/1.1" 200 298 "-" "Mozilla/5.0 (compatible; bingbot/2.0; +http://www.bing.com/bingbot.htm)"
157.55.39.220 - - [01/Jan/2015:23:31:04 +0100] "GET /robots.txt HTTP/1.1" 200 298 "-" "Mozilla/5.0 (compatible; bingbot/2.0; +http://www.bing.com/bingbot.htm)"
37.130.226.90 - - [02/Jan/2015:00:36:27 +0100] "GET / HTTP/1.1" 200 15853 "http://www.soundpatcher.de/" "Mozilla/5.0 (Windows; U; Windows NT 5.1; en-US; rv:1.9.1) Gecko/20090624 Firefox/3.5"
141.8.147.12 - - [02/Jan/2015:09:23:18 +0100] "GET /robots.txt HTTP/1.1" 200 298 "-" "Mozilla/5.0 (compatible; YandexBot/3.0; +http://yandex.com/bots)"
141.8.147.12 - - [02/Jan/2015:10:50:24 +0100] "GET /phpBB2/index.php HTTP/1.1" 401 1226 "-" "Mozilla/5.0 (compatible; YandexBot/3.0; +http://yandex.com/bots)"
157.55.39.220 - - [02/Jan/2015:17:53:27 +0100] "GET /index.html HTTP/1.1" 304 - "-" "Mozilla/5.0 (compatible; bingbot/2.0; +http://www.bing.com/bingbot.htm)"
207.46.13.112 - - [02/Jan/2015:17:59:15 +0100] "GET / HTTP/1.1" 200 15853 "-" "Mozilla/5.0 (compatible; bingbot/2.0; +http://www.bing.com/bingbot.htm)"
178.255.215.68 - - [02/Jan/2015:21:37:27 +0100] "GET /robots.txt HTTP/1.1" 200 298 "-" "Mozilla/5.0 (compatible; Exabot/3.0; +http://www.exabot.com/go/robot)"
178.255.215.68 - - [02/Jan/2015:21:37:27 +0100] "GET /phpBB2/index.php HTTP/1.1" 401 1226 "-" "Mozilla/5.0 (compatible; Exabot/3.0; +http://www.exabot.com/go/robot)"
188.165.15.165 - - [03/Jan/2015:08:19:46 +0100] "GET /env/env.html HTTP/1.1" 200 12438 "-" "Mozilla/5.0 (compatible; AhrefsBot/5.0; +http://ahrefs.com/robot/)"
157.55.39.25 - - [03/Jan/2015:09:02:59 +0100] "GET /impressum/impressum.html HTTP/1.1" 304 - "-" "Mozilla/5.0 (compatible; bingbot/2.0; +http://www.bing.com/bingbot.htm)"
208.115.113.91 - - [03/Jan/2015:12:44:47 +0100] "GET /robots.txt HTTP/1.1" 200 298 "-" "Mozilla/5.0 (compatible; DotBot/1.1; http://www.opensiteexplorer.org/dotbot, help@moz.com)"
208.115.113.91 - - [03/Jan/2015:13:31:44 +0100] "GET /impressum/impressum.html HTTP/1.1" 200 7872 "-" "Mozilla/5.0 (compatible; DotBot/1.1; http://www.opensiteexplorer.org/dotbot, help@moz.com)"
141.8.147.12 - - [03/Jan/2015:18:12:43 +0100] "GET /robots.txt HTTP/1.1" 200 298 "-" "Mozilla/5.0 (compatible; YandexBot/3.0; +http://yandex.com/bots)"
104.130.192.107 - - [03/Jan/2015:18:32:18 +0100] "GET / HTTP/1.1" 200 15853 "-" "Mozilla/5.0"
141.8.147.12 - - [03/Jan/2015:21:11:26 +0100] "GET / HTTP/1.1" 200 15853 "-" "Mozilla/5.0 (compatible; YandexBot/3.0; +http://yandex.com/bots)"
208.115.111.75 - - [03/Jan/2015:22:36:52 +0100] "GET /robots.txt HTTP/1.1" 200 298 "-" "Mozilla/5.0 (compatible; DotBot/1.1; http://www.opensiteexplorer.org/dotbot, help@moz.com)"
208.115.111.75 - - [03/Jan/2015:23:27:58 +0100] "GET /friends/friends.html HTTP/1.1" 401 1226 "-" "Mozilla/5.0 (compatible; DotBot/1.1; http://www.opensiteexplorer.org/dotbot, help@moz.com)"
69.41.254.137 - - [04/Jan/2015:10:59:55 +0100] "GET /Fckeditor/editor/filemanager/browser/default/connectors/test.html HTTP/1.1" 404 1256 "-" "Mozilla/4.0 (compatible; Win32; WinHttp.WinHttpRequest.5)"
69.41.254.137 - - [04/Jan/2015:10:59:55 +0100] "GET /FCKeditor/editor/filemanager/connectors/test.html HTTP/1.1" 404 1256 "-" "Mozilla/4.0 (compatible; Win32; WinHttp.WinHttpRequest.5)"
69.41.254.137 - - [04/Jan/2015:10:59:55 +0100] "GET /Admin/fckeditor/editor/filemanager/browser/default/connectors/test.html HTTP/1.1" 404 1256 "-" "Mozilla/4.0 (compatible; Win32; WinHttp.WinHttpRequest.5)"
69.41.254.137 - - [04/Jan/2015:10:59:55 +0100] "GET /Admin/fCKeditor/editor/filemanager/connectors/test.html HTTP/1.1" 404 1256 "-" "Mozilla/4.0 (compatible; Win32; WinHttp.WinHttpRequest.5)"
69.41.254.137 - - [04/Jan/2015:10:59:56 +0100] "GET /Editor/editor/filemanager/browser/default/connectors/test.html HTTP/1.1" 404 1256 "-" "Mozilla/4.0 (compatible; Win32; WinHttp.WinHttpRequest.5)"
69.41.254.137 - - [04/Jan/2015:10:59:56 +0100] "GET /Editor/editor/filemanager/connectors/test.html HTTP/1.1" 404 1256 "-" "Mozilla/4.0 (compatible; Win32; WinHttp.WinHttpRequest.5)"
46.229.170.197 - - [04/Jan/2015:11:20:40 +0100] "GET / HTTP/1.1" 200 15853 "-" "Mozilla/5.0 (X11; Linux) Gecko Firefox/5.0"
207.46.13.105 - - [04/Jan/2015:15:51:42 +0100] "GET /robots.txt HTTP/1.1" 200 298 "-" "Mozilla/5.0 (compatible; bingbot/2.0; +http://www.bing.com/bingbot.htm)"
207.46.13.105 - - [04/Jan/2015:15:51:46 +0100] "GET /env/roland/sc880.html HTTP/1.1" 304 - "-" "Mozilla/5.0 (compatible; bingbot/2.0; +http://www.bing.com/bingbot.htm)"
176.102.37.58 - - [04/Jan/2015:21:48:04 +0100] "GET /administrator/index.php HTTP/1.1" 404 1256 "-" "Mozilla/5.0 (Windows NT 6.1; WOW64) AppleWebKit/537.36 (KHTML, like Gecko) Chrome/36.0.1985.125 Safari/537.36"
176.102.37.58 - - [04/Jan/2015:21:48:04 +0100] "GET /admin.php HTTP/1.1" 404 1256 "-" "Mozilla/5.0 (Windows NT 6.1; WOW64) AppleWebKit/537.36 (KHTML, like Gecko) Chrome/36.0.1985.125 Safari/537.36"
89.69.56.249 - - [05/Jan/2015:05:37:04 +0100] "GET / HTTP/1.1" 200 15853 "-" "Mozilla/5.0 (Windows NT 6.1; WOW64) AppleWebKit/537.36 (KHTML, like Gecko) Chrome/34.0.1847.137 Safari/537.36"
141.8.147.12 - - [05/Jan/2015:08:58:22 +0100] "GET /robots.txt HTTP/1.1" 200 298 "-" "Mozilla/5.0 (compatible; YandexBot/3.0; +http://yandex.com/bots)"
85.25.202.18 - - [05/Jan/2015:10:14:06 +0100] "GET / HTTP/1.1" 200 15853 "http://www.sumaja.de/?such_wert=logic" "Mozilla/5.0 (Windows; U; Windows NT 5.1; de; rv:1.9.0.12) Gecko/2009070611 Firefox/3.0.12 GTB7.1 (.NET CLR 3.5.30729)"
66.249.78.199 - - [05/Jan/2015:12:21:48 +0100] "GET /robots.txt HTTP/1.1" 200 298 "-" "Mozilla/5.0 (compatible; Googlebot/2.1; +http://www.google.com/bot.html)"
66.249.78.206 - - [05/Jan/2015:12:21:48 +0100] "GET / HTTP/1.1" 200 15853 "-" "Mozilla/5.0 (iPhone; CPU iPhone OS 6_0 like Mac OS X) AppleWebKit/536.26 (KHTML, like Gecko) Version/6.0 Mobile/10A5376e Safari/8536.25 (compatible; Googlebot/2.1; +http://www.google.com/bot.html)"
141.8.147.12 - - [05/Jan/2015:17:06:07 +0100] "GET / HTTP/1.1" 200 15853 "-" "Mozilla/5.0 (compatible; YandexBot/3.0; +http://yandex.com/bots)"
176.102.37.58 - - [05/Jan/2015:18:30:22 +0100] "GET /wp-login.php HTTP/1.1" 404 1256 "-" "Mozilla/5.0 (Windows NT 6.1; WOW64) AppleWebKit/537.36 (KHTML, like Gecko) Chrome/36.0.1985.125 Safari/537.36"
176.102.37.58 - - [05/Jan/2015:18:30:22 +0100] "GET /administrator/index.php HTTP/1.1" 404 1256 "-" "Mozilla/5.0 (Windows NT 6.1; WOW64) AppleWebKit/537.36 (KHTML, like Gecko) Chrome/36.0.1985.125 Safari/537.36"
176.102.37.58 - - [05/Jan/2015:18:30:26 +0100] "GET /admin.php HTTP/1.1" 404 1256 "-" "Mozilla/5.0 (Windows NT 6.1; WOW64) AppleWebKit/537.36 (KHTML, like Gecko) Chrome/36.0.1985.125 Safari/537.36"
188.165.15.50 - - [05/Jan/2015:18:41:18 +0100] "GET /robots.txt HTTP/1.1" 200 298 "-" "Mozilla/5.0 (compatible; AhrefsBot/5.0; +http://ahrefs.com/robot/)"
72.46.136.178 - - [05/Jan/2015:23:33:36 +0100] "GET / HTTP/1.1" 200 15853 "-" "Mozilla/4.0 (compatible; MSIE 6.0; Windows NT 5.1; SV1; Mozilla/4.0 (compatible; MSIE 6.0; Windows NT 5.1; SV1) ; .NET CLR 2.0.50727 ; .NET CLR 4.0.30319)"
208.115.111.75 - - [06/Jan/2015:02:39:59 +0100] "GET /robots.txt HTTP/1.1" 200 298 "-" "Mozilla/5.0 (compatible; DotBot/1.1; http://www.opensiteexplorer.org/dotbot, help@moz.com)"
208.115.111.75 - - [06/Jan/2015:03:18:44 +0100] "GET /env/roland/sc880.html HTTP/1.1" 200 17092 "-" "Mozilla/5.0 (compatible; DotBot/1.1; http://www.opensiteexplorer.org/dotbot, help@moz.com)"
207.46.13.44 - - [06/Jan/2015:06:37:45 +0100] "GET /env/env.html HTTP/1.1" 304 - "-" "Mozilla/5.0 (compatible; bingbot/2.0; +http://www.bing.com/bingbot.htm)"
66.249.78.199 - - [06/Jan/2015:09:29:32 +0100] "GET /env/jomox/pics/pic_airbase99.html HTTP/1.1" 304 - "-" "Mozilla/5.0 (compatible; Googlebot/2.1; +http://www.google.com/bot.html)"
176.102.37.58 - - [06/Jan/2015:14:28:20 +0100] "GET /wp-login.php HTTP/1.1" 404 1256 "-" "Mozilla/5.0 (Windows NT 6.1; WOW64) AppleWebKit/537.36 (KHTML, like Gecko) Chrome/36.0.1985.125 Safari/537.36"
176.102.37.58 - - [06/Jan/2015:14:28:20 +0100] "GET /administrator/index.php HTTP/1.1" 404 1256 "-" "Mozilla/5.0 (Windows NT 6.1; WOW64) AppleWebKit/537.36 (KHTML, like Gecko) Chrome/36.0.1985.125 Safari/537.36"
176.102.37.58 - - [06/Jan/2015:14:28:20 +0100] "GET /admin.php HTTP/1.1" 404 1256 "-" "Mozilla/5.0 (Windows NT 6.1; WOW64) AppleWebKit/537.36 (KHTML, like Gecko) Chrome/36.0.1985.125 Safari/537.36"
85.178.202.207 - - [06/Jan/2015:19:27:32 +0100] "GET / HTTP/1.1" 200 15853 "https://www.google.de/" "Mozilla/5.0 (iPad; CPU OS 7_1_2 like Mac OS X) AppleWebKit/537.51.2 (KHTML, like Gecko) Version/7.0 Mobile/11D257 Safari/9537.53"
85.178.202.207 - - [06/Jan/2015:19:27:32 +0100] "GET /images/logo_big.jpg HTTP/1.1" 200 12681 "http://www.soundpatcher.de/" "Mozilla/5.0 (iPad; CPU OS 7_1_2 like Mac OS X) AppleWebKit/537.51.2 (KHTML, like Gecko) Version/7.0 Mobile/11D257 Safari/9537.53"
85.178.202.207 - - [06/Jan/2015:19:27:32 +0100] "GET /env/jomox/pics/airbase99_small.jpg HTTP/1.1" 200 5206 "http://www.soundpatcher.de/" "Mozilla/5.0 (iPad; CPU OS 7_1_2 like Mac OS X) AppleWebKit/537.51.2 (KHTML, like Gecko) Version/7.0 Mobile/11D257 Safari/9537.53"
85.178.202.207 - - [06/Jan/2015:19:27:32 +0100] "GET /images/span.jpg HTTP/1.1" 200 811 "http://www.soundpatcher.de/" "Mozilla/5.0 (iPad; CPU OS 7_1_2 like Mac OS X) AppleWebKit/537.51.2 (KHTML, like Gecko) Version/7.0 Mobile/11D257 Safari/9537.53"
85.178.202.207 - - [06/Jan/2015:19:27:32 +0100] "GET /images/pixel.gif HTTP/1.1" 200 43 "http://www.soundpatcher.de/" "Mozilla/5.0 (iPad; CPU OS 7_1_2 like Mac OS X) AppleWebKit/537.51.2 (KHTML, like Gecko) Version/7.0 Mobile/11D257 Safari/9537.53"
85.178.202.207 - - [06/Jan/2015:19:27:33 +0100] "GET /images/15x15.jpg HTTP/1.1" 200 631 "http://www.soundpatcher.de/" "Mozilla/5.0 (iPad; CPU OS 7_1_2 like Mac OS X) AppleWebKit/537.51.2 (KHTML, like Gecko) Version/7.0 Mobile/11D257 Safari/9537.53"
85.178.202.207 - - [06/Jan/2015:19:27:33 +0100] "GET /images/10x10_CCCCCC.jpg HTTP/1.1" 200 631 "http://www.soundpatcher.de/" "Mozilla/5.0 (iPad; CPU OS 7_1_2 like Mac OS X) AppleWebKit/537.51.2 (KHTML, like Gecko) Version/7.0 Mobile/11D257 Safari/9537.53"
66.249.78.206 - - [06/Jan/2015:21:12:11 +0100] "GET /robots.txt HTTP/1.1" 200 298 "-" "Mozilla/5.0 (compatible; Googlebot/2.1; +http://www.google.com/bot.html)"
66.249.78.213 - - [06/Jan/2015:21:12:11 +0100] "GET / HTTP/1.1" 200 15853 "-" "Mozilla/5.0 (iPhone; CPU iPhone OS 6_0 like Mac OS X) AppleWebKit/536.26 (KHTML, like Gecko) Version/6.0 Mobile/10A5376e Safari/8536.25 (compatible; Googlebot/2.1; +http://www.google.com/bot.html)"
157.55.39.221 - - [07/Jan/2015:02:14:39 +0100] "GET /robots.txt HTTP/1.1" 200 298 "-" "Mozilla/5.0 (compatible; bingbot/2.0; +http://www.bing.com/bingbot.htm)"
157.55.39.221 - - [07/Jan/2015:02:14:42 +0100] "GET /env/roland/images/pixel.gif HTTP/1.1" 200 43 "-" "Mozilla/5.0 (compatible; bingbot/2.0; +http://www.bing.com/bingbot.htm)"
208.115.111.75 - - [07/Jan/2015:02:35:31 +0100] "GET /robots.txt HTTP/1.1" 200 298 "-" "Mozilla/5.0 (compatible; DotBot/1.1; http://www.opensiteexplorer.org/dotbot, help@moz.com)"
141.8.147.12 - - [07/Jan/2015:03:09:17 +0100] "GET /robots.txt HTTP/1.1" 200 298 "-" "Mozilla/5.0 (compatible; YandexBot/3.0; +http://yandex.com/bots)"
208.115.111.75 - - [07/Jan/2015:03:26:26 +0100] "GET /index.html HTTP/1.1" 200 15853 "-" "Mozilla/5.0 (compatible; DotBot/1.1; http://www.opensiteexplorer.org/dotbot, help@moz.com)"
141.8.147.12 - - [07/Jan/2015:04:24:02 +0100] "GET / HTTP/1.1" 200 15853 "-" "Mozilla/5.0 (compatible; YandexBot/3.0; +http://yandex.com/bots)"
157.55.39.221 - - [07/Jan/2015:05:00:37 +0100] "GET /env/roland/images/pixel.gif HTTP/1.1" 200 43 "-" "Mozilla/5.0 (compatible; bingbot/2.0; +http://www.bing.com/bingbot.htm)"
81.209.177.145 - - [07/Jan/2015:05:57:45 +0100] "GET /robots.txt HTTP/1.1" 200 298 "-" "netEstate NE Crawler (+http://www.website-datenbank.de/)"
81.209.177.145 - - [07/Jan/2015:05:57:45 +0100] "GET / HTTP/1.1" 200 15853 "-" "netEstate NE Crawler (+http://www.website-datenbank.de/)"
81.209.177.145 - - [07/Jan/2015:05:57:46 +0100] "GET /impressum/impressum.html HTTP/1.1" 200 7872 "-" "netEstate NE Crawler (+http://www.website-datenbank.de/)"
81.209.177.145 - - [07/Jan/2015:05:57:46 +0100] "GET / HTTP/1.1" 200 15853 "-" "netEstate NE Crawler (+http://www.website-datenbank.de/)"
157.55.39.221 - - [07/Jan/2015:06:47:51 +0100] "GET /env/roland/images/pixel.gif HTTP/1.1" 200 43 "-" "Mozilla/5.0 (compatible; bingbot/2.0; +http://www.bing.com/bingbot.htm)"
157.55.39.220 - - [07/Jan/2015:07:14:15 +0100] "GET /env/roland/images/pixel.gif HTTP/1.1" 200 43 "-" "Mozilla/5.0 (compatible; bingbot/2.0; +http://www.bing.com/bingbot.htm)"
176.102.37.58 - - [07/Jan/2015:13:35:24 +0100] "GET /wp-login.php HTTP/1.1" 404 1256 "-" "Mozilla/5.0 (Windows NT 6.1; WOW64) AppleWebKit/537.36 (KHTML, like Gecko) Chrome/36.0.1985.125 Safari/537.36"
176.102.37.58 - - [07/Jan/2015:13:35:26 +0100] "GET /administrator/index.php HTTP/1.1" 404 1256 "-" "Mozilla/5.0 (Windows NT 6.1; WOW64) AppleWebKit/537.36 (KHTML, like Gecko) Chrome/36.0.1985.125 Safari/537.36"
176.102.37.58 - - [07/Jan/2015:13:35:26 +0100] "GET /admin.php HTTP/1.1" 404 1256 "-" "Mozilla/5.0 (Windows NT 6.1; WOW64) AppleWebKit/537.36 (KHTML, like Gecko) Chrome/36.0.1985.125 Safari/537.36"
188.165.15.208 - - [07/Jan/2015:17:33:50 +0100] "GET /env/jomox/download/airbase99.LSO HTTP/1.1" 200 387896 "-" "Mozilla/5.0 (compatible; AhrefsBot/5.0; +http://ahrefs.com/robot/)"
208.115.111.75 - - [07/Jan/2015:22:34:45 +0100] "GET /robots.txt HTTP/1.1" 200 298 "-" "Mozilla/5.0 (compatible; DotBot/1.1; http://www.opensiteexplorer.org/dotbot, help@moz.com)"
64.246.165.170 - - [07/Jan/2015:23:07:02 +0100] "GET /robots.txt HTTP/1.0" 200 298 "-" "Mozilla/5.0 (Windows; U; Windows NT 5.1; en; rv:1.9.0.13) Gecko/2009073022 Firefox/3.5.2 (.NET CLR 3.5.30729) SurveyBot/2.3 (DomainTools)"
64.246.165.170 - - [07/Jan/2015:23:07:02 +0100] "GET / HTTP/1.1" 200 15853 "http://whois.domaintools.com/soundpatcher.de" "Mozilla/5.0 (Windows; U; Windows NT 5.1; en; rv:1.9.0.13) Gecko/2009073022 Firefox/3.5.2 (.NET CLR 3.5.30729) SurveyBot/2.3 (DomainTools)"
208.115.111.75 - - [07/Jan/2015:23:26:06 +0100] "GET /privat/privat.html HTTP/1.1" 401 1226 "-" "Mozilla/5.0 (compatible; DotBot/1.1; http://www.opensiteexplorer.org/dotbot, help@moz.com)"
87.145.223.18 - - [08/Jan/2015:09:45:26 +0100] "GET / HTTP/1.1" 200 15853 "http://m.bigfinder.de/?c=ws&q=service&v=1" "Mozilla/5.0 (Windows; U; Windows NT 6.1; de; rv:1.9.2.8) Gecko/20100722 Firefox/3.6.8 GTB7.1"
88.198.56.239 - - [08/Jan/2015:12:00:24 +0100] "GET /impressum/impressum.html HTTP/1.1" 200 7872 "-" "Mozilla/5.0 (Macintosh; Intel Mac OS X 10_8_2) AppleWebKit/536.26.17 (KHTML, like Gecko) Version/6.0.2 Safari/536.26.17"
88.198.56.239 - - [08/Jan/2015:12:00:24 +0100] "GET / HTTP/1.1" 200 15853 "-" "Mozilla/5.0 (Windows NT 6.1; WOW64; rv:21.0) Gecko/20130401 Firefox/21.0"
93.186.202.239 - - [08/Jan/2015:12:04:54 +0100] "GET / HTTP/1.1" 200 15853 "-" "Mozilla/5.0 (Macintosh; Intel Mac OS X 10_7_5) AppleWebKit/537.31 (KHTML, like Gecko) Chrome/26.0.1410.65 Safari/537.31"
93.186.202.239 - - [08/Jan/2015:12:04:54 +0100] "GET /impressum/impressum.html HTTP/1.1" 200 7872 "-" "Mozilla/5.0 (Windows NT 6.2; WOW64) AppleWebKit/537.36 (KHTML, like Gecko) Chrome/27.0.1453.93 Safari/537.36"
144.76.185.173 - - [08/Jan/2015:12:10:42 +0100] "GET / HTTP/1.1" 200 15853 "-" "Mozilla/5.0 (Windows NT 6.1; rv:6.0) Gecko/20100101 Firefox/19.0"
144.76.185.173 - - [08/Jan/2015:12:10:42 +0100] "GET /impressum/impressum.html HTTP/1.1" 200 7872 "-" "Mozilla/5.0 (X11; U; Linux i686; en-US; rv:1.9.1.16) Gecko/20120421 Firefox/11.0"
104.131.211.27 - - [08/Jan/2015:20:16:39 +0100] "GET / HTTP/1.0" 200 15853 "-" "Mozilla/5.0 (compatible; NetcraftSurveyAgent/1.0; +info@netcraft.com)"
141.8.147.12 - - [09/Jan/2015:05:03:27 +0100] "GET /robots.txt HTTP/1.1" 200 298 "-" "Mozilla/5.0 (compatible; YandexBot/3.0; +http://yandex.com/bots)"
141.8.147.12 - - [09/Jan/2015:08:53:36 +0100] "GET / HTTP/1.1" 200 15853 "-" "Mozilla/5.0 (compatible; YandexBot/3.0; +http://yandex.com/bots)"
208.115.113.91 - - [09/Jan/2015:16:40:50 +0100] "GET /robots.txt HTTP/1.1" 200 298 "-" "Mozilla/5.0 (compatible; DotBot/1.1; http://www.opensiteexplorer.org/dotbot, help@moz.com)"
208.115.113.91 - - [09/Jan/2015:17:30:26 +0100] "GET /phpBB2/index.php HTTP/1.1" 401 1226 "-" "Mozilla/5.0 (compatible; DotBot/1.1; http://www.opensiteexplorer.org/dotbot, help@moz.com)"
66.249.79.94 - - [09/Jan/2015:18:24:09 +0100] "GET /robots.txt HTTP/1.1" 200 298 "-" "Mozilla/5.0 (compatible; Googlebot/2.1; +http://www.google.com/bot.html)"
66.249.79.110 - - [09/Jan/2015:18:24:10 +0100] "GET /env/jomox/images/logo_big.jpg HTTP/1.1" 200 12681 "-" "Googlebot-Image/1.0"
66.249.79.94 - - [09/Jan/2015:20:47:19 +0100] "GET /env/images/logo_big.jpg HTTP/1.1" 200 12681 "-" "Googlebot-Image/1.0"
66.249.79.102 - - [09/Jan/2015:22:00:37 +0100] "GET /env/roland/pics/sc880_small.jpg HTTP/1.1" 200 6144 "-" "Googlebot-Image/1.0"
66.249.79.110 - - [09/Jan/2015:23:10:48 +0100] "GET /impressum/images/logo_big.jpg HTTP/1.1" 200 12681 "-" "Googlebot-Image/1.0"
66.249.79.102 - - [10/Jan/2015:00:23:37 +0100] "GET /env/jomox/pics/airbase99_small+.jpg HTTP/1.1" 200 5326 "-" "Googlebot-Image/1.0"
157.55.39.11 - - [10/Jan/2015:03:49:14 +0100] "GET /robots.txt HTTP/1.1" 200 298 "-" "Mozilla/5.0 (compatible; bingbot/2.0; +http://www.bing.com/bingbot.htm)"
157.55.39.11 - - [10/Jan/2015:03:49:17 +0100] "GET /friends/friends.html HTTP/1.1" 401 1226 "-" "Mozilla/5.0 (compatible; bingbot/2.0; +http://www.bing.com/bingbot.htm)"
54.221.150.94 - - [10/Jan/2015:05:58:24 +0100] "GET / HTTP/1.1" 200 15853 "-" "Mozilla/5.0 (Windows NT 6.1; WOW64; rv:28.0) Gecko/20100101 Firefox/28.0"
66.249.79.94 - - [10/Jan/2015:09:15:35 +0100] "GET /images/logo_big.jpg HTTP/1.1" 304 - "-" "Googlebot-Image/1.0"
141.8.147.12 - - [10/Jan/2015:18:19:08 +0100] "GET /robots.txt HTTP/1.1" 200 298 "-" "Mozilla/5.0 (compatible; YandexBot/3.0; +http://yandex.com/bots)"
66.249.64.134 - - [10/Jan/2015:18:39:17 +0100] "GET /robots.txt HTTP/1.1" 200 298 "-" "Mozilla/5.0 (compatible; Googlebot/2.1; +http://www.google.com/bot.html)"
66.249.78.213 - - [10/Jan/2015:18:39:18 +0100] "GET /env/jomox/pics/pic_airbase99.html HTTP/1.1" 304 - "-" "Mozilla/5.0 (compatible; Googlebot/2.1; +http://www.google.com/bot.html)"
88.198.1.77 - - [10/Jan/2015:20:47:26 +0100] "GET /robots.txt HTTP/1.1" 200 298 "http://www.sitedomain.de/" "Sitedomain-Bot(Sitedomain-Bot 1.0, http://www.sitedomain.de/sitedomain-bot/)"
54.81.250.101 - - [10/Jan/2015:22:22:25 +0100] "GET / HTTP/1.1" 200 15853 "-" "Mozilla/5.0 (Windows NT 6.1; WOW64; rv:28.0) Gecko/20100101 Firefox/28.0"
141.8.147.12 - - [11/Jan/2015:00:27:42 +0100] "GET /links/links.html HTTP/1.1" 200 278 "-" "Mozilla/5.0 (compatible; YandexBot/3.0; +http://yandex.com/bots)"
141.8.147.12 - - [11/Jan/2015:10:07:09 +0100] "GET /robots.txt HTTP/1.1" 200 298 "-" "Mozilla/5.0 (compatible; YandexBot/3.0; +http://yandex.com/bots)"
141.8.147.12 - - [11/Jan/2015:10:09:41 +0100] "GET / HTTP/1.1" 200 15853 "-" "Mozilla/5.0 (compatible; YandexBot/3.0; +http://yandex.com/bots)"
157.55.39.24 - - [11/Jan/2015:13:42:43 +0100] "GET /robots.txt HTTP/1.1" 200 298 "-" "Mozilla/5.0 (compatible; bingbot/2.0; +http://www.bing.com/bingbot.htm)"
157.55.39.24 - - [11/Jan/2015:13:43:25 +0100] "GET /env/jomox/jomox.html HTTP/1.1" 304 - "-" "Mozilla/5.0 (compatible; bingbot/2.0; +http://www.bing.com/bingbot.htm)"
207.46.13.44 - - [11/Jan/2015:16:36:32 +0100] "GET /privat/privat.html HTTP/1.1" 401 1226 "-" "Mozilla/5.0 (compatible; bingbot/2.0; +http://www.bing.com/bingbot.htm)"
157.55.39.220 - - [11/Jan/2015:17:59:44 +0100] "GET /env/jomox/download/airbase99.LSO HTTP/1.1" 200 387896 "-" "Mozilla/5.0 (compatible; bingbot/2.0; +http://www.bing.com/bingbot.htm)"
5.9.127.154 - - [11/Jan/2015:23:31:49 +0100] "GET /robots.txt HTTP/1.1" 200 298 "-" "Mozilla/5.0 (compatible; SISTRIX Crawler; http://crawler.sistrix.net/)"
5.9.127.154 - - [11/Jan/2015:23:31:50 +0100] "GET / HTTP/1.1" 206 15853 "-" "Mozilla/5.0 (compatible; SISTRIX Crawler; http://crawler.sistrix.net/)"
157.55.39.220 - - [11/Jan/2015:23:41:57 +0100] "GET /env/roland/images/pixel.gif HTTP/1.1" 200 43 "-" "Mozilla/5.0 (compatible; bingbot/2.0; +http://www.bing.com/bingbot.htm)"
66.249.78.199 - - [12/Jan/2015:08:44:44 +0100] "GET /robots.txt HTTP/1.1" 200 298 "-" "Mozilla/5.0 (compatible; Googlebot/2.1; +http://www.google.com/bot.html)"
66.249.78.213 - - [12/Jan/2015:08:44:44 +0100] "GET / HTTP/1.1" 200 15853 "-" "Mozilla/5.0 (iPhone; CPU iPhone OS 6_0 like Mac OS X) AppleWebKit/536.26 (KHTML, like Gecko) Version/6.0 Mobile/10A5376e Safari/8536.25 (compatible; Googlebot/2.1; +http://www.google.com/bot.html)"
188.165.15.41 - - [12/Jan/2015:09:54:24 +0100] "GET /robots.txt HTTP/1.1" 200 298 "-" "Mozilla/5.0 (compatible; AhrefsBot/5.0; +http://ahrefs.com/robot/)"
46.98.52.215 - - [12/Jan/2015:16:50:59 +0100] "GET /phpBB2/profile.php HTTP/1.0" 401 1226 "http://www.soundpatcher.de/phpBB2/profile.php" "Mozilla/4.0 (compatible; MSIE 6.0; Windows NT 5.1; FREE; .NET CLR 1.1.4322)"
46.98.52.215 - - [12/Jan/2015:16:50:59 +0100] "GET /phpbb2/profile.php HTTP/1.0" 404 1256 "http://www.soundpatcher.de/phpbb2/profile.php" "Mozilla/4.0 (compatible; MSIE 6.0; Windows NT 5.1; FREE; .NET CLR 1.1.4322)"
141.8.147.12 - - [12/Jan/2015:22:34:21 +0100] "GET /robots.txt HTTP/1.1" 200 298 "-" "Mozilla/5.0 (compatible; YandexBot/3.0; +http://yandex.com/bots)"
141.8.147.12 - - [13/Jan/2015:01:42:24 +0100] "GET /links/links.html HTTP/1.1" 200 278 "-" "Mozilla/5.0 (compatible; YandexBot/3.0; +http://yandex.com/bots)"
66.249.78.199 - - [13/Jan/2015:02:08:43 +0100] "GET / HTTP/1.1" 200 15853 "-" "Mozilla/5.0 (compatible; Googlebot/2.1; +http://www.google.com/bot.html)"
66.249.64.134 - - [13/Jan/2015:04:49:00 +0100] "GET /env/env.html HTTP/1.1" 304 - "-" "Mozilla/5.0 (iPhone; CPU iPhone OS 6_0 like Mac OS X) AppleWebKit/536.26 (KHTML, like Gecko) Version/6.0 Mobile/10A5376e Safari/8536.25 (compatible; Googlebot/2.1; +http://www.google.com/bot.html)"
66.249.78.213 - - [13/Jan/2015:04:49:05 +0100] "GET /env/jomox/jomox.html HTTP/1.1" 304 - "-" "Mozilla/5.0 (iPhone; CPU iPhone OS 6_0 like Mac OS X) AppleWebKit/536.26 (KHTML, like Gecko) Version/6.0 Mobile/10A5376e Safari/8536.25 (compatible; Googlebot/2.1; +http://www.google.com/bot.html)"
66.249.78.213 - - [13/Jan/2015:06:19:49 +0100] "GET / HTTP/1.1" 200 15853 "-" "Mozilla/5.0 (compatible; Googlebot/2.1; +http://www.google.com/bot.html)"
80.153.101.65 - - [13/Jan/2015:06:35:04 +0100] "GET / HTTP/1.1" 200 15853 "-" "Mozilla/5.0 (compatible; WeViKaBot/1.0; +http://www.wevika.de/)"
178.255.215.68 - - [13/Jan/2015:09:50:16 +0100] "GET /robots.txt HTTP/1.1" 200 298 "-" "Mozilla/5.0 (compatible; Exabot/3.0; +http://www.exabot.com/go/robot)"
178.255.215.68 - - [13/Jan/2015:09:50:16 +0100] "GET /impressum/impressum.html HTTP/1.1" 304 - "-" "Mozilla/5.0 (compatible; Exabot/3.0; +http://www.exabot.com/go/robot)"
188.138.41.172 - - [13/Jan/2015:12:16:14 +0100] "GET /robots.txt HTTP/1.1" 200 298 "-" "Mozilla/5.0 (X11; U; Linux i686; de; rv:1.9.0.1; compatible; iCjobs Stellenangebote Jobs; http://www.icjobs.de) Gecko/20100401 iCjobs/3.2.3"
188.138.41.172 - - [13/Jan/2015:12:16:15 +0100] "GET / HTTP/1.1" 200 15853 "-" "Mozilla/5.0 (X11; U; Linux i686; de; rv:1.9.0.1; compatible; iCjobs Stellenangebote Jobs; http://www.icjobs.de) Gecko/20100401 iCjobs/3.2.3"
188.138.41.172 - - [13/Jan/2015:12:16:21 +0100] "GET /impressum/impressum.html HTTP/1.1" 200 7872 "-" "Mozilla/5.0 (X11; U; Linux i686; de; rv:1.9.0.1; compatible; iCjobs Stellenangebote Jobs; http://www.icjobs.de) Gecko/20100401 iCjobs/3.2.3"
141.8.147.12 - - [13/Jan/2015:16:09:18 +0100] "GET /robots.txt HTTP/1.1" 200 298 "-" "Mozilla/5.0 (compatible; YandexBot/3.0; +http://yandex.com/bots)"
141.8.147.12 - - [13/Jan/2015:16:33:15 +0100] "GET / HTTP/1.1" 200 15853 "-" "Mozilla/5.0 (compatible; YandexBot/3.0; +http://yandex.com/bots)"
46.98.2.77 - - [13/Jan/2015:20:58:50 +0100] "GET /phpBB2/ HTTP/1.0" 401 1226 "http://www.soundpatcher.de/phpBB2/" "Mozilla/4.0 (compatible; MSIE 6.0; Windows 98; Win 9x 4.90; Creative)"
46.98.2.77 - - [13/Jan/2015:20:58:50 +0100] "GET /phpbb2/ HTTP/1.0" 404 1256 "http://www.soundpatcher.de/phpbb2/" "Mozilla/4.0 (compatible; MSIE 6.0; Windows 98; Win 9x 4.90; Creative)"
72.46.136.178 - - [13/Jan/2015:22:08:37 +0100] "GET / HTTP/1.1" 200 15853 "-" "Mozilla/4.0 (compatible; MSIE 6.0; Windows NT 5.1; SV1; Mozilla/4.0 (compatible; MSIE 6.0; Windows NT 5.1; SV1) )"
66.249.69.248 - - [14/Jan/2015:00:55:28 +0100] "GET /robots.txt HTTP/1.1" 200 298 "-" "Mozilla/5.0 (compatible; Googlebot/2.1; +http://www.google.com/bot.html)"
66.249.78.206 - - [14/Jan/2015:00:55:29 +0100] "GET /env/jomox/pics/airbase99_small.jpg HTTP/1.1" 200 5206 "-" "Googlebot-Image/1.0"
66.249.69.22 - - [14/Jan/2015:01:54:33 +0100] "GET / HTTP/1.1" 200 15853 "-" "Mozilla/5.0 (iPhone; CPU iPhone OS 6_0 like Mac OS X) AppleWebKit/536.26 (KHTML, like Gecko) Version/6.0 Mobile/10A5376e Safari/8536.25 (compatible; Googlebot/2.1; +http://www.google.com/bot.html)"
66.249.78.199 - - [14/Jan/2015:01:57:53 +0100] "GET /env/env.html HTTP/1.1" 304 - "-" "Mozilla/5.0 (iPhone; CPU iPhone OS 6_0 like Mac OS X) AppleWebKit/536.26 (KHTML, like Gecko) Version/6.0 Mobile/10A5376e Safari/8536.25 (compatible; Googlebot/2.1; +http://www.google.com/bot.html)"
66.249.69.22 - - [14/Jan/2015:02:58:40 +0100] "GET /env/roland/pics/pic_sc880.html HTTP/1.1" 200 755 "-" "Mozilla/5.0 (compatible; Googlebot/2.1; +http://www.google.com/bot.html)"
36.248.169.146 - - [14/Jan/2015:09:59:25 +0100] "HEAD / HTTP/1.1" 200 - "-" "Mozilla/4.0 (compatible; MSIE 6.0; Windows NT 5.1; SV1)"
36.248.169.146 - - [14/Jan/2015:09:59:25 +0100] "GET / HTTP/1.1" 200 15853 "-" "Mozilla/4.0 (compatible; MSIE 6.0; Windows NT 5.1; SV1)"
36.248.169.146 - - [14/Jan/2015:09:59:30 +0100] "HEAD /index.html HTTP/1.1" 200 - "-" "Mozilla/4.0 (compatible; MSIE 6.0; Windows NT 5.1; SV1)"
36.248.169.146 - - [14/Jan/2015:09:59:30 +0100] "GET /index.html HTTP/1.1" 200 15853 "-" "Mozilla/4.0 (compatible; MSIE 6.0; Windows NT 5.1; SV1)"
36.248.169.146 - - [14/Jan/2015:09:59:36 +0100] "HEAD /env/env.html HTTP/1.1" 200 - "-" "Mozilla/4.0 (compatible; MSIE 6.0; Windows NT 5.1; SV1)"
36.248.169.146 - - [14/Jan/2015:09:59:37 +0100] "GET /env/env.html HTTP/1.1" 200 12438 "-" "Mozilla/4.0 (compatible; MSIE 6.0; Windows NT 5.1; SV1)"
36.248.169.146 - - [14/Jan/2015:09:59:39 +0100] "HEAD /env/roland/sc880.html HTTP/1.1" 200 - "-" "Mozilla/4.0 (compatible; MSIE 6.0; Windows NT 5.1; SV1)"
36.248.169.146 - - [14/Jan/2015:09:59:40 +0100] "GET /env/roland/sc880.html HTTP/1.1" 200 17092 "-" "Mozilla/4.0 (compatible; MSIE 6.0; Windows NT 5.1; SV1)"
36.248.169.146 - - [14/Jan/2015:09:59:42 +0100] "HEAD /links/links.html HTTP/1.1" 200 - "-" "Mozilla/4.0 (compatible; MSIE 6.0; Windows NT 5.1; SV1)"
36.248.169.146 - - [14/Jan/2015:09:59:43 +0100] "GET /links/links.html HTTP/1.1" 200 278 "-" "Mozilla/4.0 (compatible; MSIE 6.0; Windows NT 5.1; SV1)"
36.248.169.146 - - [14/Jan/2015:09:59:44 +0100] "HEAD /env/roland/pics/pic_sc880.html HTTP/1.1" 200 - "-" "Mozilla/4.0 (compatible; MSIE 6.0; Windows NT 5.1; SV1)"
36.248.169.146 - - [14/Jan/2015:09:59:44 +0100] "GET /env/roland/pics/pic_sc880.html HTTP/1.1" 200 755 "-" "Mozilla/4.0 (compatible; MSIE 6.0; Windows NT 5.1; SV1)"
36.248.169.146 - - [14/Jan/2015:09:59:45 +0100] "HEAD /env/roland/sc880.html HTTP/1.1" 200 - "-" "Mozilla/4.0 (compatible; MSIE 6.0; Windows NT 5.1; SV1)"
36.248.169.146 - - [14/Jan/2015:09:59:46 +0100] "GET /env/roland/sc880.html HTTP/1.1" 200 17092 "-" "Mozilla/4.0 (compatible; MSIE 6.0; Windows NT 5.1; SV1)"
36.248.169.146 - - [14/Jan/2015:09:59:48 +0100] "HEAD /env/roland/sc880.html HTTP/1.1" 200 - "-" "Mozilla/4.0 (compatible; MSIE 6.0; Windows NT 5.1; SV1)"
36.248.169.146 - - [14/Jan/2015:09:59:49 +0100] "GET /env/roland/sc880.html HTTP/1.1" 200 17092 "-" "Mozilla/4.0 (compatible; MSIE 6.0; Windows NT 5.1; SV1)"
36.248.169.146 - - [14/Jan/2015:09:59:52 +0100] "HEAD /friends/friends.html HTTP/1.1" 401 - "-" "Mozilla/4.0 (compatible; MSIE 6.0; Windows NT 5.1; SV1)"
36.248.169.146 - - [14/Jan/2015:10:00:03 +0100] "HEAD /phpBB2/index.php HTTP/1.1" 401 - "-" "Mozilla/4.0 (compatible; MSIE 6.0; Windows NT 5.1; SV1)"
36.248.169.146 - - [14/Jan/2015:10:00:14 +0100] "HEAD /privat/privat.html HTTP/1.1" 401 - "-" "Mozilla/4.0 (compatible; MSIE 6.0; Windows NT 5.1; SV1)"
36.248.169.146 - - [14/Jan/2015:10:00:25 +0100] "HEAD /impressum/impressum.html HTTP/1.1" 200 - "-" "Mozilla/4.0 (compatible; MSIE 6.0; Windows NT 5.1; SV1)"
36.248.169.146 - - [14/Jan/2015:10:00:28 +0100] "GET /impressum/impressum.html HTTP/1.1" 200 7872 "-" "Mozilla/4.0 (compatible; MSIE 6.0; Windows NT 5.1; SV1)"
36.248.169.146 - - [14/Jan/2015:10:00:35 +0100] "HEAD /index.html HTTP/1.1" 200 - "-" "Mozilla/4.0 (compatible; MSIE 6.0; Windows NT 5.1; SV1)"
36.248.169.146 - - [14/Jan/2015:10:00:36 +0100] "GET /index.html HTTP/1.1" 200 15853 "-" "Mozilla/4.0 (compatible; MSIE 6.0; Windows NT 5.1; SV1)"
36.248.169.146 - - [14/Jan/2015:10:00:43 +0100] "HEAD /env/env.html HTTP/1.1" 200 - "-" "Mozilla/4.0 (compatible; MSIE 6.0; Windows NT 5.1; SV1)"
36.248.169.146 - - [14/Jan/2015:10:00:46 +0100] "GET /env/env.html HTTP/1.1" 200 12438 "-" "Mozilla/4.0 (compatible; MSIE 6.0; Windows NT 5.1; SV1)"
36.248.169.146 - - [14/Jan/2015:10:00:52 +0100] "HEAD /friends/friends.html HTTP/1.1" 401 - "-" "Mozilla/4.0 (compatible; MSIE 6.0; Windows NT 5.1; SV1)"
36.248.169.146 - - [14/Jan/2015:10:01:03 +0100] "HEAD /phpBB2/index.php HTTP/1.1" 401 - "-" "Mozilla/4.0 (compatible; MSIE 6.0; Windows NT 5.1; SV1)"
36.248.169.146 - - [14/Jan/2015:10:01:14 +0100] "HEAD /impressum/impressum.html HTTP/1.1" 200 - "-" "Mozilla/4.0 (compatible; MSIE 6.0; Windows NT 5.1; SV1)"
36.248.169.146 - - [14/Jan/2015:10:01:14 +0100] "GET /impressum/impressum.html HTTP/1.1" 200 7872 "-" "Mozilla/4.0 (compatible; MSIE 6.0; Windows NT 5.1; SV1)"
36.248.169.146 - - [14/Jan/2015:10:01:16 +0100] "HEAD /env/jomox/jomox.html HTTP/1.1" 200 - "-" "Mozilla/4.0 (compatible; MSIE 6.0; Windows NT 5.1; SV1)"
36.248.169.146 - - [14/Jan/2015:10:01:17 +0100] "GET /env/jomox/jomox.html HTTP/1.1" 200 14935 "-" "Mozilla/4.0 (compatible; MSIE 6.0; Windows NT 5.1; SV1)"
36.248.169.146 - - [14/Jan/2015:10:01:20 +0100] "HEAD /env/jomox/download/airbase99.LSO HTTP/1.1" 200 - "-" "Mozilla/4.0 (compatible; MSIE 6.0; Windows NT 5.1; SV1)"
36.248.169.146 - - [14/Jan/2015:10:01:20 +0100] "GET /env/jomox/download/airbase99.LSO HTTP/1.1" 200 387896 "-" "Mozilla/4.0 (compatible; MSIE 6.0; Windows NT 5.1; SV1)"
162.243.84.47 - - [14/Jan/2015:10:25:29 +0100] "GET /robots.txt HTTP/1.1" 200 298 "-" "Mozilla/5.0 (compatible; spbot/4.4.2; +http://OpenLinkProfiler.org/bot )"
162.243.84.47 - - [14/Jan/2015:10:25:34 +0100] "GET / HTTP/1.1" 200 15853 "-" "Mozilla/5.0 (compatible; spbot/4.4.2; +http://OpenLinkProfiler.org/bot )"
162.243.84.47 - - [14/Jan/2015:10:25:36 +0100] "GET /index.html HTTP/1.1" 200 15853 "http://www.soundpatcher.de/" "Mozilla/5.0 (compatible; spbot/4.4.2; +http://OpenLinkProfiler.org/bot )"
162.243.84.47 - - [14/Jan/2015:10:25:38 +0100] "GET /env/env.html HTTP/1.1" 200 12438 "http://www.soundpatcher.de/" "Mozilla/5.0 (compatible; spbot/4.4.2; +http://OpenLinkProfiler.org/bot )"
162.243.84.47 - - [14/Jan/2015:10:25:44 +0100] "GET /phpBB2/index.php HTTP/1.1" 401 1226 "http://www.soundpatcher.de/" "Mozilla/5.0 (compatible; spbot/4.4.2; +http://OpenLinkProfiler.org/bot )"
162.243.84.47 - - [14/Jan/2015:10:25:48 +0100] "GET /privat/privat.html HTTP/1.1" 401 1226 "http://www.soundpatcher.de/" "Mozilla/5.0 (compatible; spbot/4.4.2; +http://OpenLinkProfiler.org/bot )"
162.243.84.47 - - [14/Jan/2015:10:25:54 +0100] "GET /env/jomox/jomox.html HTTP/1.1" 200 14935 "http://www.soundpatcher.de/" "Mozilla/5.0 (compatible; spbot/4.4.2; +http://OpenLinkProfiler.org/bot )"
162.243.84.47 - - [14/Jan/2015:10:25:58 +0100] "GET /links/links.html HTTP/1.1" 200 278 "http://www.soundpatcher.de/env/jomox/jomox.html" "Mozilla/5.0 (compatible; spbot/4.4.2; +http://OpenLinkProfiler.org/bot )"
162.243.84.47 - - [14/Jan/2015:10:26:03 +0100] "GET /friends/friends.html HTTP/1.1" 401 1226 "http://www.soundpatcher.de/" "Mozilla/5.0 (compatible; spbot/4.4.2; +http://OpenLinkProfiler.org/bot )"
162.243.84.47 - - [14/Jan/2015:10:26:09 +0100] "GET /env/roland/sc880.html HTTP/1.1" 200 17092 "http://www.soundpatcher.de/env/env.html" "Mozilla/5.0 (compatible; spbot/4.4.2; +http://OpenLinkProfiler.org/bot )"
162.243.84.47 - - [14/Jan/2015:10:26:14 +0100] "GET /impressum/impressum.html HTTP/1.1" 200 7872 "http://www.soundpatcher.de/" "Mozilla/5.0 (compatible; spbot/4.4.2; +http://OpenLinkProfiler.org/bot )"
162.243.84.47 - - [14/Jan/2015:10:26:18 +0100] "GET /env/roland/pics/pic_sc880.html HTTP/1.1" 200 755 "http://www.soundpatcher.de/env/roland/sc880.html" "Mozilla/5.0 (compatible; spbot/4.4.2; +http://OpenLinkProfiler.org/bot )"
162.243.84.47 - - [14/Jan/2015:10:26:23 +0100] "GET /env/jomox/download/airbase99.LSO HTTP/1.1" 200 387896 "http://www.soundpatcher.de/env/jomox/jomox.html" "Mozilla/5.0 (compatible; spbot/4.4.2; +http://OpenLinkProfiler.org/bot )"
162.243.84.47 - - [14/Jan/2015:10:26:28 +0100] "GET /env/jomox/pics/pic_airbase99.html HTTP/1.1" 200 759 "http://www.soundpatcher.de/env/jomox/jomox.html" "Mozilla/5.0 (compatible; spbot/4.4.2; +http://OpenLinkProfiler.org/bot )"
141.8.147.12 - - [14/Jan/2015:14:05:52 +0100] "GET /robots.txt HTTP/1.1" 200 298 "-" "Mozilla/5.0 (compatible; YandexBot/3.0; +http://yandex.com/bots)"
141.8.147.12 - - [14/Jan/2015:14:05:56 +0100] "GET / HTTP/1.1" 200 15853 "-" "Mozilla/5.0 (compatible; YandexBot/3.0; +http://yandex.com/bots)"
66.249.79.94 - - [14/Jan/2015:16:22:01 +0100] "GET /robots.txt HTTP/1.1" 200 298 "-" "Mozilla/5.0 (compatible; Googlebot/2.1; +http://www.google.com/bot.html)"
66.249.79.110 - - [14/Jan/2015:16:22:01 +0100] "GET /favicon.ico HTTP/1.1" 404 1256 "-" "Googlebot-Image/1.0"
188.165.15.37 - - [14/Jan/2015:18:43:12 +0100] "GET /links/links.html HTTP/1.1" 200 278 "-" "Mozilla/5.0 (compatible; AhrefsBot/5.0; +http://ahrefs.com/robot/)"
188.165.15.241 - - [14/Jan/2015:21:59:40 +0100] "GET /robots.txt HTTP/1.1" 200 298 "-" "Mozilla/5.0 (compatible; AhrefsBot/5.0; +http://ahrefs.com/robot/)"
66.249.67.94 - - [15/Jan/2015:00:06:06 +0100] "GET /robots.txt HTTP/1.1" 200 298 "-" "Mozilla/5.0 (compatible; Googlebot/2.1; +http://www.google.com/bot.html)"
66.249.67.110 - - [15/Jan/2015:00:06:07 +0100] "GET /images/logo_big.jpg HTTP/1.1" 200 12681 "-" "Googlebot-Image/1.0"
66.249.78.206 - - [15/Jan/2015:18:48:05 +0100] "GET /robots.txt HTTP/1.1" 200 298 "-" "Mozilla/5.0 (compatible; Googlebot/2.1; +http://www.google.com/bot.html)"
66.249.78.206 - - [15/Jan/2015:18:48:05 +0100] "GET /env/jomox/pics/pic_airbase99.html HTTP/1.1" 304 - "-" "Mozilla/5.0 (compatible; Googlebot/2.1; +http://www.google.com/bot.html)"
91.13.31.62 - - [15/Jan/2015:19:09:55 +0100] "GET / HTTP/1.1" 200 15853 "-" "Mozilla/5.0 (Windows NT 6.1; WOW64) AppleWebKit/537.36 (KHTML, like Gecko) Chrome/36.0.1985.125 Safari/537.36"
91.13.31.62 - - [15/Jan/2015:19:09:55 +0100] "GET /impressum/impressum.html HTTP/1.1" 200 7872 "-" "Mozilla/5.0 (Windows NT 6.1; WOW64) AppleWebKit/537.36 (KHTML, like Gecko) Chrome/36.0.1985.125 Safari/537.36"
91.13.31.62 - - [15/Jan/2015:19:09:55 +0100] "GET /impressum/impressum.html HTTP/1.1" 200 7872 "-" "Mozilla/5.0 (Windows NT 6.1; WOW64) AppleWebKit/537.36 (KHTML, like Gecko) Chrome/36.0.1985.125 Safari/537.36"
141.8.147.12 - - [15/Jan/2015:20:33:39 +0100] "GET /robots.txt HTTP/1.1" 200 298 "-" "Mozilla/5.0 (compatible; YandexBot/3.0; +http://yandex.com/bots)"
141.8.147.12 - - [16/Jan/2015:01:49:18 +0100] "GET / HTTP/1.1" 200 15853 "-" "Mozilla/5.0 (compatible; YandexBot/3.0; +http://yandex.com/bots)"
157.55.39.7 - - [16/Jan/2015:04:31:58 +0100] "GET /robots.txt HTTP/1.1" 200 298 "-" "Mozilla/5.0 (compatible; bingbot/2.0; +http://www.bing.com/bingbot.htm)"
157.55.39.7 - - [16/Jan/2015:04:32:01 +0100] "GET /env/roland/images/pixel.gif HTTP/1.1" 200 43 "-" "Mozilla/5.0 (compatible; bingbot/2.0; +http://www.bing.com/bingbot.htm)"
157.55.39.7 - - [16/Jan/2015:05:56:18 +0100] "GET /env/roland/images/pixel.gif HTTP/1.1" 200 43 "-" "Mozilla/5.0 (compatible; bingbot/2.0; +http://www.bing.com/bingbot.htm)"
157.55.39.7 - - [16/Jan/2015:06:23:16 +0100] "GET /env/roland/images/pixel.gif HTTP/1.1" 200 43 "-" "Mozilla/5.0 (compatible; bingbot/2.0; +http://www.bing.com/bingbot.htm)"
85.25.202.18 - - [16/Jan/2015:16:40:43 +0100] "GET / HTTP/1.0" 200 15853 "-" "-"
85.25.202.18 - - [16/Jan/2015:16:40:44 +0100] "GET / HTTP/1.0" 200 15853 "-" "Mozilla/5.0 (Windows NT 6.1; WOW64; rv:19.0) Gecko/20100101 Firefox/19.0"
85.25.202.18 - - [16/Jan/2015:16:40:44 +0100] "GET / HTTP/1.0" 200 15853 "-" "-"
157.55.39.7 - - [17/Jan/2015:02:12:27 +0100] "GET /env/jomox/download/airbase99.LSO HTTP/1.1" 200 387896 "-" "Mozilla/5.0 (compatible; bingbot/2.0; +http://www.bing.com/bingbot.htm)"
157.55.39.7 - - [17/Jan/2015:02:12:36 +0100] "GET /robots.txt HTTP/1.1" 200 298 "-" "Mozilla/5.0 (compatible; bingbot/2.0; +http://www.bing.com/bingbot.htm)"
207.241.226.217 - - [17/Jan/2015:06:21:18 +0100] "GET /robots.txt HTTP/1.1" 200 298 "-" "Mozilla/5.0 (compatible; archive.org_bot; Wayback Machine Live Record; +http://archive.org/details/archive.org_bot)"
192.99.107.100 - - [17/Jan/2015:09:10:10 +0100] "GET /robots.txt HTTP/1.1" 200 298 "-" "Mozilla/5.0 (compatible; meanpathbot/1.0; +http://www.meanpath.com/meanpathbot.html)"
192.99.107.100 - - [17/Jan/2015:09:10:10 +0100] "GET / HTTP/1.1" 200 15853 "-" "Mozilla/5.0 (compatible; meanpathbot/1.0; +http://www.meanpath.com/meanpathbot.html)"
141.8.147.12 - - [17/Jan/2015:13:05:14 +0100] "GET /robots.txt HTTP/1.1" 200 298 "-" "Mozilla/5.0 (compatible; YandexBot/3.0; +http://yandex.com/bots)"
188.143.234.45 - - [17/Jan/2015:15:32:52 +0100] "GET /phpBB2/index.php HTTP/1.0" 401 1226 "http://www.soundpatcher.de/phpBB2/index.php" "Mozilla/5.0 (Windows NT 6.3) AppleWebKit/537.36 (KHTML, like Gecko) Chrome/39.0.2171.71 Safari/537.36"
188.143.234.45 - - [17/Jan/2015:15:32:53 +0100] "GET /phpbb2/index.php HTTP/1.0" 404 1256 "http://www.soundpatcher.de/phpbb2/index.php" "Mozilla/5.0 (Windows NT 6.3) AppleWebKit/537.36 (KHTML, like Gecko) Chrome/39.0.2171.71 Safari/537.36"
141.8.147.12 - - [17/Jan/2015:15:33:46 +0100] "GET / HTTP/1.1" 200 15853 "-" "Mozilla/5.0 (compatible; YandexBot/3.0; +http://yandex.com/bots)"
88.160.68.114 - - [17/Jan/2015:21:51:17 +0100] "GET / HTTP/1.1" 200 15853 "http://www.suchnase.de/Handel/Technik/more13.html" "integrity/5"
157.55.39.7 - - [17/Jan/2015:22:43:14 +0100] "GET /env/jomox/download/airbase99.LSO HTTP/1.1" 200 387896 "-" "Mozilla/5.0 (compatible; bingbot/2.0; +http://www.bing.com/bingbot.htm)"
157.55.39.7 - - [18/Jan/2015:07:13:53 +0100] "GET /env/jomox/images/pixel.gif HTTP/1.1" 200 43 "-" "Mozilla/5.0 (compatible; bingbot/2.0; +http://www.bing.com/bingbot.htm)"
188.165.15.61 - - [18/Jan/2015:11:43:04 +0100] "GET /robots.txt HTTP/1.1" 200 298 "-" "Mozilla/5.0 (compatible; AhrefsBot/5.0; +http://ahrefs.com/robot/)"
176.57.141.193 - - [18/Jan/2015:16:24:29 +0100] "GET / HTTP/1.1" 200 15853 "-" "Mozilla/5.0 (Macintosh; Intel Mac OS X 10_6_8) AppleWebKit/534.59.8 (KHTML, like Gecko) Version/5.1.9 Safari/534.59.8"
176.57.141.193 - - [18/Jan/2015:16:24:30 +0100] "GET /impressum/impressum.html HTTP/1.1" 200 7872 "-" "Mozilla/5.0 (Macintosh; Intel Mac OS X 10_5_8) AppleWebKit/534.50.2 (KHTML, like Gecko) Version/5.0.6 Safari/533.22.3"
87.230.58.8 - - [18/Jan/2015:17:58:30 +0100] "HEAD / HTTP/1.1" 200 - "-" "GT::WWW/1.023"
66.249.78.206 - - [18/Jan/2015:19:32:29 +0100] "GET /robots.txt HTTP/1.1" 200 298 "-" "Mozilla/5.0 (compatible; Googlebot/2.1; +http://www.google.com/bot.html)"
66.249.78.206 - - [18/Jan/2015:19:32:30 +0100] "GET / HTTP/1.1" 200 15853 "-" "Mozilla/5.0 (iPhone; CPU iPhone OS 6_0 like Mac OS X) AppleWebKit/536.26 (KHTML, like Gecko) Version/6.0 Mobile/10A5376e Safari/8536.25 (compatible; Googlebot/2.1; +http://www.google.com/bot.html)"
144.76.167.214 - - [19/Jan/2015:01:21:19 +0100] "GET /robots.txt HTTP/1.1" 200 298 "-" "Mozilla/5.0 (compatible; SISTRIX Crawler; http://crawler.sistrix.net/)"
144.76.167.214 - - [19/Jan/2015:01:21:20 +0100] "GET / HTTP/1.1" 206 15853 "-" "Mozilla/5.0 (compatible; SISTRIX Crawler; http://crawler.sistrix.net/)"
208.115.111.75 - - [19/Jan/2015:02:20:47 +0100] "GET /robots.txt HTTP/1.1" 200 298 "-" "Mozilla/5.0 (compatible; DotBot/1.1; http://www.opensiteexplorer.org/dotbot, help@moz.com)"
208.115.111.75 - - [19/Jan/2015:03:02:48 +0100] "GET / HTTP/1.1" 200 15853 "-" "Mozilla/5.0 (compatible; DotBot/1.1; http://www.opensiteexplorer.org/dotbot, help@moz.com)"
141.8.147.12 - - [19/Jan/2015:08:25:25 +0100] "GET /robots.txt HTTP/1.1" 200 298 "-" "Mozilla/5.0 (compatible; YandexBot/3.0; +http://yandex.com/bots)"
208.115.113.91 - - [19/Jan/2015:08:28:59 +0100] "GET /robots.txt HTTP/1.1" 200 298 "-" "Mozilla/5.0 (compatible; DotBot/1.1; http://www.opensiteexplorer.org/dotbot, help@moz.com)"
208.115.113.91 - - [19/Jan/2015:09:07:16 +0100] "GET /impressum/impressum.html HTTP/1.1" 200 7872 "-" "Mozilla/5.0 (compatible; DotBot/1.1; http://www.opensiteexplorer.org/dotbot, help@moz.com)"
188.165.15.136 - - [19/Jan/2015:09:48:41 +0100] "GET /env/jomox/pics/pic_airbase99.html HTTP/1.1" 200 759 "-" "Mozilla/5.0 (compatible; AhrefsBot/5.0; +http://ahrefs.com/robot/)"
141.8.147.12 - - [19/Jan/2015:14:09:54 +0100] "GET / HTTP/1.1" 200 15853 "-" "Mozilla/5.0 (compatible; YandexBot/3.0; +http://yandex.com/bots)"
72.46.136.178 - - [19/Jan/2015:16:39:09 +0100] "GET / HTTP/1.1" 200 15853 "-" "Mozilla/4.0 (compatible; MSIE 6.0; Windows NT 5.1)"
37.187.56.81 - - [19/Jan/2015:16:41:37 +0100] "GET /robots.txt HTTP/1.0" 200 298 "-" "Python-urllib/1.17"
37.187.56.81 - - [19/Jan/2015:16:41:37 +0100] "GET / HTTP/1.1" 206 15853 "-" "Mozilla/5.0 (compatible; SISTRIX Crawler; http://crawler.sistrix.net/)"
37.187.56.81 - - [19/Jan/2015:16:41:39 +0100] "GET /index.html HTTP/1.1" 206 15853 "-" "Mozilla/5.0 (compatible; SISTRIX Crawler; http://crawler.sistrix.net/)"
