92.78.138.39 - - [13/Sep/2013:21:00:22 +0200] "GET /js/fancybox/jquery.fancybox-1.3.4.css HTTP/1.1" 200 8494 "http://www.vita-apotheke.com/" "Mozilla/5.0 (Macintosh; Intel Mac OS X 10.8; rv:23.0) Gecko/20100101 Firefox/23.0"
92.78.138.39 - - [13/Sep/2013:21:00:22 +0200] "GET /js/jquery-1.5.1.min.js HTTP/1.1" 200 85260 "http://www.vita-apotheke.com/" "Mozilla/5.0 (Macintosh; Intel Mac OS X 10.8; rv:23.0) Gecko/20100101 Firefox/23.0"
92.78.138.39 - - [13/Sep/2013:21:00:22 +0200] "GET /images/AKB_QMS_Liskow_2006.png HTTP/1.1" 200 6005 "http://www.vita-apotheke.com/" "Mozilla/5.0 (Macintosh; Intel Mac OS X 10.8; rv:23.0) Gecko/20100101 Firefox/23.0"
92.78.138.39 - - [13/Sep/2013:21:00:22 +0200] "GET /images/quapos-zertifikat.jpg HTTP/1.1" 200 3804 "http://www.vita-apotheke.com/" "Mozilla/5.0 (Macintosh; Intel Mac OS X 10.8; rv:23.0) Gecko/20100101 Firefox/23.0"
92.78.138.39 - - [13/Sep/2013:21:00:22 +0200] "GET /images/MA_MonikaLorenz.jpg HTTP/1.1" 200 46854 "http://www.vita-apotheke.com/" "Mozilla/5.0 (Macintosh; Intel Mac OS X 10.8; rv:23.0) Gecko/20100101 Firefox/23.0"
92.78.138.39 - - [13/Sep/2013:21:00:23 +0200] "GET /images/vita-logo-dunkelgruen.jpg HTTP/1.1" 200 7021 "http://www.vita-apotheke.com/css/vita.css" "Mozilla/5.0 (Macintosh; Intel Mac OS X 10.8; rv:23.0) Gecko/20100101 Firefox/23.0"
92.78.138.39 - - [13/Sep/2013:21:00:23 +0200] "GET /images/grafik_navi_mittelgruen.jpg HTTP/1.1" 200 13783 "http://www.vita-apotheke.com/css/vita.css" "Mozilla/5.0 (Macintosh; Intel Mac OS X 10.8; rv:23.0) Gecko/20100101 Firefox/23.0"
92.78.138.39 - - [13/Sep/2013:21:00:23 +0200] "GET /favicon.ico HTTP/1.1" 404 1256 "-" "Mozilla/5.0 (Macintosh; Intel Mac OS X 10.8; rv:23.0) Gecko/20100101 Firefox/23.0"
92.78.138.39 - - [13/Sep/2013:21:00:23 +0200] "GET /favicon.ico HTTP/1.1" 404 1256 "-" "Mozilla/5.0 (Macintosh; Intel Mac OS X 10.8; rv:23.0) Gecko/20100101 Firefox/23.0"
92.78.138.39 - - [13/Sep/2013:21:00:26 +0200] "GET /historie.php HTTP/1.1" 200 5111 "http://www.vita-apotheke.com/" "Mozilla/5.0 (Macintosh; Intel Mac OS X 10.8; rv:23.0) Gecko/20100101 Firefox/23.0"
92.78.138.39 - - [13/Sep/2013:21:00:26 +0200] "GET /images/Historie01.jpg HTTP/1.1" 200 17762 "http://www.vita-apotheke.com/historie.php" "Mozilla/5.0 (Macintosh; Intel Mac OS X 10.8; rv:23.0) Gecko/20100101 Firefox/23.0"
92.78.138.39 - - [13/Sep/2013:21:00:26 +0200] "GET /images/Historie.jpg HTTP/1.1" 200 22682 "http://www.vita-apotheke.com/historie.php" "Mozilla/5.0 (Macintosh; Intel Mac OS X 10.8; rv:23.0) Gecko/20100101 Firefox/23.0"
92.78.138.39 - - [13/Sep/2013:21:00:28 +0200] "GET /service.php HTTP/1.1" 200 5642 "http://www.vita-apotheke.com/historie.php" "Mozilla/5.0 (Macintosh; Intel Mac OS X 10.8; rv:23.0) Gecko/20100101 Firefox/23.0"
92.78.138.39 - - [13/Sep/2013:21:00:28 +0200] "GET /images/Beratungsraum.jpg HTTP/1.1" 200 40383 "http://www.vita-apotheke.com/service.php" "Mozilla/5.0 (Macintosh; Intel Mac OS X 10.8; rv:23.0) Gecko/20100101 Firefox/23.0"
92.78.138.39 - - [13/Sep/2013:21:00:28 +0200] "GET /images/vita-not-karte.jpg HTTP/1.1" 200 66171 "http://www.vita-apotheke.com/service.php" "Mozilla/5.0 (Macintosh; Intel Mac OS X 10.8; rv:23.0) Gecko/20100101 Firefox/23.0"
92.78.138.39 - - [13/Sep/2013:21:00:30 +0200] "GET /kontakt.php HTTP/1.1" 200 5102 "http://www.vita-apotheke.com/service.php" "Mozilla/5.0 (Macintosh; Intel Mac OS X 10.8; rv:23.0) Gecko/20100101 Firefox/23.0"
5.10.83.75 - - [13/Sep/2013:21:17:28 +0200] "GET /images/Apotheke_au%C3%9Fen_ohne.Rand_4_gross.jpg HTTP/1.1" 404 1256 "-" "Mozilla/5.0 (compatible; AhrefsBot/5.0; +http://ahrefs.com/robot/)"
141.8.147.12 - - [13/Sep/2013:21:17:49 +0200] "GET /images/arnim2.gif HTTP/1.1" 304 - "-" "Mozilla/5.0 (compatible; YandexImages/3.0; +http://yandex.com/bots)"
141.8.147.12 - - [13/Sep/2013:21:39:16 +0200] "GET /images/Historie01.jpg HTTP/1.1" 304 - "-" "Mozilla/5.0 (compatible; YandexImages/3.0; +http://yandex.com/bots)"
141.8.147.12 - - [13/Sep/2013:22:06:28 +0200] "GET /images/Apotheke_au%DFen_ohne.Rand_4_gross.jpg HTTP/1.1" 304 - "-" "Mozilla/5.0 (compatible; YandexImages/3.0; +http://yandex.com/bots)"
141.8.147.12 - - [13/Sep/2013:22:45:55 +0200] "GET /images/MA_Team_Zyto_gross.jpg HTTP/1.1" 304 - "-" "Mozilla/5.0 (compatible; YandexImages/3.0; +http://yandex.com/bots)"
94.222.16.96 - - [13/Sep/2013:22:53:07 +0200] "GET /apple-touch-icon.png HTTP/1.1" 404 1256 "-" "Dolphin http client/10.0.3(238) (Android)"
94.222.16.96 - - [13/Sep/2013:22:53:08 +0200] "GET /favicon.ico HTTP/1.1" 404 1256 "-" "Dolphin http client/10.0.3(238) (Android)"
122.150.230.32 - - [13/Sep/2013:23:08:08 +0200] "GET /index_flash.html HTTP/1.1" 404 1256 "-" "Mozilla/5.0 (compatible; Konqueror/3.2; Linux 2.6.2) (KHTML, like Gecko)"
94.222.16.96 - - [13/Sep/2013:23:24:32 +0200] "GET /apple-touch-icon.png HTTP/1.1" 404 1256 "-" "Dolphin http client/10.0.3(238) (Android)"
94.222.16.96 - - [13/Sep/2013:23:24:32 +0200] "GET /favicon.ico HTTP/1.1" 404 1256 "-" "Dolphin http client/10.0.3(238) (Android)"
94.222.16.96 - - [13/Sep/2013:23:24:58 +0200] "GET /apple-touch-icon.png HTTP/1.1" 404 1256 "-" "Dolphin http client/10.0.3(238) (Android)"
94.222.16.96 - - [13/Sep/2013:23:24:58 +0200] "GET /favicon.ico HTTP/1.1" 404 1256 "-" "Dolphin http client/10.0.3(238) (Android)"
66.249.73.9 - - [13/Sep/2013:23:25:56 +0200] "GET / HTTP/1.1" 200 4539 "-" "Mozilla/5.0 (iPhone; U; CPU iPhone OS 4_1 like Mac OS X; en-us) AppleWebKit/532.9 (KHTML, like Gecko) Version/4.0.5 Mobile/8B117 Safari/6531.22.7 (compatible; Googlebot-Mobile/2.1; +http://www.google.com/bot.html)"
141.8.147.12 - - [13/Sep/2013:23:26:44 +0200] "GET /images/MA_MonikaLorenz_gross.jpg HTTP/1.1" 304 - "-" "Mozilla/5.0 (compatible; YandexImages/3.0; +http://yandex.com/bots)"
66.249.73.9 - - [13/Sep/2013:23:36:15 +0200] "GET /css/vita.css HTTP/1.1" 200 5485 "-" "Mozilla/5.0 (compatible; Googlebot/2.1; +http://www.google.com/bot.html)"
64.246.165.10 - - [14/Sep/2013:00:00:35 +0200] "GET /robots.txt HTTP/1.0" 404 1256 "-" "Mozilla/5.0 (Windows; U; Windows NT 5.1; en; rv:1.9.0.13) Gecko/2009073022 Firefox/3.5.2 (.NET CLR 3.5.30729) SurveyBot/2.3 (DomainTools)"
64.246.165.10 - - [14/Sep/2013:00:00:36 +0200] "GET / HTTP/1.1" 200 4539 "http://whois.domaintools.com/vita-apotheke.com" "Mozilla/5.0 (Windows; U; Windows NT 5.1; en; rv:1.9.0.13) Gecko/2009073022 Firefox/3.5.2 (.NET CLR 3.5.30729) SurveyBot/2.3 (DomainTools)"
94.222.16.96 - - [14/Sep/2013:00:24:14 +0200] "GET /apple-touch-icon.png HTTP/1.1" 404 1256 "-" "Dolphin http client/10.0.3(238) (Android)"
94.222.16.96 - - [14/Sep/2013:00:24:15 +0200] "GET /favicon.ico HTTP/1.1" 404 1256 "-" "Dolphin http client/10.0.3(238) (Android)"
94.222.16.96 - - [14/Sep/2013:00:27:07 +0200] "GET /apple-touch-icon.png HTTP/1.1" 404 1256 "-" "Dolphin http client/10.0.3(238) (Android)"
94.222.16.96 - - [14/Sep/2013:00:27:07 +0200] "GET /favicon.ico HTTP/1.1" 404 1256 "-" "Dolphin http client/10.0.3(238) (Android)"
94.222.16.96 - - [14/Sep/2013:00:27:48 +0200] "GET /apple-touch-icon.png HTTP/1.1" 404 1256 "-" "Dolphin http client/10.0.3(238) (Android)"
94.222.16.96 - - [14/Sep/2013:00:27:48 +0200] "GET /favicon.ico HTTP/1.1" 404 1256 "-" "Dolphin http client/10.0.3(238) (Android)"
94.222.16.96 - - [14/Sep/2013:00:28:05 +0200] "GET /apple-touch-icon.png HTTP/1.1" 404 1256 "-" "Dolphin http client/10.0.3(238) (Android)"
94.222.16.96 - - [14/Sep/2013:00:28:05 +0200] "GET /favicon.ico HTTP/1.1" 404 1256 "-" "Dolphin http client/10.0.3(238) (Android)"
94.222.16.96 - - [14/Sep/2013:00:29:13 +0200] "GET /apple-touch-icon.png HTTP/1.1" 404 1256 "-" "Dolphin http client/10.0.3(238) (Android)"
94.222.16.96 - - [14/Sep/2013:00:29:13 +0200] "GET /favicon.ico HTTP/1.1" 404 1256 "-" "Dolphin http client/10.0.3(238) (Android)"
5.10.83.26 - - [14/Sep/2013:00:32:21 +0200] "GET /images/Beratungsraum01_gross.jpg HTTP/1.1" 200 7889163 "-" "Mozilla/5.0 (compatible; AhrefsBot/5.0; +http://ahrefs.com/robot/)"
66.249.73.9 - - [14/Sep/2013:00:34:53 +0200] "GET /historie.php HTTP/1.1" 200 5111 "-" "Mozilla/5.0 (iPhone; U; CPU iPhone OS 4_1 like Mac OS X; en-us) AppleWebKit/532.9 (KHTML, like Gecko) Version/4.0.5 Mobile/8B117 Safari/6531.22.7 (compatible; Googlebot-Mobile/2.1; +http://www.google.com/bot.html)"
5.10.83.75 - - [14/Sep/2013:00:41:05 +0200] "GET /images/Beratungsraum_gross.jpg HTTP/1.1" 200 1847485 "-" "Mozilla/5.0 (compatible; AhrefsBot/5.0; +http://ahrefs.com/robot/)"
94.222.16.96 - - [14/Sep/2013:00:57:19 +0200] "GET /apple-touch-icon.png HTTP/1.1" 404 1256 "-" "Dolphin http client/10.0.3(238) (Android)"
94.222.16.96 - - [14/Sep/2013:00:57:19 +0200] "GET /favicon.ico HTTP/1.1" 404 1256 "-" "Dolphin http client/10.0.3(238) (Android)"
141.8.147.12 - - [14/Sep/2013:00:59:51 +0200] "GET / HTTP/1.1" 200 4539 "-" "Mozilla/5.0 (compatible; YandexBot/3.0; +http://yandex.com/bots)"
141.8.147.12 - - [14/Sep/2013:00:59:53 +0200] "GET /images/Historie01.jpg HTTP/1.1" 304 - "-" "Mozilla/5.0 (compatible; YandexImages/3.0; +http://yandex.com/bots)"
141.8.147.12 - - [14/Sep/2013:01:35:13 +0200] "GET /images/MA_Team_Zyto_gross.jpg HTTP/1.1" 304 - "-" "Mozilla/5.0 (compatible; YandexImages/3.0; +http://yandex.com/bots)"
85.114.142.245 - - [14/Sep/2013:01:40:25 +0200] "GET /historie.php HTTP/1.1" 200 5111 "-" "findlinks/2.6 (+http://wortschatz.uni-leipzig.de/findlinks/)"
141.8.147.12 - - [14/Sep/2013:01:48:52 +0200] "GET /images/Handverkauf01_gross.jpg HTTP/1.1" 304 - "-" "Mozilla/5.0 (compatible; YandexImages/3.0; +http://yandex.com/bots)"
141.8.147.12 - - [14/Sep/2013:03:09:47 +0200] "GET /images/Handverkauf03.jpg HTTP/1.1" 304 - "-" "Mozilla/5.0 (compatible; YandexImages/3.0; +http://yandex.com/bots)"
141.8.147.12 - - [14/Sep/2013:04:02:21 +0200] "GET /images/AKB_QMS_Liskow_2006_mittel.png HTTP/1.1" 304 - "-" "Mozilla/5.0 (compatible; YandexImages/3.0; +http://yandex.com/bots)"
141.8.147.12 - - [14/Sep/2013:04:05:09 +0200] "GET /images/Apotheke_au%DFen_ohne.Rand_4_gross.jpg HTTP/1.1" 304 - "-" "Mozilla/5.0 (compatible; YandexImages/3.0; +http://yandex.com/bots)"
66.249.73.9 - - [14/Sep/2013:04:19:18 +0200] "GET / HTTP/1.1" 200 4539 "-" "Mozilla/5.0 (compatible; Googlebot/2.1; +http://www.google.com/bot.html)"
66.249.73.9 - - [14/Sep/2013:04:23:45 +0200] "GET /images/MA_MonikaLorenz_gross.jpg HTTP/1.1" 200 2458988 "-" "Googlebot-Image/1.0"
66.249.73.9 - - [14/Sep/2013:04:23:47 +0200] "GET /images/quapos-zertifikat-gross.jpg HTTP/1.1" 200 44345 "-" "Googlebot-Image/1.0"
66.249.73.9 - - [14/Sep/2013:04:28:47 +0200] "GET /images/AKB_QMS_Liskow_2006_gross.jpg HTTP/1.1" 200 644084 "-" "Googlebot-Image/1.0"
141.8.147.12 - - [14/Sep/2013:04:33:35 +0200] "GET /images/MA_MonikaLorenz_gross.jpg HTTP/1.1" 304 - "-" "Mozilla/5.0 (compatible; YandexImages/3.0; +http://yandex.com/bots)"
141.8.147.12 - - [14/Sep/2013:05:58:13 +0200] "GET /images/Handverkauf01.jpg HTTP/1.1" 304 - "-" "Mozilla/5.0 (compatible; YandexImages/3.0; +http://yandex.com/bots)"
141.8.147.12 - - [14/Sep/2013:06:03:18 +0200] "GET /robots.txt HTTP/1.1" 404 1256 "-" "Mozilla/5.0 (compatible; YandexBot/3.0; +http://yandex.com/bots)"
141.8.147.12 - - [14/Sep/2013:06:03:20 +0200] "GET /images/arnim2.gif HTTP/1.1" 304 - "-" "Mozilla/5.0 (compatible; YandexImages/3.0; +http://yandex.com/bots)"
94.222.16.96 - - [14/Sep/2013:06:35:43 +0200] "GET /apple-touch-icon.png HTTP/1.1" 404 1256 "-" "Dolphin http client/10.0.3(238) (Android)"
94.222.16.96 - - [14/Sep/2013:06:35:43 +0200] "GET /favicon.ico HTTP/1.1" 404 1256 "-" "Dolphin http client/10.0.3(238) (Android)"
94.222.16.96 - - [14/Sep/2013:06:36:13 +0200] "GET /apple-touch-icon.png HTTP/1.1" 404 1256 "-" "Dolphin http client/10.0.3(238) (Android)"
94.222.16.96 - - [14/Sep/2013:06:36:13 +0200] "GET /favicon.ico HTTP/1.1" 404 1256 "-" "Dolphin http client/10.0.3(238) (Android)"
94.222.16.96 - - [14/Sep/2013:06:43:59 +0200] "GET /apple-touch-icon.png HTTP/1.1" 404 1256 "-" "Dolphin http client/10.0.3(238) (Android)"
94.222.16.96 - - [14/Sep/2013:06:43:59 +0200] "GET /favicon.ico HTTP/1.1" 404 1256 "-" "Dolphin http client/10.0.3(238) (Android)"
94.222.16.96 - - [14/Sep/2013:06:45:06 +0200] "GET /apple-touch-icon.png HTTP/1.1" 404 1256 "-" "Dolphin http client/10.0.3(238) (Android)"
94.222.16.96 - - [14/Sep/2013:06:45:06 +0200] "GET /favicon.ico HTTP/1.1" 404 1256 "-" "Dolphin http client/10.0.3(238) (Android)"
94.222.16.96 - - [14/Sep/2013:06:45:34 +0200] "GET /apple-touch-icon.png HTTP/1.1" 404 1256 "-" "Dolphin http client/10.0.3(238) (Android)"
94.222.16.96 - - [14/Sep/2013:06:45:34 +0200] "GET /favicon.ico HTTP/1.1" 404 1256 "-" "Dolphin http client/10.0.3(238) (Android)"
141.8.147.12 - - [14/Sep/2013:06:52:13 +0200] "GET /images/MA_Team_Zyto.jpg HTTP/1.1" 304 - "-" "Mozilla/5.0 (compatible; YandexImages/3.0; +http://yandex.com/bots)"
65.55.215.46 - - [14/Sep/2013:07:52:46 +0200] "GET /robots.txt HTTP/1.1" 404 1256 "-" "msnbot-media/1.1 (+http://search.msn.com/msnbot.htm)"
65.55.215.46 - - [14/Sep/2013:07:52:46 +0200] "GET /images/quapos-zertifikat.jpg HTTP/1.1" 200 3804 "-" "msnbot-media/1.1 (+http://search.msn.com/msnbot.htm)"
5.10.83.26 - - [14/Sep/2013:08:03:34 +0200] "GET /index.php HTTP/1.1" 200 4539 "-" "Mozilla/5.0 (compatible; AhrefsBot/5.0; +http://ahrefs.com/robot/)"
94.222.16.96 - - [14/Sep/2013:08:47:23 +0200] "GET /apple-touch-icon.png HTTP/1.1" 404 1256 "-" "Dolphin http client/10.0.3(238) (Android)"
94.222.16.96 - - [14/Sep/2013:08:47:24 +0200] "GET /favicon.ico HTTP/1.1" 404 1256 "-" "Dolphin http client/10.0.3(238) (Android)"
66.249.73.9 - - [14/Sep/2013:09:01:49 +0200] "GET /robots.txt HTTP/1.1" 404 1256 "-" "Mozilla/5.0 (compatible; Googlebot/2.1; +http://www.google.com/bot.html)"
66.249.73.9 - - [14/Sep/2013:09:01:49 +0200] "GET /mitarbeiter.php HTTP/1.1" 200 6811 "-" "Mozilla/5.0 (iPhone; U; CPU iPhone OS 4_1 like Mac OS X; en-us) AppleWebKit/532.9 (KHTML, like Gecko) Version/4.0.5 Mobile/8B117 Safari/6531.22.7 (compatible; Googlebot-Mobile/2.1; +http://www.google.com/bot.html)"
94.222.16.96 - - [14/Sep/2013:09:02:16 +0200] "GET /apple-touch-icon.png HTTP/1.1" 404 1256 "-" "Dolphin http client/10.0.3(238) (Android)"
94.222.16.96 - - [14/Sep/2013:09:02:16 +0200] "GET /favicon.ico HTTP/1.1" 404 1256 "-" "Dolphin http client/10.0.3(238) (Android)"
94.222.16.96 - - [14/Sep/2013:09:03:20 +0200] "GET /apple-touch-icon.png HTTP/1.1" 404 1256 "-" "Dolphin http client/10.0.3(238) (Android)"
94.222.16.96 - - [14/Sep/2013:09:03:20 +0200] "GET /favicon.ico HTTP/1.1" 404 1256 "-" "Dolphin http client/10.0.3(238) (Android)"
94.222.16.96 - - [14/Sep/2013:09:03:57 +0200] "GET /apple-touch-icon.png HTTP/1.1" 404 1256 "-" "Dolphin http client/10.0.3(238) (Android)"
94.222.16.96 - - [14/Sep/2013:09:03:58 +0200] "GET /favicon.ico HTTP/1.1" 404 1256 "-" "Dolphin http client/10.0.3(238) (Android)"
94.222.16.96 - - [14/Sep/2013:09:05:20 +0200] "GET /apple-touch-icon.png HTTP/1.1" 404 1256 "-" "Dolphin http client/10.0.3(238) (Android)"
94.222.16.96 - - [14/Sep/2013:09:05:20 +0200] "GET /favicon.ico HTTP/1.1" 404 1256 "-" "Dolphin http client/10.0.3(238) (Android)"
94.222.16.96 - - [14/Sep/2013:09:14:18 +0200] "GET /apple-touch-icon.png HTTP/1.1" 404 1256 "-" "Dolphin http client/10.0.3(238) (Android)"
94.222.16.96 - - [14/Sep/2013:09:14:18 +0200] "GET /favicon.ico HTTP/1.1" 404 1256 "-" "Dolphin http client/10.0.3(238) (Android)"
94.222.16.96 - - [14/Sep/2013:09:14:19 +0200] "GET /apple-touch-icon.png HTTP/1.1" 404 1256 "-" "Dolphin http client/10.0.3(238) (Android)"
94.222.16.96 - - [14/Sep/2013:09:14:19 +0200] "GET /favicon.ico HTTP/1.1" 404 1256 "-" "Dolphin http client/10.0.3(238) (Android)"
141.8.147.12 - - [14/Sep/2013:10:10:36 +0200] "GET /images/vita-not-karte.jpg HTTP/1.1" 304 - "-" "Mozilla/5.0 (compatible; YandexImages/3.0; +http://yandex.com/bots)"
66.249.73.9 - - [14/Sep/2013:10:34:05 +0200] "GET / HTTP/1.1" 200 4539 "-" "DoCoMo/2.0 N905i(c100;TB;W24H16) (compatible; Googlebot-Mobile/2.1; +http://www.google.com/bot.html)"
46.118.114.233 - - [14/Sep/2013:10:54:29 +0200] "GET /robots.txt HTTP/1.1" 404 1256 "-" "Mozilla/5.0 (compatible; 008/0.83; http://www.80legs.com/webcrawler.html;) Gecko/2008032620"
46.118.114.233 - - [14/Sep/2013:10:54:29 +0200] "GET / HTTP/1.1" 200 4539 "-" "Mozilla/5.0 (compatible; 008/0.85; http://www.80legs.com/webcrawler.html) Gecko/2008032620"
5.10.83.86 - - [14/Sep/2013:11:13:22 +0200] "GET /rundgang_beratungsraum.php HTTP/1.1" 200 5025 "-" "Mozilla/5.0 (compatible; AhrefsBot/5.0; +http://ahrefs.com/robot/)"
141.8.147.12 - - [14/Sep/2013:11:16:06 +0200] "GET /images/Handverkauf01_gross.jpg HTTP/1.1" 304 - "-" "Mozilla/5.0 (compatible; YandexImages/3.0; +http://yandex.com/bots)"
109.45.3.19 - - [14/Sep/2013:11:25:54 +0200] "GET /apple-touch-icon.png HTTP/1.1" 404 1256 "-" "Dolphin http client/10.0.3(238) (Android)"
109.45.3.19 - - [14/Sep/2013:11:25:54 +0200] "GET /favicon.ico HTTP/1.1" 404 1256 "-" "Dolphin http client/10.0.3(238) (Android)"
91.211.213.42 - - [14/Sep/2013:11:54:02 +0200] "GET /robots.txt HTTP/1.1" 404 1256 "-" "Mozilla/5.0 (compatible; 008/0.83; http://www.80legs.com/webcrawler.html;) Gecko/2008032620"
91.211.213.42 - - [14/Sep/2013:11:54:02 +0200] "GET /kontakt.php HTTP/1.1" 200 5102 "-" "Mozilla/5.0 (compatible; 008/0.85; http://www.80legs.com/webcrawler.html) Gecko/2008032620"
94.51.137.239 - - [14/Sep/2013:12:00:15 +0200] "GET /robots.txt HTTP/1.1" 404 1256 "-" "Mozilla/5.0 (compatible; 008/0.83; http://www.80legs.com/webcrawler.html;) Gecko/2008032620"
94.51.137.239 - - [14/Sep/2013:12:00:15 +0200] "GET /rundgang_start.php HTTP/1.1" 200 4652 "-" "Mozilla/5.0 (compatible; 008/0.85; http://www.80legs.com/webcrawler.html) Gecko/2008032620"
77.51.3.11 - - [14/Sep/2013:12:01:46 +0200] "GET /robots.txt HTTP/1.1" 404 1256 "-" "Mozilla/5.0 (compatible; 008/0.83; http://www.80legs.com/webcrawler.html;) Gecko/2008032620"
77.51.3.11 - - [14/Sep/2013:12:01:46 +0200] "GET /index.php HTTP/1.1" 200 4539 "-" "Mozilla/5.0 (compatible; 008/0.85; http://www.80legs.com/webcrawler.html) Gecko/2008032620"
77.51.3.11 - - [14/Sep/2013:12:01:54 +0200] "GET /sterillabor.php HTTP/1.1" 200 4330 "-" "Mozilla/5.0 (compatible; 008/0.85; http://www.80legs.com/webcrawler.html) Gecko/2008032620"
87.103.129.232 - - [14/Sep/2013:12:04:03 +0200] "GET /robots.txt HTTP/1.1" 404 1256 "-" "Mozilla/5.0 (compatible; 008/0.83; http://www.80legs.com/webcrawler.html;) Gecko/2008032620"
87.103.129.232 - - [14/Sep/2013:12:04:04 +0200] "GET /historie.php HTTP/1.1" 200 5111 "-" "Mozilla/5.0 (compatible; 008/0.85; http://www.80legs.com/webcrawler.html) Gecko/2008032620"
178.124.115.176 - - [14/Sep/2013:12:07:41 +0200] "GET /robots.txt HTTP/1.1" 404 1256 "-" "Mozilla/5.0 (compatible; 008/0.83; http://www.80legs.com/webcrawler.html;) Gecko/2008032620"
178.124.115.176 - - [14/Sep/2013:12:07:41 +0200] "GET /impressum.php HTTP/1.1" 200 4696 "-" "Mozilla/5.0 (compatible; 008/0.85; http://www.80legs.com/webcrawler.html) Gecko/2008032620"
178.124.115.176 - - [14/Sep/2013:12:07:44 +0200] "GET /service.php HTTP/1.1" 200 5642 "-" "Mozilla/5.0 (compatible; 008/0.85; http://www.80legs.com/webcrawler.html) Gecko/2008032620"
91.78.6.91 - - [14/Sep/2013:12:09:17 +0200] "GET /robots.txt HTTP/1.1" 404 1256 "-" "Mozilla/5.0 (compatible; 008/0.83; http://www.80legs.com/webcrawler.html;) Gecko/2008032620"
91.78.6.91 - - [14/Sep/2013:12:09:17 +0200] "GET /service.php HTTP/1.1" 200 5642 "-" "Mozilla/5.0 (compatible; 008/0.85; http://www.80legs.com/webcrawler.html) Gecko/2008032620"
91.229.10.105 - - [14/Sep/2013:12:16:04 +0200] "GET /robots.txt HTTP/1.1" 404 1256 "-" "Mozilla/5.0 (compatible; 008/0.83; http://www.80legs.com/webcrawler.html;) Gecko/2008032620"
91.229.10.105 - - [14/Sep/2013:12:16:05 +0200] "GET /aerzteadressen.php HTTP/1.1" 200 5232 "-" "Mozilla/5.0 (compatible; 008/0.85; http://www.80legs.com/webcrawler.html) Gecko/2008032620"
91.229.10.105 - - [14/Sep/2013:12:16:07 +0200] "GET /impressum.php HTTP/1.1" 200 4696 "-" "Mozilla/5.0 (compatible; 008/0.85; http://www.80legs.com/webcrawler.html) Gecko/2008032620"
188.187.6.22 - - [14/Sep/2013:12:16:31 +0200] "GET /robots.txt HTTP/1.1" 404 1256 "-" "Mozilla/5.0 (compatible; 008/0.83; http://www.80legs.com/webcrawler.html;) Gecko/2008032620"
188.187.6.22 - - [14/Sep/2013:12:16:32 +0200] "GET /aerzteadressen.php HTTP/1.1" 200 5232 "-" "Mozilla/5.0 (compatible; 008/0.85; http://www.80legs.com/webcrawler.html) Gecko/2008032620"
188.187.6.22 - - [14/Sep/2013:12:16:36 +0200] "GET /impressum.php HTTP/1.1" 200 4696 "-" "Mozilla/5.0 (compatible; 008/0.85; http://www.80legs.com/webcrawler.html) Gecko/2008032620"
142.4.217.219 - - [14/Sep/2013:12:20:11 +0200] "GET /aerzteadressen.php HTTP/1.1" 200 5232 "-" "Mozilla/5.0 (X11; Linux i686; rv:6.0) Gecko/20100101 Firefox/6.0"
89.173.214.225 - - [14/Sep/2013:12:25:43 +0200] "GET /robots.txt HTTP/1.1" 404 1256 "-" "Mozilla/5.0 (compatible; 008/0.83; http://www.80legs.com/webcrawler.html;) Gecko/2008032620"
89.173.214.225 - - [14/Sep/2013:12:25:43 +0200] "GET /aerzteadressen.php HTTP/1.1" 200 5232 "-" "Mozilla/5.0 (compatible; 008/0.85; http://www.80legs.com/webcrawler.html) Gecko/2008032620"
176.212.165.70 - - [14/Sep/2013:12:25:44 +0200] "GET /robots.txt HTTP/1.1" 404 1256 "-" "Mozilla/5.0 (compatible; 008/0.83; http://www.80legs.com/webcrawler.html;) Gecko/2008032620"
176.212.165.70 - - [14/Sep/2013:12:25:44 +0200] "GET /aerzteadressen.php HTTP/1.1" 200 5232 "-" "Mozilla/5.0 (compatible; 008/0.85; http://www.80legs.com/webcrawler.html) Gecko/2008032620"
109.167.200.235 - - [14/Sep/2013:12:25:59 +0200] "GET /robots.txt HTTP/1.1" 404 1256 "-" "Mozilla/5.0 (compatible; 008/0.83; http://www.80legs.com/webcrawler.html;) Gecko/2008032620"
109.167.200.235 - - [14/Sep/2013:12:25:59 +0200] "GET /aerzteadressen.php HTTP/1.1" 200 5232 "-" "Mozilla/5.0 (compatible; 008/0.85; http://www.80legs.com/webcrawler.html) Gecko/2008032620"
94.73.237.106 - - [14/Sep/2013:12:27:32 +0200] "GET /robots.txt HTTP/1.1" 404 1256 "-" "Mozilla/5.0 (compatible; 008/0.83; http://www.80legs.com/webcrawler.html;) Gecko/2008032620"
94.73.237.106 - - [14/Sep/2013:12:27:32 +0200] "GET /aerzteadressen.php HTTP/1.1" 200 5232 "-" "Mozilla/5.0 (compatible; 008/0.85; http://www.80legs.com/webcrawler.html) Gecko/2008032620"
5.10.83.58 - - [14/Sep/2013:12:31:24 +0200] "GET /images/Regie02_gross.jpg HTTP/1.1" 200 1978619 "-" "Mozilla/5.0 (compatible; AhrefsBot/5.0; +http://ahrefs.com/robot/)"
5.10.83.36 - - [14/Sep/2013:12:34:39 +0200] "GET /images/Warenlager01_gross.jpg HTTP/1.1" 200 1983623 "-" "Mozilla/5.0 (compatible; AhrefsBot/5.0; +http://ahrefs.com/robot/)"
144.76.42.76 - - [14/Sep/2013:12:42:40 +0200] "GET / HTTP/1.1" 200 4539 "-" "Mozilla/5.0 (Macintosh; Intel Mac OS X 10_8_2) AppleWebKit/537.17 (KHTML, like Gecko) Chrome/24.0.1312.52 Safari/537.17"
94.231.65.1 - - [14/Sep/2013:12:48:13 +0200] "GET /robots.txt HTTP/1.1" 404 1256 "-" "Mozilla/5.0 (compatible; 008/0.83; http://www.80legs.com/webcrawler.html;) Gecko/2008032620"
94.231.65.1 - - [14/Sep/2013:12:48:14 +0200] "GET /zertifizierungen.php HTTP/1.1" 200 4722 "-" "Mozilla/5.0 (compatible; 008/0.85; http://www.80legs.com/webcrawler.html) Gecko/2008032620"
64.125.222.50 - - [14/Sep/2013:12:50:48 +0200] "GET /robots.txt HTTP/1.1" 404 1256 "-" "Mozilla/5.0 (compatible; 008/0.83; http://www.80legs.com/webcrawler.html;) Gecko/2008032620"
37.146.211.205 - - [14/Sep/2013:12:50:57 +0200] "GET /mitarbeiter.php HTTP/1.1" 200 6811 "-" "Mozilla/5.0 (compatible; 008/0.85; http://www.80legs.com/webcrawler.html) Gecko/2008032620"
86.62.90.75 - - [14/Sep/2013:12:50:58 +0200] "GET /mitarbeiter.php HTTP/1.1" 200 6811 "-" "Mozilla/5.0 (compatible; 008/0.85; http://www.80legs.com/webcrawler.html) Gecko/2008032620"
64.125.222.16 - - [14/Sep/2013:12:51:05 +0200] "GET /robots.txt HTTP/1.1" 404 1256 "-" "Mozilla/5.0 (compatible; 008/0.83; http://www.80legs.com/webcrawler.html;) Gecko/2008032620"
193.151.14.10 - - [14/Sep/2013:12:52:47 +0200] "GET /rundgang_beratungsraum.php HTTP/1.1" 200 5025 "-" "Mozilla/5.0 (compatible; 008/0.85; http://www.80legs.com/webcrawler.html) Gecko/2008032620"
95.57.135.34 - - [14/Sep/2013:12:52:48 +0200] "GET /rundgang_beratungsraum.php HTTP/1.1" 200 5025 "-" "Mozilla/5.0 (compatible; 008/0.85; http://www.80legs.com/webcrawler.html) Gecko/2008032620"
91.201.190.240 - - [14/Sep/2013:12:52:48 +0200] "GET /rundgang_beratungsraum.php HTTP/1.1" 200 5025 "-" "Mozilla/5.0 (compatible; 008/0.85; http://www.80legs.com/webcrawler.html) Gecko/2008032620"
37.110.27.31 - - [14/Sep/2013:12:52:50 +0200] "GET /rundgang_beratungsraum.php HTTP/1.1" 200 5025 "-" "Mozilla/5.0 (compatible; 008/0.85; http://www.80legs.com/webcrawler.html) Gecko/2008032620"
95.27.44.87 - - [14/Sep/2013:12:52:54 +0200] "GET /rundgang_beratungsraum.php HTTP/1.1" 200 5025 "-" "Mozilla/5.0 (compatible; 008/0.85; http://www.80legs.com/webcrawler.html) Gecko/2008032620"
46.48.112.34 - - [14/Sep/2013:12:55:14 +0200] "GET /ueberuns.php HTTP/1.1" 302 - "-" "Mozilla/5.0 (compatible; 008/0.85; http://www.80legs.com/webcrawler.html) Gecko/2008032620"
91.211.147.142 - - [14/Sep/2013:12:55:16 +0200] "GET /ueberuns.php HTTP/1.1" 302 - "-" "Mozilla/5.0 (compatible; 008/0.85; http://www.80legs.com/webcrawler.html) Gecko/2008032620"
79.140.23.198 - - [14/Sep/2013:12:55:21 +0200] "GET /ueberuns.php HTTP/1.1" 302 - "-" "Mozilla/5.0 (compatible; 008/0.85; http://www.80legs.com/webcrawler.html) Gecko/2008032620"
85.178.251.48 - - [14/Sep/2013:12:55:25 +0200] "GET /ueberuns.php HTTP/1.1" 302 - "-" "Mozilla/5.0 (compatible; 008/0.85; http://www.80legs.com/webcrawler.html) Gecko/2008032620"
46.41.108.62 - - [14/Sep/2013:12:55:31 +0200] "GET /ueberuns.php HTTP/1.1" 302 - "-" "Mozilla/5.0 (compatible; 008/0.85; http://www.80legs.com/webcrawler.html) Gecko/2008032620"
178.93.90.164 - - [14/Sep/2013:12:56:28 +0200] "GET /zertifizierungen.php HTTP/1.1" 200 4722 "-" "Mozilla/5.0 (compatible; 008/0.85; http://www.80legs.com/webcrawler.html) Gecko/2008032620"
94.222.16.96 - - [14/Sep/2013:13:34:14 +0200] "GET /apple-touch-icon.png HTTP/1.1" 404 1256 "-" "Dolphin http client/10.0.3(238) (Android)"
94.222.16.96 - - [14/Sep/2013:13:34:14 +0200] "GET /favicon.ico HTTP/1.1" 404 1256 "-" "Dolphin http client/10.0.3(238) (Android)"
94.222.16.96 - - [14/Sep/2013:13:35:03 +0200] "GET /apple-touch-icon.png HTTP/1.1" 404 1256 "-" "Dolphin http client/10.0.3(238) (Android)"
94.222.16.96 - - [14/Sep/2013:13:35:03 +0200] "GET /favicon.ico HTTP/1.1" 404 1256 "-" "Dolphin http client/10.0.3(238) (Android)"
5.10.83.42 - - [14/Sep/2013:13:56:20 +0200] "GET /images/Handverkauf03_gross.jpg HTTP/1.1" 200 2081670 "-" "Mozilla/5.0 (compatible; AhrefsBot/5.0; +http://ahrefs.com/robot/)"
141.8.147.12 - - [14/Sep/2013:14:07:51 +0200] "GET /images/MA_MonikaLorenz_gross.jpg HTTP/1.1" 304 - "-" "Mozilla/5.0 (compatible; YandexImages/3.0; +http://yandex.com/bots)"
157.55.35.42 - - [14/Sep/2013:14:08:17 +0200] "GET /robots.txt HTTP/1.1" 404 1256 "-" "Mozilla/5.0 (compatible; bingbot/2.0; +http://www.bing.com/bingbot.htm)"
157.55.35.42 - - [14/Sep/2013:14:08:57 +0200] "GET /frame_header_flash.html HTTP/1.1" 404 1256 "-" "Mozilla/5.0 (compatible; bingbot/2.0; +http://www.bing.com/bingbot.htm)"
157.55.35.42 - - [14/Sep/2013:14:08:59 +0200] "GET /header.swf HTTP/1.1" 404 1256 "-" "Mozilla/5.0 (compatible; bingbot/2.0; +http://www.bing.com/bingbot.htm)"
109.45.1.118 - - [14/Sep/2013:14:14:59 +0200] "GET /apple-touch-icon.png HTTP/1.1" 404 1256 "-" "Dolphin http client/10.0.3(238) (Android)"
109.45.1.118 - - [14/Sep/2013:14:14:59 +0200] "GET /favicon.ico HTTP/1.1" 404 1256 "-" "Dolphin http client/10.0.3(238) (Android)"
141.8.147.12 - - [14/Sep/2013:14:24:27 +0200] "GET /images/Handverkauf01.jpg HTTP/1.1" 304 - "-" "Mozilla/5.0 (compatible; YandexImages/3.0; +http://yandex.com/bots)"
79.245.172.64 - - [14/Sep/2013:15:10:02 +0200] "GET / HTTP/1.1" 200 4539 "http://www.google.de/url?sa=t&rct=j&q=&esrc=s&source=web&cd=2&ved=0CDwQoAIwAQ&url=http%3A%2F%2Fwww.vita-apotheke.com%2F&ei=1F80Uvu4H8mQ4gSiq4CoCQ&usg=AFQjCNGHscoO06lKwKfUZWpPexrvGv3sxg&bvm=bv.52164340,d.bGE&cad=rja" "Mozilla/5.0 (Macintosh; Intel Mac OS X 10.5; rv:16.0) Gecko/20100101 Firefox/16.0"
79.245.172.64 - - [14/Sep/2013:15:10:03 +0200] "GET /css/vita.css HTTP/1.1" 200 5485 "http://www.vita-apotheke.com/" "Mozilla/5.0 (Macintosh; Intel Mac OS X 10.5; rv:16.0) Gecko/20100101 Firefox/16.0"
79.245.172.64 - - [14/Sep/2013:15:10:03 +0200] "GET /js/fancybox/jquery.fancybox-1.3.4.pack.js HTTP/1.1" 200 15624 "http://www.vita-apotheke.com/" "Mozilla/5.0 (Macintosh; Intel Mac OS X 10.5; rv:16.0) Gecko/20100101 Firefox/16.0"
79.245.172.64 - - [14/Sep/2013:15:10:03 +0200] "GET /js/jquery.cross-slide.js HTTP/1.1" 200 6780 "http://www.vita-apotheke.com/" "Mozilla/5.0 (Macintosh; Intel Mac OS X 10.5; rv:16.0) Gecko/20100101 Firefox/16.0"
79.245.172.64 - - [14/Sep/2013:15:10:03 +0200] "GET /images/AKB_QMS_Liskow_2006.png HTTP/1.1" 200 6005 "http://www.vita-apotheke.com/" "Mozilla/5.0 (Macintosh; Intel Mac OS X 10.5; rv:16.0) Gecko/20100101 Firefox/16.0"
79.245.172.64 - - [14/Sep/2013:15:10:03 +0200] "GET /js/fancybox/jquery.fancybox-1.3.4.css HTTP/1.1" 200 8494 "http://www.vita-apotheke.com/" "Mozilla/5.0 (Macintosh; Intel Mac OS X 10.5; rv:16.0) Gecko/20100101 Firefox/16.0"
79.245.172.64 - - [14/Sep/2013:15:10:03 +0200] "GET /images/quapos-zertifikat.jpg HTTP/1.1" 200 3804 "http://www.vita-apotheke.com/" "Mozilla/5.0 (Macintosh; Intel Mac OS X 10.5; rv:16.0) Gecko/20100101 Firefox/16.0"
79.245.172.64 - - [14/Sep/2013:15:10:03 +0200] "GET /images/MA_MonikaLorenz.jpg HTTP/1.1" 200 46854 "http://www.vita-apotheke.com/" "Mozilla/5.0 (Macintosh; Intel Mac OS X 10.5; rv:16.0) Gecko/20100101 Firefox/16.0"
79.245.172.64 - - [14/Sep/2013:15:10:03 +0200] "GET /js/jquery-1.5.1.min.js HTTP/1.1" 200 85260 "http://www.vita-apotheke.com/" "Mozilla/5.0 (Macintosh; Intel Mac OS X 10.5; rv:16.0) Gecko/20100101 Firefox/16.0"
79.245.172.64 - - [14/Sep/2013:15:10:03 +0200] "GET /images/vita-logo-dunkelgruen.jpg HTTP/1.1" 200 7021 "http://www.vita-apotheke.com/css/vita.css" "Mozilla/5.0 (Macintosh; Intel Mac OS X 10.5; rv:16.0) Gecko/20100101 Firefox/16.0"
79.245.172.64 - - [14/Sep/2013:15:10:03 +0200] "GET /images/grafik_navi_mittelgruen.jpg HTTP/1.1" 200 13783 "http://www.vita-apotheke.com/css/vita.css" "Mozilla/5.0 (Macintosh; Intel Mac OS X 10.5; rv:16.0) Gecko/20100101 Firefox/16.0"
79.245.172.64 - - [14/Sep/2013:15:10:03 +0200] "GET /favicon.ico HTTP/1.1" 404 1256 "-" "Mozilla/5.0 (Macintosh; Intel Mac OS X 10.5; rv:16.0) Gecko/20100101 Firefox/16.0"
94.222.16.96 - - [14/Sep/2013:15:45:09 +0200] "GET /apple-touch-icon.png HTTP/1.1" 404 1256 "-" "Dolphin http client/10.0.3(238) (Android)"
94.222.16.96 - - [14/Sep/2013:15:45:10 +0200] "GET /favicon.ico HTTP/1.1" 404 1256 "-" "Dolphin http client/10.0.3(238) (Android)"
94.222.16.96 - - [14/Sep/2013:15:45:45 +0200] "GET /apple-touch-icon.png HTTP/1.1" 404 1256 "-" "Dolphin http client/10.0.3(238) (Android)"
94.222.16.96 - - [14/Sep/2013:15:45:45 +0200] "GET /favicon.ico HTTP/1.1" 404 1256 "-" "Dolphin http client/10.0.3(238) (Android)"
94.222.16.96 - - [14/Sep/2013:15:46:07 +0200] "GET /apple-touch-icon.png HTTP/1.1" 404 1256 "-" "Dolphin http client/10.0.3(238) (Android)"
94.222.16.96 - - [14/Sep/2013:15:46:07 +0200] "GET /favicon.ico HTTP/1.1" 404 1256 "-" "Dolphin http client/10.0.3(238) (Android)"
94.222.16.96 - - [14/Sep/2013:15:48:55 +0200] "GET /apple-touch-icon.png HTTP/1.1" 404 1256 "-" "Dolphin http client/10.0.3(238) (Android)"
94.222.16.96 - - [14/Sep/2013:15:48:55 +0200] "GET /favicon.ico HTTP/1.1" 404 1256 "-" "Dolphin http client/10.0.3(238) (Android)"
94.222.16.96 - - [14/Sep/2013:15:49:17 +0200] "GET /apple-touch-icon.png HTTP/1.1" 404 1256 "-" "Dolphin http client/10.0.3(238) (Android)"
94.222.16.96 - - [14/Sep/2013:15:49:17 +0200] "GET /favicon.ico HTTP/1.1" 404 1256 "-" "Dolphin http client/10.0.3(238) (Android)"
94.222.16.96 - - [14/Sep/2013:15:51:33 +0200] "GET /apple-touch-icon.png HTTP/1.1" 404 1256 "-" "Dolphin http client/10.0.3(238) (Android)"
94.222.16.96 - - [14/Sep/2013:15:51:34 +0200] "GET /favicon.ico HTTP/1.1" 404 1256 "-" "Dolphin http client/10.0.3(238) (Android)"
94.222.16.96 - - [14/Sep/2013:16:20:22 +0200] "GET /apple-touch-icon.png HTTP/1.1" 404 1256 "-" "Dolphin http client/10.0.3(238) (Android)"
94.222.16.96 - - [14/Sep/2013:16:20:22 +0200] "GET /favicon.ico HTTP/1.1" 404 1256 "-" "Dolphin http client/10.0.3(238) (Android)"
94.222.16.96 - - [14/Sep/2013:16:24:58 +0200] "GET /apple-touch-icon.png HTTP/1.1" 404 1256 "-" "Dolphin http client/10.0.3(238) (Android)"
94.222.16.96 - - [14/Sep/2013:16:24:58 +0200] "GET /favicon.ico HTTP/1.1" 404 1256 "-" "Dolphin http client/10.0.3(238) (Android)"
92.229.60.120 - - [14/Sep/2013:16:28:28 +0200] "GET / HTTP/1.1" 200 4539 "http://www.google.de/url?sa=t&rct=j&q=apotheke+arcyden+neuk%C3%B6lln&source=web&cd=1&ved=0CC8QFjAA&url=http%3A%2F%2Fwww.vita-apotheke.com%2F&ei=NXI0UqutMIaYtAaHvoCoAw&usg=AFQjCNGHscoO06lKwKfUZWpPexrvGv3sxg" "Mozilla/5.0 (Macintosh; Intel Mac OS X 10_6_8) AppleWebKit/534.59.8 (KHTML, like Gecko) Version/5.1.9 Safari/534.59.8"
92.229.60.120 - - [14/Sep/2013:16:28:28 +0200] "GET /js/fancybox/jquery.fancybox-1.3.4.pack.js HTTP/1.1" 200 15624 "http://www.vita-apotheke.com/" "Mozilla/5.0 (Macintosh; Intel Mac OS X 10_6_8) AppleWebKit/534.59.8 (KHTML, like Gecko) Version/5.1.9 Safari/534.59.8"
92.229.60.120 - - [14/Sep/2013:16:28:28 +0200] "GET /css/vita.css HTTP/1.1" 200 5485 "http://www.vita-apotheke.com/" "Mozilla/5.0 (Macintosh; Intel Mac OS X 10_6_8) AppleWebKit/534.59.8 (KHTML, like Gecko) Version/5.1.9 Safari/534.59.8"
92.229.60.120 - - [14/Sep/2013:16:28:28 +0200] "GET /js/jquery.cross-slide.js HTTP/1.1" 200 6780 "http://www.vita-apotheke.com/" "Mozilla/5.0 (Macintosh; Intel Mac OS X 10_6_8) AppleWebKit/534.59.8 (KHTML, like Gecko) Version/5.1.9 Safari/534.59.8"
92.229.60.120 - - [14/Sep/2013:16:28:28 +0200] "GET /js/fancybox/jquery.fancybox-1.3.4.css HTTP/1.1" 200 8494 "http://www.vita-apotheke.com/" "Mozilla/5.0 (Macintosh; Intel Mac OS X 10_6_8) AppleWebKit/534.59.8 (KHTML, like Gecko) Version/5.1.9 Safari/534.59.8"
92.229.60.120 - - [14/Sep/2013:16:28:28 +0200] "GET /js/jquery-1.5.1.min.js HTTP/1.1" 200 85260 "http://www.vita-apotheke.com/" "Mozilla/5.0 (Macintosh; Intel Mac OS X 10_6_8) AppleWebKit/534.59.8 (KHTML, like Gecko) Version/5.1.9 Safari/534.59.8"
92.229.60.120 - - [14/Sep/2013:16:28:28 +0200] "GET /images/MA_MonikaLorenz.jpg HTTP/1.1" 200 46854 "http://www.vita-apotheke.com/" "Mozilla/5.0 (Macintosh; Intel Mac OS X 10_6_8) AppleWebKit/534.59.8 (KHTML, like Gecko) Version/5.1.9 Safari/534.59.8"
92.229.60.120 - - [14/Sep/2013:16:28:28 +0200] "GET /images/AKB_QMS_Liskow_2006.png HTTP/1.1" 200 6005 "http://www.vita-apotheke.com/" "Mozilla/5.0 (Macintosh; Intel Mac OS X 10_6_8) AppleWebKit/534.59.8 (KHTML, like Gecko) Version/5.1.9 Safari/534.59.8"
92.229.60.120 - - [14/Sep/2013:16:28:28 +0200] "GET /images/vita-logo-dunkelgruen.jpg HTTP/1.1" 200 7021 "http://www.vita-apotheke.com/" "Mozilla/5.0 (Macintosh; Intel Mac OS X 10_6_8) AppleWebKit/534.59.8 (KHTML, like Gecko) Version/5.1.9 Safari/534.59.8"
92.229.60.120 - - [14/Sep/2013:16:28:28 +0200] "GET /images/grafik_navi_mittelgruen.jpg HTTP/1.1" 200 13783 "http://www.vita-apotheke.com/" "Mozilla/5.0 (Macintosh; Intel Mac OS X 10_6_8) AppleWebKit/534.59.8 (KHTML, like Gecko) Version/5.1.9 Safari/534.59.8"
92.229.60.120 - - [14/Sep/2013:16:28:28 +0200] "GET /images/quapos-zertifikat.jpg HTTP/1.1" 200 3804 "http://www.vita-apotheke.com/" "Mozilla/5.0 (Macintosh; Intel Mac OS X 10_6_8) AppleWebKit/534.59.8 (KHTML, like Gecko) Version/5.1.9 Safari/534.59.8"
92.229.60.120 - - [14/Sep/2013:16:28:28 +0200] "GET /favicon.ico HTTP/1.1" 404 1256 "http://www.vita-apotheke.com/" "Mozilla/5.0 (Macintosh; Intel Mac OS X 10_6_8) AppleWebKit/534.59.8 (KHTML, like Gecko) Version/5.1.9 Safari/534.59.8"
92.229.60.120 - - [14/Sep/2013:16:28:31 +0200] "GET /kontakt.php HTTP/1.1" 200 5102 "http://www.vita-apotheke.com/" "Mozilla/5.0 (Macintosh; Intel Mac OS X 10_6_8) AppleWebKit/534.59.8 (KHTML, like Gecko) Version/5.1.9 Safari/534.59.8"
78.55.195.122 - - [14/Sep/2013:16:32:39 +0200] "GET / HTTP/1.1" 200 4539 "https://www.google.de/" "Mozilla/5.0 (Macintosh; Intel Mac OS X 10_7_5) AppleWebKit/537.36 (KHTML, like Gecko) Chrome/29.0.1547.65 Safari/537.36"
78.55.195.122 - - [14/Sep/2013:16:32:39 +0200] "GET /css/vita.css HTTP/1.1" 200 5485 "http://www.vita-apotheke.com/" "Mozilla/5.0 (Macintosh; Intel Mac OS X 10_7_5) AppleWebKit/537.36 (KHTML, like Gecko) Chrome/29.0.1547.65 Safari/537.36"
78.55.195.122 - - [14/Sep/2013:16:32:39 +0200] "GET /js/fancybox/jquery.fancybox-1.3.4.css HTTP/1.1" 200 8494 "http://www.vita-apotheke.com/" "Mozilla/5.0 (Macintosh; Intel Mac OS X 10_7_5) AppleWebKit/537.36 (KHTML, like Gecko) Chrome/29.0.1547.65 Safari/537.36"
78.55.195.122 - - [14/Sep/2013:16:32:39 +0200] "GET /js/jquery.cross-slide.js HTTP/1.1" 200 6780 "http://www.vita-apotheke.com/" "Mozilla/5.0 (Macintosh; Intel Mac OS X 10_7_5) AppleWebKit/537.36 (KHTML, like Gecko) Chrome/29.0.1547.65 Safari/537.36"
78.55.195.122 - - [14/Sep/2013:16:32:39 +0200] "GET /js/fancybox/jquery.fancybox-1.3.4.pack.js HTTP/1.1" 200 15624 "http://www.vita-apotheke.com/" "Mozilla/5.0 (Macintosh; Intel Mac OS X 10_7_5) AppleWebKit/537.36 (KHTML, like Gecko) Chrome/29.0.1547.65 Safari/537.36"
78.55.195.122 - - [14/Sep/2013:16:32:39 +0200] "GET /js/jquery-1.5.1.min.js HTTP/1.1" 200 85260 "http://www.vita-apotheke.com/" "Mozilla/5.0 (Macintosh; Intel Mac OS X 10_7_5) AppleWebKit/537.36 (KHTML, like Gecko) Chrome/29.0.1547.65 Safari/537.36"
78.55.195.122 - - [14/Sep/2013:16:32:40 +0200] "GET /images/AKB_QMS_Liskow_2006.png HTTP/1.1" 200 6005 "http://www.vita-apotheke.com/" "Mozilla/5.0 (Macintosh; Intel Mac OS X 10_7_5) AppleWebKit/537.36 (KHTML, like Gecko) Chrome/29.0.1547.65 Safari/537.36"
78.55.195.122 - - [14/Sep/2013:16:32:40 +0200] "GET /images/quapos-zertifikat.jpg HTTP/1.1" 200 3804 "http://www.vita-apotheke.com/" "Mozilla/5.0 (Macintosh; Intel Mac OS X 10_7_5) AppleWebKit/537.36 (KHTML, like Gecko) Chrome/29.0.1547.65 Safari/537.36"
78.55.195.122 - - [14/Sep/2013:16:32:40 +0200] "GET /images/MA_MonikaLorenz.jpg HTTP/1.1" 200 46854 "http://www.vita-apotheke.com/" "Mozilla/5.0 (Macintosh; Intel Mac OS X 10_7_5) AppleWebKit/537.36 (KHTML, like Gecko) Chrome/29.0.1547.65 Safari/537.36"
78.55.195.122 - - [14/Sep/2013:16:32:40 +0200] "GET /images/vita-logo-dunkelgruen.jpg HTTP/1.1" 200 7021 "http://www.vita-apotheke.com/" "Mozilla/5.0 (Macintosh; Intel Mac OS X 10_7_5) AppleWebKit/537.36 (KHTML, like Gecko) Chrome/29.0.1547.65 Safari/537.36"
78.55.195.122 - - [14/Sep/2013:16:32:40 +0200] "GET /images/grafik_navi_mittelgruen.jpg HTTP/1.1" 200 13783 "http://www.vita-apotheke.com/" "Mozilla/5.0 (Macintosh; Intel Mac OS X 10_7_5) AppleWebKit/537.36 (KHTML, like Gecko) Chrome/29.0.1547.65 Safari/537.36"
78.55.195.122 - - [14/Sep/2013:16:32:40 +0200] "GET /favicon.ico HTTP/1.1" 404 1256 "-" "Mozilla/5.0 (Macintosh; Intel Mac OS X 10_7_5) AppleWebKit/537.36 (KHTML, like Gecko) Chrome/29.0.1547.65 Safari/537.36"
78.55.195.122 - - [14/Sep/2013:16:32:48 +0200] "GET /service.php HTTP/1.1" 200 5642 "http://www.vita-apotheke.com/" "Mozilla/5.0 (Macintosh; Intel Mac OS X 10_7_5) AppleWebKit/537.36 (KHTML, like Gecko) Chrome/29.0.1547.65 Safari/537.36"
78.55.195.122 - - [14/Sep/2013:16:32:48 +0200] "GET /images/vita-not-karte.jpg HTTP/1.1" 200 66171 "http://www.vita-apotheke.com/service.php" "Mozilla/5.0 (Macintosh; Intel Mac OS X 10_7_5) AppleWebKit/537.36 (KHTML, like Gecko) Chrome/29.0.1547.65 Safari/537.36"
78.55.195.122 - - [14/Sep/2013:16:32:48 +0200] "GET /images/Beratungsraum.jpg HTTP/1.1" 200 40383 "http://www.vita-apotheke.com/service.php" "Mozilla/5.0 (Macintosh; Intel Mac OS X 10_7_5) AppleWebKit/537.36 (KHTML, like Gecko) Chrome/29.0.1547.65 Safari/537.36"
150.70.97.122 - - [14/Sep/2013:16:39:27 +0200] "GET / HTTP/1.1" 200 4539 "-" "Mozilla/4.0 (compatible; MSIE 8.0; Windows NT 5.1; Trident/4.0)"
150.70.75.34 - - [14/Sep/2013:16:41:17 +0200] "GET / HTTP/1.0" 200 4539 "-" "Mozilla/4.0 (compatible; MSIE 6.0; Windows NT 5.1)"
94.222.16.96 - - [14/Sep/2013:16:46:39 +0200] "GET /apple-touch-icon.png HTTP/1.1" 404 1256 "-" "Dolphin http client/10.0.3(238) (Android)"
94.222.16.96 - - [14/Sep/2013:16:46:39 +0200] "GET /favicon.ico HTTP/1.1" 404 1256 "-" "Dolphin http client/10.0.3(238) (Android)"
5.10.83.3 - - [14/Sep/2013:16:47:10 +0200] "GET /images/Historie.jpg HTTP/1.1" 200 22682 "-" "Mozilla/5.0 (compatible; AhrefsBot/5.0; +http://ahrefs.com/robot/)"
94.222.16.96 - - [14/Sep/2013:16:47:17 +0200] "GET /apple-touch-icon.png HTTP/1.1" 404 1256 "-" "Dolphin http client/10.0.3(238) (Android)"
94.222.16.96 - - [14/Sep/2013:16:47:17 +0200] "GET /favicon.ico HTTP/1.1" 404 1256 "-" "Dolphin http client/10.0.3(238) (Android)"
94.222.16.96 - - [14/Sep/2013:16:47:52 +0200] "GET /apple-touch-icon.png HTTP/1.1" 404 1256 "-" "Dolphin http client/10.0.3(238) (Android)"
94.222.16.96 - - [14/Sep/2013:16:47:52 +0200] "GET /favicon.ico HTTP/1.1" 404 1256 "-" "Dolphin http client/10.0.3(238) (Android)"
94.223.93.111 - - [14/Sep/2013:17:01:15 +0200] "GET / HTTP/1.1" 200 4539 "http://www.google.com/local_url?dq&q=http://www.vita-apotheke.com/&ved=0CAkQ5AQ&sa=X&ei=4Hk0UpWcGsqOiAaz-oG4Cw&s=ANYYN7kIhsa02uCDiiLTXpCxIEtOpVj_HQ" "Mozilla/5.0 (Linux; U; Android 2.3.6; de-de; GT-I8160 Build/GINGERBREAD) AppleWebKit/533.1 (KHTML, like Gecko) Version/4.0 Mobile Safari/533.1"
94.223.93.111 - - [14/Sep/2013:17:01:16 +0200] "GET /css/vita.css HTTP/1.1" 200 5485 "http://www.vita-apotheke.com/" "Mozilla/5.0 (Linux; U; Android 2.3.6; de-de; GT-I8160 Build/GINGERBREAD) AppleWebKit/533.1 (KHTML, like Gecko) Version/4.0 Mobile Safari/533.1"
94.223.93.111 - - [14/Sep/2013:17:01:16 +0200] "GET /js/fancybox/jquery.fancybox-1.3.4.css HTTP/1.1" 200 8494 "http://www.vita-apotheke.com/" "Mozilla/5.0 (Linux; U; Android 2.3.6; de-de; GT-I8160 Build/GINGERBREAD) AppleWebKit/533.1 (KHTML, like Gecko) Version/4.0 Mobile Safari/533.1"
94.223.93.111 - - [14/Sep/2013:17:01:16 +0200] "GET /js/jquery.cross-slide.js HTTP/1.1" 200 6780 "http://www.vita-apotheke.com/" "Mozilla/5.0 (Linux; U; Android 2.3.6; de-de; GT-I8160 Build/GINGERBREAD) AppleWebKit/533.1 (KHTML, like Gecko) Version/4.0 Mobile Safari/533.1"
94.223.93.111 - - [14/Sep/2013:17:01:16 +0200] "GET /js/fancybox/jquery.fancybox-1.3.4.pack.js HTTP/1.1" 200 15624 "http://www.vita-apotheke.com/" "Mozilla/5.0 (Linux; U; Android 2.3.6; de-de; GT-I8160 Build/GINGERBREAD) AppleWebKit/533.1 (KHTML, like Gecko) Version/4.0 Mobile Safari/533.1"
94.223.93.111 - - [14/Sep/2013:17:01:16 +0200] "GET /js/jquery-1.5.1.min.js HTTP/1.1" 200 85260 "http://www.vita-apotheke.com/" "Mozilla/5.0 (Linux; U; Android 2.3.6; de-de; GT-I8160 Build/GINGERBREAD) AppleWebKit/533.1 (KHTML, like Gecko) Version/4.0 Mobile Safari/533.1"
94.223.93.111 - - [14/Sep/2013:17:01:17 +0200] "GET /images/vita-logo-dunkelgruen.jpg HTTP/1.1" 200 7021 "http://www.vita-apotheke.com/" "Mozilla/5.0 (Linux; U; Android 2.3.6; de-de; GT-I8160 Build/GINGERBREAD) AppleWebKit/533.1 (KHTML, like Gecko) Version/4.0 Mobile Safari/533.1"
94.223.93.111 - - [14/Sep/2013:17:01:17 +0200] "GET /images/grafik_navi_mittelgruen.jpg HTTP/1.1" 200 13783 "http://www.vita-apotheke.com/" "Mozilla/5.0 (Linux; U; Android 2.3.6; de-de; GT-I8160 Build/GINGERBREAD) AppleWebKit/533.1 (KHTML, like Gecko) Version/4.0 Mobile Safari/533.1"
94.223.93.111 - - [14/Sep/2013:17:01:17 +0200] "GET /images/AKB_QMS_Liskow_2006.png HTTP/1.1" 200 6005 "http://www.vita-apotheke.com/" "Mozilla/5.0 (Linux; U; Android 2.3.6; de-de; GT-I8160 Build/GINGERBREAD) AppleWebKit/533.1 (KHTML, like Gecko) Version/4.0 Mobile Safari/533.1"
94.223.93.111 - - [14/Sep/2013:17:01:17 +0200] "GET /images/quapos-zertifikat.jpg HTTP/1.1" 200 3804 "http://www.vita-apotheke.com/" "Mozilla/5.0 (Linux; U; Android 2.3.6; de-de; GT-I8160 Build/GINGERBREAD) AppleWebKit/533.1 (KHTML, like Gecko) Version/4.0 Mobile Safari/533.1"
94.223.93.111 - - [14/Sep/2013:17:01:17 +0200] "GET /images/MA_MonikaLorenz.jpg HTTP/1.1" 200 46854 "http://www.vita-apotheke.com/" "Mozilla/5.0 (Linux; U; Android 2.3.6; de-de; GT-I8160 Build/GINGERBREAD) AppleWebKit/533.1 (KHTML, like Gecko) Version/4.0 Mobile Safari/533.1"
94.223.93.111 - - [14/Sep/2013:17:01:17 +0200] "GET /favicon.ico HTTP/1.1" 404 1256 "http://www.vita-apotheke.com/" "Mozilla/5.0 (Linux; U; Android 2.3.6; de-de; GT-I8160 Build/GINGERBREAD) AppleWebKit/533.1 (KHTML, like Gecko) Version/4.0 Mobile Safari/533.1"
94.223.93.111 - - [14/Sep/2013:17:01:41 +0200] "GET /kontakt.php HTTP/1.1" 200 5102 "http://www.vita-apotheke.com/" "Mozilla/5.0 (Linux; U; Android 2.3.6; de-de; GT-I8160 Build/GINGERBREAD) AppleWebKit/533.1 (KHTML, like Gecko) Version/4.0 Mobile Safari/533.1"
66.249.78.103 - - [14/Sep/2013:17:04:58 +0200] "GET /robots.txt HTTP/1.1" 404 1256 "-" "Mozilla/5.0 (compatible; Googlebot/2.1; +http://www.google.com/bot.html)"
66.249.78.103 - - [14/Sep/2013:17:04:58 +0200] "GET / HTTP/1.1" 200 4539 "-" "Mozilla/5.0 (compatible; Googlebot/2.1; +http://www.google.com/bot.html)"
66.249.78.103 - - [14/Sep/2013:17:10:29 +0200] "GET /js/fancybox/jquery.fancybox-1.3.4.css HTTP/1.1" 200 8494 "-" "Mozilla/5.0 (compatible; Googlebot/2.1; +http://www.google.com/bot.html)"
87.77.238.111 - - [14/Sep/2013:17:20:39 +0200] "GET / HTTP/1.1" 200 4539 "-" "Mozilla/5.0 (Windows NT 6.1; WOW64; rv:23.0) Gecko/20100101 Firefox/23.0"
87.77.238.111 - - [14/Sep/2013:17:20:39 +0200] "GET /css/vita.css HTTP/1.1" 200 5485 "http://www.vita-apotheke.com/" "Mozilla/5.0 (Windows NT 6.1; WOW64; rv:23.0) Gecko/20100101 Firefox/23.0"
87.77.238.111 - - [14/Sep/2013:17:20:39 +0200] "GET /js/fancybox/jquery.fancybox-1.3.4.css HTTP/1.1" 200 8494 "http://www.vita-apotheke.com/" "Mozilla/5.0 (Windows NT 6.1; WOW64; rv:23.0) Gecko/20100101 Firefox/23.0"
87.77.238.111 - - [14/Sep/2013:17:20:40 +0200] "GET /images/AKB_QMS_Liskow_2006.png HTTP/1.1" 200 6005 "http://www.vita-apotheke.com/" "Mozilla/5.0 (Windows NT 6.1; WOW64; rv:23.0) Gecko/20100101 Firefox/23.0"
87.77.238.111 - - [14/Sep/2013:17:20:40 +0200] "GET /images/quapos-zertifikat.jpg HTTP/1.1" 200 3804 "http://www.vita-apotheke.com/" "Mozilla/5.0 (Windows NT 6.1; WOW64; rv:23.0) Gecko/20100101 Firefox/23.0"
87.77.238.111 - - [14/Sep/2013:17:20:40 +0200] "GET /images/vita-logo-dunkelgruen.jpg HTTP/1.1" 200 7021 "http://www.vita-apotheke.com/css/vita.css" "Mozilla/5.0 (Windows NT 6.1; WOW64; rv:23.0) Gecko/20100101 Firefox/23.0"
87.77.238.111 - - [14/Sep/2013:17:20:40 +0200] "GET /images/grafik_navi_mittelgruen.jpg HTTP/1.1" 200 13783 "http://www.vita-apotheke.com/css/vita.css" "Mozilla/5.0 (Windows NT 6.1; WOW64; rv:23.0) Gecko/20100101 Firefox/23.0"
87.77.238.111 - - [14/Sep/2013:17:20:40 +0200] "GET /images/MA_MonikaLorenz.jpg HTTP/1.1" 200 46854 "http://www.vita-apotheke.com/" "Mozilla/5.0 (Windows NT 6.1; WOW64; rv:23.0) Gecko/20100101 Firefox/23.0"
87.77.238.111 - - [14/Sep/2013:17:20:40 +0200] "GET /favicon.ico HTTP/1.1" 404 1256 "-" "Mozilla/5.0 (Windows NT 6.1; WOW64; rv:23.0) Gecko/20100101 Firefox/23.0"
87.77.238.111 - - [14/Sep/2013:17:20:44 +0200] "GET /kontakt.php HTTP/1.1" 200 5102 "http://www.vita-apotheke.com/" "Mozilla/5.0 (Windows NT 6.1; WOW64; rv:23.0) Gecko/20100101 Firefox/23.0"
87.77.238.111 - - [14/Sep/2013:17:22:45 +0200] "GET / HTTP/1.1" 200 4539 "-" "Mozilla/5.0 (Windows NT 6.1; WOW64; rv:23.0) Gecko/20100101 Firefox/23.0"
87.77.238.111 - - [14/Sep/2013:17:22:47 +0200] "GET /kontakt.php HTTP/1.1" 200 5102 "http://www.vita-apotheke.com/" "Mozilla/5.0 (Windows NT 6.1; WOW64; rv:23.0) Gecko/20100101 Firefox/23.0"
5.10.83.36 - - [14/Sep/2013:17:57:45 +0200] "GET /images/Historie01.jpg HTTP/1.1" 200 17762 "-" "Mozilla/5.0 (compatible; AhrefsBot/5.0; +http://ahrefs.com/robot/)"
65.55.215.46 - - [14/Sep/2013:18:06:10 +0200] "GET /robots.txt HTTP/1.1" 404 1256 "-" "msnbot-media/1.1 (+http://search.msn.com/msnbot.htm)"
65.55.215.46 - - [14/Sep/2013:18:06:10 +0200] "GET /images/quapos-zertifikat.jpg HTTP/1.1" 200 3804 "-" "msnbot-media/1.1 (+http://search.msn.com/msnbot.htm)"
5.10.83.58 - - [14/Sep/2013:18:25:27 +0200] "GET /images/Handverkauf01_gross.jpg HTTP/1.1" 200 2137010 "-" "Mozilla/5.0 (compatible; AhrefsBot/5.0; +http://ahrefs.com/robot/)"
109.45.2.47 - - [14/Sep/2013:18:50:06 +0200] "GET /apple-touch-icon.png HTTP/1.1" 404 1256 "-" "Dolphin http client/10.0.3(238) (Android)"
109.45.2.47 - - [14/Sep/2013:18:50:06 +0200] "GET /favicon.ico HTTP/1.1" 404 1256 "-" "Dolphin http client/10.0.3(238) (Android)"
77.186.156.164 - - [14/Sep/2013:18:51:56 +0200] "GET / HTTP/1.1" 200 4539 "http://maps.google.com/local_url?dq=Vita+Apotheke&q=http://www.vita-apotheke.com/&oi=miw&sa=X&ct=miw_link&cd=1&cad=homepage,cid:1555438214381144648&ei=2JM0UsXrI4Lkiwac6oHABQ&s=ANYYN7mArG5fg0nFWhlP3bOvPl-7JYUD4g" "Mozilla/5.0 (Windows NT 6.1; rv:23.0) Gecko/20100101 Firefox/23.0"
77.186.156.164 - - [14/Sep/2013:18:51:56 +0200] "GET /css/vita.css HTTP/1.1" 200 5485 "http://www.vita-apotheke.com/" "Mozilla/5.0 (Windows NT 6.1; rv:23.0) Gecko/20100101 Firefox/23.0"
77.186.156.164 - - [14/Sep/2013:18:51:57 +0200] "GET /js/jquery.cross-slide.js HTTP/1.1" 200 6780 "http://www.vita-apotheke.com/" "Mozilla/5.0 (Windows NT 6.1; rv:23.0) Gecko/20100101 Firefox/23.0"
77.186.156.164 - - [14/Sep/2013:18:51:57 +0200] "GET /js/fancybox/jquery.fancybox-1.3.4.pack.js HTTP/1.1" 200 15624 "http://www.vita-apotheke.com/" "Mozilla/5.0 (Windows NT 6.1; rv:23.0) Gecko/20100101 Firefox/23.0"
77.186.156.164 - - [14/Sep/2013:18:51:57 +0200] "GET /js/fancybox/jquery.fancybox-1.3.4.css HTTP/1.1" 200 8494 "http://www.vita-apotheke.com/" "Mozilla/5.0 (Windows NT 6.1; rv:23.0) Gecko/20100101 Firefox/23.0"
77.186.156.164 - - [14/Sep/2013:18:51:57 +0200] "GET /js/jquery-1.5.1.min.js HTTP/1.1" 200 85260 "http://www.vita-apotheke.com/" "Mozilla/5.0 (Windows NT 6.1; rv:23.0) Gecko/20100101 Firefox/23.0"
77.186.156.164 - - [14/Sep/2013:18:51:57 +0200] "GET /images/AKB_QMS_Liskow_2006.png HTTP/1.1" 200 6005 "http://www.vita-apotheke.com/" "Mozilla/5.0 (Windows NT 6.1; rv:23.0) Gecko/20100101 Firefox/23.0"
