38.100.21.63 - - [22/Sep/2013:02:20:52 +0200] "GET /service.php HTTP/1.1" 200 5642 "-" "Mozilla/4.0 (compatible; MSIE 7.0; Windows NT 5.2)"
180.76.5.213 - - [22/Sep/2013:07:17:01 +0200] "GET /robots.txt HTTP/1.1" 404 1256 "-" "Mozilla/5.0 (Windows NT 5.1; rv:6.0.2) Gecko/20100101 Firefox/6.0.2"
141.8.147.12 - - [22/Sep/2013:07:18:27 +0200] "GET /robots.txt HTTP/1.1" 404 1256 "-" "Mozilla/5.0 (compatible; YandexBot/3.0; +http://yandex.com/bots)"
141.8.147.12 - - [22/Sep/2013:07:18:30 +0200] "GET /images/quapos-zertifikat.jpg HTTP/1.1" 304 - "-" "Mozilla/5.0 (compatible; YandexImages/3.0; +http://yandex.com/bots)"
141.8.147.12 - - [22/Sep/2013:07:26:19 +0200] "GET /images/Historie01.jpg HTTP/1.1" 304 - "-" "Mozilla/5.0 (compatible; YandexImages/3.0; +http://yandex.com/bots)"
141.8.147.12 - - [22/Sep/2013:07:34:51 +0200] "GET /images/Sterilabteilung04_gross.jpg HTTP/1.1" 304 - "-" "Mozilla/5.0 (compatible; YandexImages/3.0; +http://yandex.com/bots)"
141.8.147.12 - - [22/Sep/2013:08:00:36 +0200] "GET /images/AKB_QMS_Liskow_2006.png HTTP/1.1" 304 - "-" "Mozilla/5.0 (compatible; YandexImages/3.0; +http://yandex.com/bots)"
141.8.147.12 - - [22/Sep/2013:08:16:46 +0200] "GET /images/Warenlager.jpg HTTP/1.1" 304 - "-" "Mozilla/5.0 (compatible; YandexImages/3.0; +http://yandex.com/bots)"
141.8.147.12 - - [22/Sep/2013:08:48:33 +0200] "GET /images/Beratungsraum01_gross.jpg HTTP/1.1" 304 - "-" "Mozilla/5.0 (compatible; YandexImages/3.0; +http://yandex.com/bots)"
46.229.164.100 - - [22/Sep/2013:08:49:06 +0200] "GET /robots.txt HTTP/1.1" 404 1256 "-" "Mozilla/5.0 (compatible; SemrushBot/0.97; +http://www.semrush.com/bot.html)"
141.8.147.12 - - [22/Sep/2013:08:49:22 +0200] "GET /images/pfeil_zurueck.gif HTTP/1.1" 304 - "-" "Mozilla/5.0 (compatible; YandexImages/3.0; +http://yandex.com/bots)"
141.8.147.12 - - [22/Sep/2013:08:56:35 +0200] "GET /images/arnim2.gif HTTP/1.1" 304 - "-" "Mozilla/5.0 (compatible; YandexImages/3.0; +http://yandex.com/bots)"
141.8.147.12 - - [22/Sep/2013:09:30:48 +0200] "GET /images/Regie_gross.jpg HTTP/1.1" 304 - "-" "Mozilla/5.0 (compatible; YandexImages/3.0; +http://yandex.com/bots)"
66.249.78.103 - - [22/Sep/2013:09:45:23 +0200] "GET /service.php HTTP/1.1" 200 5642 "-" "Mozilla/5.0 (iPhone; U; CPU iPhone OS 4_1 like Mac OS X; en-us) AppleWebKit/532.9 (KHTML, like Gecko) Version/4.0.5 Mobile/8B117 Safari/6531.22.7 (compatible; Googlebot-Mobile/2.1; +http://www.google.com/bot.html)"
141.8.147.12 - - [22/Sep/2013:09:59:59 +0200] "GET /images/MA_MonikaLorenz1.jpg HTTP/1.1" 304 - "-" "Mozilla/5.0 (compatible; YandexImages/3.0; +http://yandex.com/bots)"
141.8.147.12 - - [22/Sep/2013:10:18:29 +0200] "GET /images/Warenlager01_gross.jpg HTTP/1.1" 304 - "-" "Mozilla/5.0 (compatible; YandexImages/3.0; +http://yandex.com/bots)"
5.10.83.76 - - [22/Sep/2013:10:26:45 +0200] "GET /historie.php HTTP/1.1" 200 5111 "-" "Mozilla/5.0 (compatible; AhrefsBot/5.0; +http://ahrefs.com/robot/)"
141.8.147.12 - - [22/Sep/2013:10:37:19 +0200] "GET /images/Sterilabteilung04.jpg HTTP/1.1" 304 - "-" "Mozilla/5.0 (compatible; YandexImages/3.0; +http://yandex.com/bots)"
141.8.147.12 - - [22/Sep/2013:10:40:00 +0200] "GET /images/Handverkauf03.jpg HTTP/1.1" 304 - "-" "Mozilla/5.0 (compatible; YandexImages/3.0; +http://yandex.com/bots)"
141.8.147.12 - - [22/Sep/2013:10:51:31 +0200] "GET /images/Warenlager01.jpg HTTP/1.1" 304 - "-" "Mozilla/5.0 (compatible; YandexImages/3.0; +http://yandex.com/bots)"
141.8.147.12 - - [22/Sep/2013:10:53:11 +0200] "GET /images/MA_Team_Zyto.jpg HTTP/1.1" 304 - "-" "Mozilla/5.0 (compatible; YandexImages/3.0; +http://yandex.com/bots)"
141.8.147.12 - - [22/Sep/2013:10:56:45 +0200] "GET /images/pfeil_top.gif HTTP/1.1" 304 - "-" "Mozilla/5.0 (compatible; YandexImages/3.0; +http://yandex.com/bots)"
141.8.147.12 - - [22/Sep/2013:11:14:14 +0200] "GET /images/quapos-zertifikat-gross.jpg HTTP/1.1" 304 - "-" "Mozilla/5.0 (compatible; YandexImages/3.0; +http://yandex.com/bots)"
141.8.147.12 - - [22/Sep/2013:11:37:18 +0200] "GET /images/pfeil_weiter.gif HTTP/1.1" 304 - "-" "Mozilla/5.0 (compatible; YandexImages/3.0; +http://yandex.com/bots)"
141.8.147.12 - - [22/Sep/2013:11:39:14 +0200] "GET /images/MA_MonikaLorenz.jpg HTTP/1.1" 304 - "-" "Mozilla/5.0 (compatible; YandexImages/3.0; +http://yandex.com/bots)"
92.227.125.64 - - [22/Sep/2013:11:39:19 +0200] "GET / HTTP/1.1" 200 4539 "https://www.google.de/" "Mozilla/5.0 (iPhone; CPU iPhone OS 7_0_1 like Mac OS X) AppleWebKit/537.51.1 (KHTML, like Gecko) Version/7.0 Mobile/11A470a Safari/9537.53"
92.227.125.64 - - [22/Sep/2013:11:39:19 +0200] "GET /css/vita.css HTTP/1.1" 200 5485 "http://www.vita-apotheke.com/" "Mozilla/5.0 (iPhone; CPU iPhone OS 7_0_1 like Mac OS X) AppleWebKit/537.51.1 (KHTML, like Gecko) Version/7.0 Mobile/11A470a Safari/9537.53"
92.227.125.64 - - [22/Sep/2013:11:39:19 +0200] "GET /js/fancybox/jquery.fancybox-1.3.4.css HTTP/1.1" 200 8494 "http://www.vita-apotheke.com/" "Mozilla/5.0 (iPhone; CPU iPhone OS 7_0_1 like Mac OS X) AppleWebKit/537.51.1 (KHTML, like Gecko) Version/7.0 Mobile/11A470a Safari/9537.53"
92.227.125.64 - - [22/Sep/2013:11:39:19 +0200] "GET /js/jquery.cross-slide.js HTTP/1.1" 200 6780 "http://www.vita-apotheke.com/" "Mozilla/5.0 (iPhone; CPU iPhone OS 7_0_1 like Mac OS X) AppleWebKit/537.51.1 (KHTML, like Gecko) Version/7.0 Mobile/11A470a Safari/9537.53"
92.227.125.64 - - [22/Sep/2013:11:39:20 +0200] "GET /js/fancybox/jquery.fancybox-1.3.4.pack.js HTTP/1.1" 200 15624 "http://www.vita-apotheke.com/" "Mozilla/5.0 (iPhone; CPU iPhone OS 7_0_1 like Mac OS X) AppleWebKit/537.51.1 (KHTML, like Gecko) Version/7.0 Mobile/11A470a Safari/9537.53"
92.227.125.64 - - [22/Sep/2013:11:39:19 +0200] "GET /js/jquery-1.5.1.min.js HTTP/1.1" 200 85260 "http://www.vita-apotheke.com/" "Mozilla/5.0 (iPhone; CPU iPhone OS 7_0_1 like Mac OS X) AppleWebKit/537.51.1 (KHTML, like Gecko) Version/7.0 Mobile/11A470a Safari/9537.53"
92.227.125.64 - - [22/Sep/2013:11:39:20 +0200] "GET /images/AKB_QMS_Liskow_2006.png HTTP/1.1" 200 6005 "http://www.vita-apotheke.com/" "Mozilla/5.0 (iPhone; CPU iPhone OS 7_0_1 like Mac OS X) AppleWebKit/537.51.1 (KHTML, like Gecko) Version/7.0 Mobile/11A470a Safari/9537.53"
92.227.125.64 - - [22/Sep/2013:11:39:20 +0200] "GET /images/MA_MonikaLorenz.jpg HTTP/1.1" 200 46854 "http://www.vita-apotheke.com/" "Mozilla/5.0 (iPhone; CPU iPhone OS 7_0_1 like Mac OS X) AppleWebKit/537.51.1 (KHTML, like Gecko) Version/7.0 Mobile/11A470a Safari/9537.53"
92.227.125.64 - - [22/Sep/2013:11:39:20 +0200] "GET /images/quapos-zertifikat.jpg HTTP/1.1" 200 3804 "http://www.vita-apotheke.com/" "Mozilla/5.0 (iPhone; CPU iPhone OS 7_0_1 like Mac OS X) AppleWebKit/537.51.1 (KHTML, like Gecko) Version/7.0 Mobile/11A470a Safari/9537.53"
92.227.125.64 - - [22/Sep/2013:11:39:20 +0200] "GET /images/vita-logo-dunkelgruen.jpg HTTP/1.1" 200 7021 "http://www.vita-apotheke.com/" "Mozilla/5.0 (iPhone; CPU iPhone OS 7_0_1 like Mac OS X) AppleWebKit/537.51.1 (KHTML, like Gecko) Version/7.0 Mobile/11A470a Safari/9537.53"
92.227.125.64 - - [22/Sep/2013:11:39:20 +0200] "GET /images/grafik_navi_mittelgruen.jpg HTTP/1.1" 200 13783 "http://www.vita-apotheke.com/" "Mozilla/5.0 (iPhone; CPU iPhone OS 7_0_1 like Mac OS X) AppleWebKit/537.51.1 (KHTML, like Gecko) Version/7.0 Mobile/11A470a Safari/9537.53"
141.8.147.12 - - [22/Sep/2013:11:49:39 +0200] "GET /images/MA_Arnim_Apotheke.jpg HTTP/1.1" 304 - "-" "Mozilla/5.0 (compatible; YandexImages/3.0; +http://yandex.com/bots)"
141.8.147.12 - - [22/Sep/2013:11:59:02 +0200] "GET /images/quapos-zertifikat-mittel.jpg HTTP/1.1" 304 - "-" "Mozilla/5.0 (compatible; YandexImages/3.0; +http://yandex.com/bots)"
141.8.147.12 - - [22/Sep/2013:12:03:19 +0200] "GET /images/MA_Team_Zyto_gross.jpg HTTP/1.1" 304 - "-" "Mozilla/5.0 (compatible; YandexImages/3.0; +http://yandex.com/bots)"
141.8.147.12 - - [22/Sep/2013:12:06:20 +0200] "GET /images/vita-not-karte.jpg HTTP/1.1" 304 - "-" "Mozilla/5.0 (compatible; YandexImages/3.0; +http://yandex.com/bots)"
141.8.147.12 - - [22/Sep/2013:12:13:24 +0200] "GET /images/Handverkauf01.jpg HTTP/1.1" 304 - "-" "Mozilla/5.0 (compatible; YandexImages/3.0; +http://yandex.com/bots)"
141.8.147.12 - - [22/Sep/2013:12:15:08 +0200] "GET /images/Apotheke_aussen_ohne.Rand_4.jpg HTTP/1.1" 304 - "-" "Mozilla/5.0 (compatible; YandexImages/3.0; +http://yandex.com/bots)"
141.8.147.12 - - [22/Sep/2013:12:35:28 +0200] "GET /images/mitarbeiter_gross.jpg HTTP/1.1" 304 - "-" "Mozilla/5.0 (compatible; YandexImages/3.0; +http://yandex.com/bots)"
66.249.78.103 - - [22/Sep/2013:12:47:06 +0200] "GET /robots.txt HTTP/1.1" 404 1256 "-" "Mozilla/5.0 (compatible; Googlebot/2.1; +http://www.google.com/bot.html)"
66.249.78.103 - - [22/Sep/2013:12:47:06 +0200] "GET /rundgang_sterilabteilung.php HTTP/1.1" 200 4571 "-" "SAMSUNG-SGH-E250/1.0 Profile/MIDP-2.0 Configuration/CLDC-1.1 UP.Browser/6.2.3.3.c.1.101 (GUI) MMP/2.0 (compatible; Googlebot-Mobile/2.1; +http://www.google.com/bot.html)"
141.8.147.12 - - [22/Sep/2013:12:47:39 +0200] "GET /images/Historie.jpg HTTP/1.1" 304 - "-" "Mozilla/5.0 (compatible; YandexImages/3.0; +http://yandex.com/bots)"
212.227.52.170 - - [22/Sep/2013:13:03:36 +0200] "GET / HTTP/1.0" 200 4539 "-" "Mozilla/4.0 (compatible; MSIE 5.0; Windows NT 4.0)"
212.227.52.170 - - [22/Sep/2013:13:03:38 +0200] "GET /js/fancybox/jquery.fancybox-1.3.4.pack.js HTTP/1.0" 200 15624 "http://www.vita-apotheke.com/" "Mozilla/4.0 (compatible; MSIE 5.0; Windows NT 4.0)"
212.227.52.170 - - [22/Sep/2013:13:03:40 +0200] "GET /js/jquery.cross-slide.js HTTP/1.0" 200 6780 "http://www.vita-apotheke.com/" "Mozilla/4.0 (compatible; MSIE 5.0; Windows NT 4.0)"
212.227.52.170 - - [22/Sep/2013:13:03:42 +0200] "GET /js/jquery-1.5.1.min.js HTTP/1.0" 200 85260 "http://www.vita-apotheke.com/" "Mozilla/4.0 (compatible; MSIE 5.0; Windows NT 4.0)"
212.227.52.170 - - [22/Sep/2013:13:03:53 +0200] "GET /index.php HTTP/1.0" 200 4539 "http://www.vita-apotheke.com/" "Mozilla/4.0 (compatible; MSIE 5.0; Windows NT 4.0)"
212.227.52.170 - - [22/Sep/2013:13:03:58 +0200] "GET /service.php HTTP/1.0" 200 5642 "http://www.vita-apotheke.com/" "Mozilla/4.0 (compatible; MSIE 5.0; Windows NT 4.0)"
212.227.52.170 - - [22/Sep/2013:13:04:11 +0200] "GET /historie.php HTTP/1.0" 200 5111 "http://www.vita-apotheke.com/" "Mozilla/4.0 (compatible; MSIE 5.0; Windows NT 4.0)"
212.227.52.170 - - [22/Sep/2013:13:04:12 +0200] "GET /sterillabor.php HTTP/1.0" 200 4330 "http://www.vita-apotheke.com/" "Mozilla/4.0 (compatible; MSIE 5.0; Windows NT 4.0)"
212.227.52.170 - - [22/Sep/2013:13:04:17 +0200] "GET /aerzteadressen.php HTTP/1.0" 200 5232 "http://www.vita-apotheke.com/" "Mozilla/4.0 (compatible; MSIE 5.0; Windows NT 4.0)"
212.227.52.170 - - [22/Sep/2013:13:04:19 +0200] "GET /kontakt.php HTTP/1.0" 200 5102 "http://www.vita-apotheke.com/" "Mozilla/4.0 (compatible; MSIE 5.0; Windows NT 4.0)"
212.227.52.170 - - [22/Sep/2013:13:04:24 +0200] "GET /impressum.php HTTP/1.0" 200 4696 "http://www.vita-apotheke.com/" "Mozilla/4.0 (compatible; MSIE 5.0; Windows NT 4.0)"
212.227.52.170 - - [22/Sep/2013:13:04:25 +0200] "GET /rundgang_start.php HTTP/1.0" 200 4652 "http://www.vita-apotheke.com/" "Mozilla/4.0 (compatible; MSIE 5.0; Windows NT 4.0)"
141.8.147.12 - - [22/Sep/2013:13:48:14 +0200] "GET /images/Handverkauf01_gross.jpg HTTP/1.1" 304 - "-" "Mozilla/5.0 (compatible; YandexImages/3.0; +http://yandex.com/bots)"
92.227.125.64 - - [22/Sep/2013:14:49:58 +0200] "GET / HTTP/1.1" 200 4539 "-" "Mozilla/5.0 (iPhone; CPU iPhone OS 7_0_1 like Mac OS X) AppleWebKit/537.51.1 (KHTML, like Gecko) Version/7.0 Mobile/11A470a Safari/9537.53"
92.227.125.64 - - [22/Sep/2013:14:49:58 +0200] "GET /css/vita.css HTTP/1.1" 200 5485 "http://www.vita-apotheke.com/" "Mozilla/5.0 (iPhone; CPU iPhone OS 7_0_1 like Mac OS X) AppleWebKit/537.51.1 (KHTML, like Gecko) Version/7.0 Mobile/11A470a Safari/9537.53"
92.227.125.64 - - [22/Sep/2013:14:49:58 +0200] "GET /js/fancybox/jquery.fancybox-1.3.4.css HTTP/1.1" 200 8494 "http://www.vita-apotheke.com/" "Mozilla/5.0 (iPhone; CPU iPhone OS 7_0_1 like Mac OS X) AppleWebKit/537.51.1 (KHTML, like Gecko) Version/7.0 Mobile/11A470a Safari/9537.53"
92.227.125.64 - - [22/Sep/2013:14:49:58 +0200] "GET /js/jquery.cross-slide.js HTTP/1.1" 200 6780 "http://www.vita-apotheke.com/" "Mozilla/5.0 (iPhone; CPU iPhone OS 7_0_1 like Mac OS X) AppleWebKit/537.51.1 (KHTML, like Gecko) Version/7.0 Mobile/11A470a Safari/9537.53"
92.227.125.64 - - [22/Sep/2013:14:49:58 +0200] "GET /js/fancybox/jquery.fancybox-1.3.4.pack.js HTTP/1.1" 200 15624 "http://www.vita-apotheke.com/" "Mozilla/5.0 (iPhone; CPU iPhone OS 7_0_1 like Mac OS X) AppleWebKit/537.51.1 (KHTML, like Gecko) Version/7.0 Mobile/11A470a Safari/9537.53"
92.227.125.64 - - [22/Sep/2013:14:49:58 +0200] "GET /js/jquery-1.5.1.min.js HTTP/1.1" 200 85260 "http://www.vita-apotheke.com/" "Mozilla/5.0 (iPhone; CPU iPhone OS 7_0_1 like Mac OS X) AppleWebKit/537.51.1 (KHTML, like Gecko) Version/7.0 Mobile/11A470a Safari/9537.53"
92.227.125.64 - - [22/Sep/2013:14:49:59 +0200] "GET /images/AKB_QMS_Liskow_2006.png HTTP/1.1" 200 6005 "http://www.vita-apotheke.com/" "Mozilla/5.0 (iPhone; CPU iPhone OS 7_0_1 like Mac OS X) AppleWebKit/537.51.1 (KHTML, like Gecko) Version/7.0 Mobile/11A470a Safari/9537.53"
92.227.125.64 - - [22/Sep/2013:14:49:59 +0200] "GET /images/MA_MonikaLorenz.jpg HTTP/1.1" 200 46854 "http://www.vita-apotheke.com/" "Mozilla/5.0 (iPhone; CPU iPhone OS 7_0_1 like Mac OS X) AppleWebKit/537.51.1 (KHTML, like Gecko) Version/7.0 Mobile/11A470a Safari/9537.53"
92.227.125.64 - - [22/Sep/2013:14:49:59 +0200] "GET /images/quapos-zertifikat.jpg HTTP/1.1" 200 3804 "http://www.vita-apotheke.com/" "Mozilla/5.0 (iPhone; CPU iPhone OS 7_0_1 like Mac OS X) AppleWebKit/537.51.1 (KHTML, like Gecko) Version/7.0 Mobile/11A470a Safari/9537.53"
85.179.72.88 - - [22/Sep/2013:15:11:37 +0200] "GET / HTTP/1.1" 200 4539 "http://maps.google.de/local_url?dq=Vita+Apotheke&q=http://www.vita-apotheke.com/&oi=miw&sa=X&ct=miw_link&cd=1&cad=homepage,cid:1555438214381144648&ei=POw-UtiEIoKPsQaGvICoBQ&s=ANYYN7lmnF6oEu5T1F-vO5BSps6SxtbhTQ" "Mozilla/5.0 (Windows NT 5.1; rv:23.0) Gecko/20100101 Firefox/23.0"
85.179.72.88 - - [22/Sep/2013:15:11:37 +0200] "GET /css/vita.css HTTP/1.1" 200 5485 "http://www.vita-apotheke.com/" "Mozilla/5.0 (Windows NT 5.1; rv:23.0) Gecko/20100101 Firefox/23.0"
85.179.72.88 - - [22/Sep/2013:15:11:37 +0200] "GET /js/jquery.cross-slide.js HTTP/1.1" 200 6780 "http://www.vita-apotheke.com/" "Mozilla/5.0 (Windows NT 5.1; rv:23.0) Gecko/20100101 Firefox/23.0"
85.179.72.88 - - [22/Sep/2013:15:11:37 +0200] "GET /js/fancybox/jquery.fancybox-1.3.4.pack.js HTTP/1.1" 200 15624 "http://www.vita-apotheke.com/" "Mozilla/5.0 (Windows NT 5.1; rv:23.0) Gecko/20100101 Firefox/23.0"
85.179.72.88 - - [22/Sep/2013:15:11:37 +0200] "GET /js/fancybox/jquery.fancybox-1.3.4.css HTTP/1.1" 200 8494 "http://www.vita-apotheke.com/" "Mozilla/5.0 (Windows NT 5.1; rv:23.0) Gecko/20100101 Firefox/23.0"
85.179.72.88 - - [22/Sep/2013:15:11:37 +0200] "GET /js/jquery-1.5.1.min.js HTTP/1.1" 200 85260 "http://www.vita-apotheke.com/" "Mozilla/5.0 (Windows NT 5.1; rv:23.0) Gecko/20100101 Firefox/23.0"
85.179.72.88 - - [22/Sep/2013:15:11:38 +0200] "GET /images/AKB_QMS_Liskow_2006.png HTTP/1.1" 200 6005 "http://www.vita-apotheke.com/" "Mozilla/5.0 (Windows NT 5.1; rv:23.0) Gecko/20100101 Firefox/23.0"
85.179.72.88 - - [22/Sep/2013:15:11:38 +0200] "GET /images/quapos-zertifikat.jpg HTTP/1.1" 200 3804 "http://www.vita-apotheke.com/" "Mozilla/5.0 (Windows NT 5.1; rv:23.0) Gecko/20100101 Firefox/23.0"
85.179.72.88 - - [22/Sep/2013:15:11:38 +0200] "GET /images/MA_MonikaLorenz.jpg HTTP/1.1" 200 46854 "http://www.vita-apotheke.com/" "Mozilla/5.0 (Windows NT 5.1; rv:23.0) Gecko/20100101 Firefox/23.0"
85.179.72.88 - - [22/Sep/2013:15:11:38 +0200] "GET /images/vita-logo-dunkelgruen.jpg HTTP/1.1" 200 7021 "http://www.vita-apotheke.com/css/vita.css" "Mozilla/5.0 (Windows NT 5.1; rv:23.0) Gecko/20100101 Firefox/23.0"
85.179.72.88 - - [22/Sep/2013:15:11:38 +0200] "GET /images/grafik_navi_mittelgruen.jpg HTTP/1.1" 200 13783 "http://www.vita-apotheke.com/css/vita.css" "Mozilla/5.0 (Windows NT 5.1; rv:23.0) Gecko/20100101 Firefox/23.0"
85.179.72.88 - - [22/Sep/2013:15:11:38 +0200] "GET /favicon.ico HTTP/1.1" 404 1256 "-" "Mozilla/5.0 (Windows NT 5.1; rv:23.0) Gecko/20100101 Firefox/23.0"
85.179.72.88 - - [22/Sep/2013:15:11:38 +0200] "GET /favicon.ico HTTP/1.1" 404 1256 "-" "Mozilla/5.0 (Windows NT 5.1; rv:23.0) Gecko/20100101 Firefox/23.0"
85.179.72.88 - - [22/Sep/2013:15:11:42 +0200] "GET /service.php HTTP/1.1" 200 5642 "http://www.vita-apotheke.com/" "Mozilla/5.0 (Windows NT 5.1; rv:23.0) Gecko/20100101 Firefox/23.0"
85.179.72.88 - - [22/Sep/2013:15:11:42 +0200] "GET /images/Beratungsraum.jpg HTTP/1.1" 200 40383 "http://www.vita-apotheke.com/service.php" "Mozilla/5.0 (Windows NT 5.1; rv:23.0) Gecko/20100101 Firefox/23.0"
85.179.72.88 - - [22/Sep/2013:15:11:42 +0200] "GET /images/vita-not-karte.jpg HTTP/1.1" 200 66171 "http://www.vita-apotheke.com/service.php" "Mozilla/5.0 (Windows NT 5.1; rv:23.0) Gecko/20100101 Firefox/23.0"
85.179.72.88 - - [22/Sep/2013:15:11:47 +0200] "GET /kontakt.php HTTP/1.1" 200 5102 "http://www.vita-apotheke.com/service.php" "Mozilla/5.0 (Windows NT 5.1; rv:23.0) Gecko/20100101 Firefox/23.0"
66.249.78.103 - - [22/Sep/2013:15:16:31 +0200] "GET /robots.txt HTTP/1.1" 404 1256 "-" "Mozilla/5.0 (compatible; Googlebot/2.1; +http://www.google.com/bot.html)"
66.249.78.103 - - [22/Sep/2013:15:16:32 +0200] "GET /rundgang_beratungsraum.php HTTP/1.1" 200 5025 "-" "Mozilla/5.0 (compatible; Googlebot/2.1; +http://www.google.com/bot.html)"
66.249.78.103 - - [22/Sep/2013:15:20:07 +0200] "GET /js/fancybox/jquery.fancybox-1.3.4.css HTTP/1.1" 200 8494 "-" "Mozilla/5.0 (compatible; Googlebot/2.1; +http://www.google.com/bot.html)"
141.8.147.12 - - [22/Sep/2013:15:35:19 +0200] "GET /images/AKB_QMS_Liskow_2006_gross.jpg HTTP/1.1" 304 - "-" "Mozilla/5.0 (compatible; YandexImages/3.0; +http://yandex.com/bots)"
141.8.147.12 - - [22/Sep/2013:15:45:32 +0200] "GET /images/Warenlager_gross.jpg HTTP/1.1" 304 - "-" "Mozilla/5.0 (compatible; YandexImages/3.0; +http://yandex.com/bots)"
141.8.147.12 - - [22/Sep/2013:15:53:30 +0200] "GET /images/Sterilabteilung03_gross.jpg HTTP/1.1" 304 - "-" "Mozilla/5.0 (compatible; YandexImages/3.0; +http://yandex.com/bots)"
141.8.147.12 - - [22/Sep/2013:15:58:44 +0200] "GET /images/Beratungsraum.jpg HTTP/1.1" 304 - "-" "Mozilla/5.0 (compatible; YandexImages/3.0; +http://yandex.com/bots)"
141.8.147.12 - - [22/Sep/2013:16:05:07 +0200] "GET /images/Handverkauf03_gross.jpg HTTP/1.1" 304 - "-" "Mozilla/5.0 (compatible; YandexImages/3.0; +http://yandex.com/bots)"
141.8.147.12 - - [22/Sep/2013:16:36:45 +0200] "GET /images/Regie02.jpg HTTP/1.1" 304 - "-" "Mozilla/5.0 (compatible; YandexImages/3.0; +http://yandex.com/bots)"
141.8.147.12 - - [22/Sep/2013:16:47:15 +0200] "GET /images/mitarbeiter.jpg HTTP/1.1" 304 - "-" "Mozilla/5.0 (compatible; YandexImages/3.0; +http://yandex.com/bots)"
141.8.147.12 - - [22/Sep/2013:16:52:49 +0200] "GET /images/Beratungsraum_gross.jpg HTTP/1.1" 304 - "-" "Mozilla/5.0 (compatible; YandexImages/3.0; +http://yandex.com/bots)"
141.8.147.12 - - [22/Sep/2013:16:54:43 +0200] "GET /images/Beratungsraum01.jpg HTTP/1.1" 304 - "-" "Mozilla/5.0 (compatible; YandexImages/3.0; +http://yandex.com/bots)"
141.8.147.12 - - [22/Sep/2013:17:03:19 +0200] "GET /images/AKB_QMS_Liskow_2006_mittel.png HTTP/1.1" 304 - "-" "Mozilla/5.0 (compatible; YandexImages/3.0; +http://yandex.com/bots)"
141.8.147.12 - - [22/Sep/2013:17:04:38 +0200] "GET /images/Sterilabteilung03.jpg HTTP/1.1" 304 - "-" "Mozilla/5.0 (compatible; YandexImages/3.0; +http://yandex.com/bots)"
218.30.103.147 - - [22/Sep/2013:17:09:34 +0200] "GET / HTTP/1.1" 200 4539 "-" "Sogou web spider/4.0(+http://www.sogou.com/docs/help/webmasters.htm#07)"
218.30.103.147 - - [22/Sep/2013:17:11:33 +0200] "GET / HTTP/1.1" 200 4539 "-" "Sogou web spider/4.0(+http://www.sogou.com/docs/help/webmasters.htm#07)"
141.8.147.12 - - [22/Sep/2013:17:41:38 +0200] "GET /images/Regie.jpg HTTP/1.1" 304 - "-" "Mozilla/5.0 (compatible; YandexImages/3.0; +http://yandex.com/bots)"
141.8.147.12 - - [22/Sep/2013:17:54:18 +0200] "GET /images/Regie02_gross.jpg HTTP/1.1" 304 - "-" "Mozilla/5.0 (compatible; YandexImages/3.0; +http://yandex.com/bots)"
141.8.147.12 - - [22/Sep/2013:18:02:14 +0200] "GET /images/Apotheke_au%DFen_ohne.Rand_4_gross.jpg HTTP/1.1" 304 - "-" "Mozilla/5.0 (compatible; YandexImages/3.0; +http://yandex.com/bots)"
141.8.147.12 - - [22/Sep/2013:18:02:28 +0200] "GET /images/MA_MonikaLorenz_gross.jpg HTTP/1.1" 304 - "-" "Mozilla/5.0 (compatible; YandexImages/3.0; +http://yandex.com/bots)"
66.249.78.103 - - [22/Sep/2013:18:50:09 +0200] "GET /robots.txt HTTP/1.1" 404 1256 "-" "Mozilla/5.0 (compatible; Googlebot/2.1; +http://www.google.com/bot.html)"
66.249.78.103 - - [22/Sep/2013:18:50:09 +0200] "GET / HTTP/1.1" 200 4539 "-" "Mozilla/5.0 (iPhone; U; CPU iPhone OS 4_1 like Mac OS X; en-us) AppleWebKit/532.9 (KHTML, like Gecko) Version/4.0.5 Mobile/8B117 Safari/6531.22.7 (compatible; Googlebot-Mobile/2.1; +http://www.google.com/bot.html)"
141.8.147.12 - - [22/Sep/2013:19:16:10 +0200] "GET /images/quapos-zertifikat.jpg HTTP/1.1" 304 - "-" "Mozilla/5.0 (compatible; YandexImages/3.0; +http://yandex.com/bots)"
141.8.147.12 - - [22/Sep/2013:19:24:09 +0200] "GET /robots.txt HTTP/1.1" 404 1256 "-" "Mozilla/5.0 (compatible; YandexBot/3.0; +http://yandex.com/bots)"
141.8.147.12 - - [22/Sep/2013:19:24:11 +0200] "GET /images/Historie01.jpg HTTP/1.1" 304 - "-" "Mozilla/5.0 (compatible; YandexImages/3.0; +http://yandex.com/bots)"
141.8.147.12 - - [22/Sep/2013:19:32:52 +0200] "GET /images/Sterilabteilung04_gross.jpg HTTP/1.1" 304 - "-" "Mozilla/5.0 (compatible; YandexImages/3.0; +http://yandex.com/bots)"
141.8.147.12 - - [22/Sep/2013:19:58:53 +0200] "GET /images/AKB_QMS_Liskow_2006.png HTTP/1.1" 304 - "-" "Mozilla/5.0 (compatible; YandexImages/3.0; +http://yandex.com/bots)"
141.8.147.12 - - [22/Sep/2013:20:14:58 +0200] "GET /images/Warenlager.jpg HTTP/1.1" 304 - "-" "Mozilla/5.0 (compatible; YandexImages/3.0; +http://yandex.com/bots)"
141.8.147.12 - - [22/Sep/2013:20:46:21 +0200] "GET /images/Beratungsraum01_gross.jpg HTTP/1.1" 304 - "-" "Mozilla/5.0 (compatible; YandexImages/3.0; +http://yandex.com/bots)"
141.8.147.12 - - [22/Sep/2013:20:54:29 +0200] "GET /images/arnim2.gif HTTP/1.1" 304 - "-" "Mozilla/5.0 (compatible; YandexImages/3.0; +http://yandex.com/bots)"
141.8.147.12 - - [22/Sep/2013:20:58:10 +0200] "GET /images/pfeil_zurueck.gif HTTP/1.1" 304 - "-" "Mozilla/5.0 (compatible; YandexImages/3.0; +http://yandex.com/bots)"
141.8.147.12 - - [22/Sep/2013:21:39:48 +0200] "GET /images/Regie_gross.jpg HTTP/1.1" 304 - "-" "Mozilla/5.0 (compatible; YandexImages/3.0; +http://yandex.com/bots)"
141.8.147.12 - - [22/Sep/2013:21:57:45 +0200] "GET /images/MA_MonikaLorenz1.jpg HTTP/1.1" 304 - "-" "Mozilla/5.0 (compatible; YandexImages/3.0; +http://yandex.com/bots)"
141.8.147.12 - - [22/Sep/2013:22:15:58 +0200] "GET /images/Warenlager01_gross.jpg HTTP/1.1" 304 - "-" "Mozilla/5.0 (compatible; YandexImages/3.0; +http://yandex.com/bots)"
141.8.147.12 - - [22/Sep/2013:22:34:27 +0200] "GET /images/Sterilabteilung04.jpg HTTP/1.1" 304 - "-" "Mozilla/5.0 (compatible; YandexImages/3.0; +http://yandex.com/bots)"
141.8.147.12 - - [22/Sep/2013:22:37:03 +0200] "GET /images/Handverkauf03.jpg HTTP/1.1" 304 - "-" "Mozilla/5.0 (compatible; YandexImages/3.0; +http://yandex.com/bots)"
66.249.78.103 - - [22/Sep/2013:22:45:19 +0200] "GET / HTTP/1.1" 200 4539 "-" "Mozilla/5.0 (compatible; Googlebot/2.1; +http://www.google.com/bot.html)"
157.56.92.142 - - [22/Sep/2013:22:46:13 +0200] "GET /robots.txt HTTP/1.1" 404 1256 "-" "Mozilla/5.0 (compatible; bingbot/2.0; +http://www.bing.com/bingbot.htm)"
141.8.147.12 - - [22/Sep/2013:22:48:36 +0200] "GET /images/Warenlager01.jpg HTTP/1.1" 304 - "-" "Mozilla/5.0 (compatible; YandexImages/3.0; +http://yandex.com/bots)"
66.249.78.103 - - [22/Sep/2013:22:49:54 +0200] "GET /css/vita.css HTTP/1.1" 200 5485 "-" "Mozilla/5.0 (compatible; Googlebot/2.1; +http://www.google.com/bot.html)"
141.8.147.12 - - [22/Sep/2013:22:50:06 +0200] "GET /images/MA_Team_Zyto.jpg HTTP/1.1" 304 - "-" "Mozilla/5.0 (compatible; YandexImages/3.0; +http://yandex.com/bots)"
157.56.92.142 - - [22/Sep/2013:22:52:27 +0200] "GET /kontakt.php HTTP/1.1" 200 5102 "-" "Mozilla/5.0 (compatible; bingbot/2.0; +http://www.bing.com/bingbot.htm)"
141.8.147.12 - - [22/Sep/2013:22:53:35 +0200] "GET /images/pfeil_top.gif HTTP/1.1" 304 - "-" "Mozilla/5.0 (compatible; YandexImages/3.0; +http://yandex.com/bots)"
141.8.147.12 - - [22/Sep/2013:23:10:40 +0200] "GET /images/quapos-zertifikat-gross.jpg HTTP/1.1" 304 - "-" "Mozilla/5.0 (compatible; YandexImages/3.0; +http://yandex.com/bots)"
66.249.78.103 - - [22/Sep/2013:23:22:05 +0200] "GET /sterillabor.php HTTP/1.1" 200 4330 "-" "Mozilla/5.0 (iPhone; U; CPU iPhone OS 4_1 like Mac OS X; en-us) AppleWebKit/532.9 (KHTML, like Gecko) Version/4.0.5 Mobile/8B117 Safari/6531.22.7 (compatible; Googlebot-Mobile/2.1; +http://www.google.com/bot.html)"
141.8.147.12 - - [22/Sep/2013:23:33:36 +0200] "GET /images/pfeil_weiter.gif HTTP/1.1" 304 - "-" "Mozilla/5.0 (compatible; YandexImages/3.0; +http://yandex.com/bots)"
141.8.147.12 - - [22/Sep/2013:23:35:18 +0200] "GET /images/MA_MonikaLorenz.jpg HTTP/1.1" 304 - "-" "Mozilla/5.0 (compatible; YandexImages/3.0; +http://yandex.com/bots)"
141.8.147.12 - - [22/Sep/2013:23:45:50 +0200] "GET /images/MA_Arnim_Apotheke.jpg HTTP/1.1" 304 - "-" "Mozilla/5.0 (compatible; YandexImages/3.0; +http://yandex.com/bots)"
141.8.147.12 - - [22/Sep/2013:23:54:56 +0200] "GET /images/quapos-zertifikat-mittel.jpg HTTP/1.1" 304 - "-" "Mozilla/5.0 (compatible; YandexImages/3.0; +http://yandex.com/bots)"
141.8.147.12 - - [22/Sep/2013:23:59:07 +0200] "GET /images/MA_Team_Zyto_gross.jpg HTTP/1.1" 304 - "-" "Mozilla/5.0 (compatible; YandexImages/3.0; +http://yandex.com/bots)"
141.8.147.12 - - [23/Sep/2013:00:02:01 +0200] "GET /images/vita-not-karte.jpg HTTP/1.1" 304 - "-" "Mozilla/5.0 (compatible; YandexImages/3.0; +http://yandex.com/bots)"
141.8.147.12 - - [23/Sep/2013:00:09:01 +0200] "GET /images/Handverkauf01.jpg HTTP/1.1" 304 - "-" "Mozilla/5.0 (compatible; YandexImages/3.0; +http://yandex.com/bots)"
141.8.147.12 - - [23/Sep/2013:00:10:40 +0200] "GET /images/Apotheke_aussen_ohne.Rand_4.jpg HTTP/1.1" 304 - "-" "Mozilla/5.0 (compatible; YandexImages/3.0; +http://yandex.com/bots)"
141.8.147.12 - - [23/Sep/2013:00:40:50 +0200] "GET /images/mitarbeiter_gross.jpg HTTP/1.1" 304 - "-" "Mozilla/5.0 (compatible; YandexImages/3.0; +http://yandex.com/bots)"
141.8.147.12 - - [23/Sep/2013:00:42:09 +0200] "GET /images/Historie.jpg HTTP/1.1" 304 - "-" "Mozilla/5.0 (compatible; YandexImages/3.0; +http://yandex.com/bots)"
141.8.147.12 - - [23/Sep/2013:01:28:02 +0200] "GET /images/Handverkauf01_gross.jpg HTTP/1.1" 304 - "-" "Mozilla/5.0 (compatible; YandexImages/3.0; +http://yandex.com/bots)"
141.8.147.12 - - [23/Sep/2013:02:12:17 +0200] "GET /images/AKB_QMS_Liskow_2006_gross.jpg HTTP/1.1" 304 - "-" "Mozilla/5.0 (compatible; YandexImages/3.0; +http://yandex.com/bots)"
141.8.147.12 - - [23/Sep/2013:02:18:25 +0200] "GET /images/Warenlager_gross.jpg HTTP/1.1" 304 - "-" "Mozilla/5.0 (compatible; YandexImages/3.0; +http://yandex.com/bots)"
141.8.147.12 - - [23/Sep/2013:02:30:26 +0200] "GET /images/Sterilabteilung03_gross.jpg HTTP/1.1" 304 - "-" "Mozilla/5.0 (compatible; YandexImages/3.0; +http://yandex.com/bots)"
141.8.147.12 - - [23/Sep/2013:02:31:25 +0200] "GET /images/Beratungsraum.jpg HTTP/1.1" 304 - "-" "Mozilla/5.0 (compatible; YandexImages/3.0; +http://yandex.com/bots)"
157.55.32.111 - - [23/Sep/2013:02:33:19 +0200] "GET /robots.txt HTTP/1.1" 404 1256 "-" "Mozilla/5.0 (compatible; bingbot/2.0; +http://www.bing.com/bingbot.htm)"
157.55.32.111 - - [23/Sep/2013:02:34:26 +0200] "GET /sterillabor.php HTTP/1.1" 200 4330 "-" "Mozilla/5.0 (compatible; bingbot/2.0; +http://www.bing.com/bingbot.htm)"
157.55.32.111 - - [23/Sep/2013:02:34:41 +0200] "GET /js/fancybox/jquery.fancybox-1.3.4.css HTTP/1.1" 200 8494 "-" "Mozilla/5.0 (compatible; bingbot/2.0; +http://www.bing.com/bingbot.htm)"
157.55.32.111 - - [23/Sep/2013:02:34:42 +0200] "GET /images/Sterilabteilung03.jpg HTTP/1.1" 200 34797 "-" "Mozilla/5.0 (compatible; bingbot/2.0; +http://www.bing.com/bingbot.htm)"
157.56.92.142 - - [23/Sep/2013:02:35:06 +0200] "GET /js/jquery-1.5.1.min.js HTTP/1.1" 200 85260 "-" "Mozilla/5.0 (compatible; bingbot/2.0; +http://www.bing.com/bingbot.htm)"
157.56.92.142 - - [23/Sep/2013:02:35:07 +0200] "GET /js/jquery.cross-slide.js HTTP/1.1" 200 6780 "-" "Mozilla/5.0 (compatible; bingbot/2.0; +http://www.bing.com/bingbot.htm)"
157.56.92.142 - - [23/Sep/2013:02:35:08 +0200] "GET /images/AKB_QMS_Liskow_2006.png HTTP/1.1" 200 6005 "-" "Mozilla/5.0 (compatible; bingbot/2.0; +http://www.bing.com/bingbot.htm)"
157.55.34.26 - - [23/Sep/2013:02:35:46 +0200] "GET /css/vita.css HTTP/1.1" 200 5485 "-" "Mozilla/5.0 (compatible; bingbot/2.0; +http://www.bing.com/bingbot.htm)"
157.55.34.26 - - [23/Sep/2013:02:35:47 +0200] "GET /images/quapos-zertifikat.jpg HTTP/1.1" 200 3804 "-" "Mozilla/5.0 (compatible; bingbot/2.0; +http://www.bing.com/bingbot.htm)"
157.55.34.26 - - [23/Sep/2013:02:35:48 +0200] "GET /js/fancybox/jquery.fancybox-1.3.4.pack.js HTTP/1.1" 200 15624 "-" "Mozilla/5.0 (compatible; bingbot/2.0; +http://www.bing.com/bingbot.htm)"
157.56.93.60 - - [23/Sep/2013:02:36:06 +0200] "GET /images/MA_Team_Zyto.jpg HTTP/1.1" 200 10684 "-" "Mozilla/5.0 (compatible; bingbot/2.0; +http://www.bing.com/bingbot.htm)"
141.8.147.12 - - [23/Sep/2013:02:41:51 +0200] "GET /images/Handverkauf03_gross.jpg HTTP/1.1" 304 - "-" "Mozilla/5.0 (compatible; YandexImages/3.0; +http://yandex.com/bots)"
178.33.122.74 - - [23/Sep/2013:02:49:37 +0200] "GET /aerzteadressen.php HTTP/1.1" 200 5232 "-" "Mozilla/5.0 (X11; Linux i686; rv:6.0) Gecko/20100101 Firefox/6.0"
141.8.147.12 - - [23/Sep/2013:03:13:38 +0200] "GET /images/Regie02.jpg HTTP/1.1" 304 - "-" "Mozilla/5.0 (compatible; YandexImages/3.0; +http://yandex.com/bots)"
141.8.147.12 - - [23/Sep/2013:03:23:56 +0200] "GET /images/mitarbeiter.jpg HTTP/1.1" 304 - "-" "Mozilla/5.0 (compatible; YandexImages/3.0; +http://yandex.com/bots)"
141.8.147.12 - - [23/Sep/2013:03:30:15 +0200] "GET /images/Beratungsraum_gross.jpg HTTP/1.1" 304 - "-" "Mozilla/5.0 (compatible; YandexImages/3.0; +http://yandex.com/bots)"
141.8.147.12 - - [23/Sep/2013:03:31:25 +0200] "GET /images/Beratungsraum01.jpg HTTP/1.1" 304 - "-" "Mozilla/5.0 (compatible; YandexImages/3.0; +http://yandex.com/bots)"
199.30.24.128 - - [23/Sep/2013:03:35:48 +0200] "GET /images/grafik_navi_mittelgruen.jpg HTTP/1.1" 200 13783 "http://www.vita-apotheke.com/sterillabor.php" "Mozilla/5.0 (Windows NT 6.1; WOW64) AppleWebKit/534+ (KHTML, like Gecko) BingPreview/1.0b"
199.30.24.128 - - [23/Sep/2013:03:35:49 +0200] "GET /images/vita-logo-dunkelgruen.jpg HTTP/1.1" 200 7021 "http://www.vita-apotheke.com/sterillabor.php" "Mozilla/5.0 (Windows NT 6.1; WOW64) AppleWebKit/534+ (KHTML, like Gecko) BingPreview/1.0b"
141.8.147.12 - - [23/Sep/2013:03:40:15 +0200] "GET /images/AKB_QMS_Liskow_2006_mittel.png HTTP/1.1" 304 - "-" "Mozilla/5.0 (compatible; YandexImages/3.0; +http://yandex.com/bots)"
141.8.147.12 - - [23/Sep/2013:03:42:08 +0200] "GET /images/Sterilabteilung03.jpg HTTP/1.1" 304 - "-" "Mozilla/5.0 (compatible; YandexImages/3.0; +http://yandex.com/bots)"
46.105.114.127 - - [23/Sep/2013:03:55:25 +0200] "GET / HTTP/1.1" 200 4539 "-" "Mozilla/5.0 (X11; Linux i686; rv:6.0) Gecko/20100101 Firefox/6.0"
178.33.122.74 - - [23/Sep/2013:03:55:28 +0200] "GET /impressum.php HTTP/1.1" 200 4696 "-" "Mozilla/5.0 (X11; Linux i686; rv:6.0) Gecko/20100101 Firefox/6.0"
193.111.141.54 - - [23/Sep/2013:03:55:28 +0200] "GET /kontakt.php HTTP/1.1" 200 5102 "-" "Mozilla/5.0 (X11; Linux i686; rv:6.0) Gecko/20100101 Firefox/6.0"
193.111.141.54 - - [23/Sep/2013:03:55:38 +0200] "GET /aerzteadressen.php HTTP/1.1" 200 5232 "-" "Mozilla/5.0 (X11; Linux i686; rv:6.0) Gecko/20100101 Firefox/6.0"
193.111.141.44 - - [23/Sep/2013:03:55:38 +0200] "GET /service.php HTTP/1.1" 200 5642 "-" "Mozilla/5.0 (X11; Linux i686; rv:6.0) Gecko/20100101 Firefox/6.0"
178.33.122.74 - - [23/Sep/2013:03:55:38 +0200] "GET /rundgang_start.php HTTP/1.1" 200 4652 "-" "Mozilla/5.0 (X11; Linux i686; rv:6.0) Gecko/20100101 Firefox/6.0"
176.57.141.254 - - [23/Sep/2013:03:55:38 +0200] "GET /sterillabor.php HTTP/1.1" 200 4330 "-" "Mozilla/5.0 (X11; Linux i686; rv:6.0) Gecko/20100101 Firefox/6.0"
176.57.141.193 - - [23/Sep/2013:03:55:38 +0200] "GET /index.php HTTP/1.1" 200 4539 "-" "Mozilla/5.0 (X11; Linux i686; rv:6.0) Gecko/20100101 Firefox/6.0"
81.7.13.161 - - [23/Sep/2013:03:55:38 +0200] "GET /historie.php HTTP/1.1" 200 5111 "-" "Mozilla/5.0 (X11; Linux i686; rv:6.0) Gecko/20100101 Firefox/6.0"
46.105.114.127 - - [23/Sep/2013:03:55:43 +0200] "GET /mitarbeiter.php HTTP/1.1" 200 6811 "-" "Mozilla/5.0 (X11; Linux i686; rv:6.0) Gecko/20100101 Firefox/6.0"
178.33.122.74 - - [23/Sep/2013:03:55:43 +0200] "GET /zertifizierungen.php HTTP/1.1" 200 4722 "-" "Mozilla/5.0 (X11; Linux i686; rv:6.0) Gecko/20100101 Firefox/6.0"
141.8.147.12 - - [23/Sep/2013:04:17:48 +0200] "GET /images/Regie.jpg HTTP/1.1" 304 - "-" "Mozilla/5.0 (compatible; YandexImages/3.0; +http://yandex.com/bots)"
141.8.147.12 - - [23/Sep/2013:04:30:21 +0200] "GET /images/Regie02_gross.jpg HTTP/1.1" 304 - "-" "Mozilla/5.0 (compatible; YandexImages/3.0; +http://yandex.com/bots)"
141.8.147.12 - - [23/Sep/2013:04:38:27 +0200] "GET /images/Apotheke_au%DFen_ohne.Rand_4_gross.jpg HTTP/1.1" 304 - "-" "Mozilla/5.0 (compatible; YandexImages/3.0; +http://yandex.com/bots)"
141.8.147.12 - - [23/Sep/2013:04:38:39 +0200] "GET /images/MA_MonikaLorenz_gross.jpg HTTP/1.1" 304 - "-" "Mozilla/5.0 (compatible; YandexImages/3.0; +http://yandex.com/bots)"
176.31.14.29 - - [23/Sep/2013:06:31:23 +0200] "GET / HTTP/1.1" 200 4539 "-" "Mozilla/5.0 (Windows; I; Windows NT 5.1; en; rv:1.9.2.13) Gecko/20100101 Firefox/4.0"
176.31.14.29 - - [23/Sep/2013:06:31:25 +0200] "GET /aerzteadressen.php HTTP/1.1" 200 5232 "-" "Mozilla/5.0 (compatible; MSIE 10.0; Windows NT 6.1; Trident/5.0)"
176.31.14.29 - - [23/Sep/2013:06:31:25 +0200] "GET /rundgang_start.php HTTP/1.1" 200 4652 "-" "Mozilla/5.0 (compatible; MSIE 9.0; Windows NT 6.1; en) Opera 11.51"
176.31.14.29 - - [23/Sep/2013:06:31:26 +0200] "GET /kontakt.php HTTP/1.1" 200 5102 "-" "Opera/9.80 (Windows NT 6.1; U; en) Presto/2.8.131 Version/11.10"
176.31.14.29 - - [23/Sep/2013:06:31:26 +0200] "GET /sterillabor.php HTTP/1.1" 200 4330 "-" "Mozilla/5.0 (Windows; U; Windows NT 6.0; en-US) AppleWebKit/533.20.25 (KHTML, like Gecko) Version/5.0.3 Safari/533.19.4"
131.253.26.243 - - [23/Sep/2013:07:15:30 +0200] "GET / HTTP/1.1" 200 4539 "-" "Mozilla/4.0 (compatible; MSIE 7.0; Windows NT 5.1; SV1; .NET CLR 1.1.4325; .NET CLR 2.0.50727)"
65.55.218.44 - - [23/Sep/2013:07:15:33 +0200] "GET /css/vita.css HTTP/1.1" 200 5485 "http://www.vita-apotheke.com/" "Mozilla/4.0 (compatible; MSIE 7.0; Windows NT 5.1; SV1; .NET CLR 1.1.4325; .NET CLR 2.0.50727)"
131.253.26.243 - - [23/Sep/2013:07:15:36 +0200] "GET /js/jquery-1.5.1.min.js HTTP/1.1" 200 85260 "http://www.vita-apotheke.com/" "Mozilla/4.0 (compatible; MSIE 7.0; Windows NT 5.1; SV1; .NET CLR 1.1.4325; .NET CLR 2.0.50727)"
65.55.218.44 - - [23/Sep/2013:07:15:41 +0200] "GET /js/jquery.cross-slide.js HTTP/1.1" 200 6780 "http://www.vita-apotheke.com/" "Mozilla/4.0 (compatible; MSIE 7.0; Windows NT 5.1; SV1; .NET CLR 1.1.4325; .NET CLR 2.0.50727)"
131.253.26.243 - - [23/Sep/2013:07:15:48 +0200] "GET /js/fancybox/jquery.fancybox-1.3.4.pack.js HTTP/1.1" 200 15624 "http://www.vita-apotheke.com/" "Mozilla/4.0 (compatible; MSIE 7.0; Windows NT 5.1; SV1; .NET CLR 1.1.4325; .NET CLR 2.0.50727)"
65.55.218.44 - - [23/Sep/2013:07:15:53 +0200] "GET /js/fancybox/jquery.fancybox-1.3.4.css HTTP/1.1" 200 8494 "http://www.vita-apotheke.com/" "Mozilla/4.0 (compatible; MSIE 7.0; Windows NT 5.1; SV1; .NET CLR 1.1.4325; .NET CLR 2.0.50727)"
5.9.82.183 - - [23/Sep/2013:07:16:55 +0200] "GET / HTTP/1.1" 200 4539 "-" "Mozilla/5.0 (compatible; SISTRIX Crawler; http://crawler.sistrix.net/)"
5.9.82.183 - - [23/Sep/2013:07:16:55 +0200] "GET /robots.txt HTTP/1.1" 404 1256 "-" "Mozilla/5.0 (compatible; SISTRIX Crawler; http://crawler.sistrix.net/)"
5.9.82.183 - - [23/Sep/2013:07:16:55 +0200] "GET / HTTP/1.1" 200 4539 "-" "Mozilla/5.0 (compatible; SISTRIX Crawler; http://crawler.sistrix.net/)"
5.9.82.183 - - [23/Sep/2013:07:16:57 +0200] "GET /index.php HTTP/1.1" 200 4539 "-" "Mozilla/5.0 (compatible; SISTRIX Crawler; http://crawler.sistrix.net/)"
5.9.82.183 - - [23/Sep/2013:07:16:57 +0200] "GET /service.php HTTP/1.1" 200 5642 "-" "Mozilla/5.0 (compatible; SISTRIX Crawler; http://crawler.sistrix.net/)"
5.9.82.183 - - [23/Sep/2013:07:16:58 +0200] "GET /historie.php HTTP/1.1" 200 5111 "-" "Mozilla/5.0 (compatible; SISTRIX Crawler; http://crawler.sistrix.net/)"
5.9.82.183 - - [23/Sep/2013:07:17:07 +0200] "GET /sterillabor.php HTTP/1.1" 200 4330 "-" "Mozilla/5.0 (compatible; SISTRIX Crawler; http://crawler.sistrix.net/)"
5.9.82.183 - - [23/Sep/2013:07:17:08 +0200] "GET /aerzteadressen.php HTTP/1.1" 200 5232 "-" "Mozilla/5.0 (compatible; SISTRIX Crawler; http://crawler.sistrix.net/)"
5.9.82.183 - - [23/Sep/2013:07:17:09 +0200] "GET /kontakt.php HTTP/1.1" 200 5102 "-" "Mozilla/5.0 (compatible; SISTRIX Crawler; http://crawler.sistrix.net/)"
5.9.82.183 - - [23/Sep/2013:07:17:10 +0200] "GET /impressum.php HTTP/1.1" 200 4696 "-" "Mozilla/5.0 (compatible; SISTRIX Crawler; http://crawler.sistrix.net/)"
5.9.82.183 - - [23/Sep/2013:07:17:11 +0200] "GET /rundgang_start.php HTTP/1.1" 200 4652 "-" "Mozilla/5.0 (compatible; SISTRIX Crawler; http://crawler.sistrix.net/)"
5.9.82.183 - - [23/Sep/2013:07:17:12 +0200] "GET /mitarbeiter.php HTTP/1.1" 200 6811 "-" "Mozilla/5.0 (compatible; SISTRIX Crawler; http://crawler.sistrix.net/)"
5.9.82.183 - - [23/Sep/2013:07:17:12 +0200] "GET /zertifizierungen.php HTTP/1.1" 200 4722 "-" "Mozilla/5.0 (compatible; SISTRIX Crawler; http://crawler.sistrix.net/)"
5.9.82.183 - - [23/Sep/2013:07:17:12 +0200] "GET /ueberuns.php HTTP/1.1" 302 - "-" "Mozilla/5.0 (compatible; SISTRIX Crawler; http://crawler.sistrix.net/)"
5.9.82.183 - - [23/Sep/2013:07:17:13 +0200] "GET /rundgang_beratungsraum.php HTTP/1.1" 200 5025 "-" "Mozilla/5.0 (compatible; SISTRIX Crawler; http://crawler.sistrix.net/)"
5.9.82.183 - - [23/Sep/2013:07:17:13 +0200] "GET /rundgang_hv.php HTTP/1.1" 200 4652 "-" "Mozilla/5.0 (compatible; SISTRIX Crawler; http://crawler.sistrix.net/)"
5.9.82.183 - - [23/Sep/2013:07:17:14 +0200] "GET /rundgang_regie.php HTTP/1.1" 200 5041 "-" "Mozilla/5.0 (compatible; SISTRIX Crawler; http://crawler.sistrix.net/)"
5.9.82.183 - - [23/Sep/2013:07:17:14 +0200] "GET /rundgang_warenlager.php HTTP/1.1" 200 4776 "-" "Mozilla/5.0 (compatible; SISTRIX Crawler; http://crawler.sistrix.net/)"
5.9.82.183 - - [23/Sep/2013:07:17:15 +0200] "GET /rundgang_sterilabteilung.php HTTP/1.1" 200 4571 "-" "Mozilla/5.0 (compatible; SISTRIX Crawler; http://crawler.sistrix.net/)"
66.249.78.103 - - [23/Sep/2013:07:48:45 +0200] "GET /robots.txt HTTP/1.1" 404 1256 "-" "Mozilla/5.0 (compatible; Googlebot/2.1; +http://www.google.com/bot.html)"
178.8.175.115 - - [23/Sep/2013:08:35:13 +0200] "GET / HTTP/1.1" 200 4539 "https://www.google.de/" "Mozilla/5.0 (Macintosh; Intel Mac OS X 10_8_2) AppleWebKit/537.36 (KHTML, like Gecko) Chrome/29.0.1547.76 Safari/537.36"
178.8.175.115 - - [23/Sep/2013:08:35:13 +0200] "GET /css/vita.css HTTP/1.1" 200 5485 "http://www.vita-apotheke.com/" "Mozilla/5.0 (Macintosh; Intel Mac OS X 10_8_2) AppleWebKit/537.36 (KHTML, like Gecko) Chrome/29.0.1547.76 Safari/537.36"
178.8.175.115 - - [23/Sep/2013:08:35:13 +0200] "GET /js/jquery.cross-slide.js HTTP/1.1" 200 6780 "http://www.vita-apotheke.com/" "Mozilla/5.0 (Macintosh; Intel Mac OS X 10_8_2) AppleWebKit/537.36 (KHTML, like Gecko) Chrome/29.0.1547.76 Safari/537.36"
178.8.175.115 - - [23/Sep/2013:08:35:13 +0200] "GET /js/fancybox/jquery.fancybox-1.3.4.pack.js HTTP/1.1" 200 15624 "http://www.vita-apotheke.com/" "Mozilla/5.0 (Macintosh; Intel Mac OS X 10_8_2) AppleWebKit/537.36 (KHTML, like Gecko) Chrome/29.0.1547.76 Safari/537.36"
178.8.175.115 - - [23/Sep/2013:08:35:13 +0200] "GET /js/fancybox/jquery.fancybox-1.3.4.css HTTP/1.1" 200 8494 "http://www.vita-apotheke.com/" "Mozilla/5.0 (Macintosh; Intel Mac OS X 10_8_2) AppleWebKit/537.36 (KHTML, like Gecko) Chrome/29.0.1547.76 Safari/537.36"
178.8.175.115 - - [23/Sep/2013:08:35:13 +0200] "GET /images/AKB_QMS_Liskow_2006.png HTTP/1.1" 200 6005 "http://www.vita-apotheke.com/" "Mozilla/5.0 (Macintosh; Intel Mac OS X 10_8_2) AppleWebKit/537.36 (KHTML, like Gecko) Chrome/29.0.1547.76 Safari/537.36"
178.8.175.115 - - [23/Sep/2013:08:35:13 +0200] "GET /images/quapos-zertifikat.jpg HTTP/1.1" 200 3804 "http://www.vita-apotheke.com/" "Mozilla/5.0 (Macintosh; Intel Mac OS X 10_8_2) AppleWebKit/537.36 (KHTML, like Gecko) Chrome/29.0.1547.76 Safari/537.36"
178.8.175.115 - - [23/Sep/2013:08:35:13 +0200] "GET /images/MA_MonikaLorenz.jpg HTTP/1.1" 200 46854 "http://www.vita-apotheke.com/" "Mozilla/5.0 (Macintosh; Intel Mac OS X 10_8_2) AppleWebKit/537.36 (KHTML, like Gecko) Chrome/29.0.1547.76 Safari/537.36"
178.8.175.115 - - [23/Sep/2013:08:35:13 +0200] "GET /js/jquery-1.5.1.min.js HTTP/1.1" 200 85260 "http://www.vita-apotheke.com/" "Mozilla/5.0 (Macintosh; Intel Mac OS X 10_8_2) AppleWebKit/537.36 (KHTML, like Gecko) Chrome/29.0.1547.76 Safari/537.36"
178.8.175.115 - - [23/Sep/2013:08:35:13 +0200] "GET /images/vita-logo-dunkelgruen.jpg HTTP/1.1" 200 7021 "http://www.vita-apotheke.com/" "Mozilla/5.0 (Macintosh; Intel Mac OS X 10_8_2) AppleWebKit/537.36 (KHTML, like Gecko) Chrome/29.0.1547.76 Safari/537.36"
178.8.175.115 - - [23/Sep/2013:08:35:13 +0200] "GET /images/grafik_navi_mittelgruen.jpg HTTP/1.1" 200 13783 "http://www.vita-apotheke.com/" "Mozilla/5.0 (Macintosh; Intel Mac OS X 10_8_2) AppleWebKit/537.36 (KHTML, like Gecko) Chrome/29.0.1547.76 Safari/537.36"
178.8.175.115 - - [23/Sep/2013:08:35:13 +0200] "GET /favicon.ico HTTP/1.1" 404 1256 "-" "Mozilla/5.0 (Macintosh; Intel Mac OS X 10_8_2) AppleWebKit/537.36 (KHTML, like Gecko) Chrome/29.0.1547.76 Safari/537.36"
178.8.175.115 - - [23/Sep/2013:08:35:19 +0200] "GET /historie.php HTTP/1.1" 200 5111 "http://www.vita-apotheke.com/" "Mozilla/5.0 (Macintosh; Intel Mac OS X 10_8_2) AppleWebKit/537.36 (KHTML, like Gecko) Chrome/29.0.1547.76 Safari/537.36"
178.8.175.115 - - [23/Sep/2013:08:35:19 +0200] "GET /images/Historie01.jpg HTTP/1.1" 200 17762 "http://www.vita-apotheke.com/historie.php" "Mozilla/5.0 (Macintosh; Intel Mac OS X 10_8_2) AppleWebKit/537.36 (KHTML, like Gecko) Chrome/29.0.1547.76 Safari/537.36"
178.8.175.115 - - [23/Sep/2013:08:35:19 +0200] "GET /images/Historie.jpg HTTP/1.1" 200 22682 "http://www.vita-apotheke.com/historie.php" "Mozilla/5.0 (Macintosh; Intel Mac OS X 10_8_2) AppleWebKit/537.36 (KHTML, like Gecko) Chrome/29.0.1547.76 Safari/537.36"
178.8.175.115 - - [23/Sep/2013:08:35:20 +0200] "GET /service.php HTTP/1.1" 200 5642 "http://www.vita-apotheke.com/historie.php" "Mozilla/5.0 (Macintosh; Intel Mac OS X 10_8_2) AppleWebKit/537.36 (KHTML, like Gecko) Chrome/29.0.1547.76 Safari/537.36"
178.8.175.115 - - [23/Sep/2013:08:35:21 +0200] "GET /images/Beratungsraum.jpg HTTP/1.1" 200 40383 "http://www.vita-apotheke.com/service.php" "Mozilla/5.0 (Macintosh; Intel Mac OS X 10_8_2) AppleWebKit/537.36 (KHTML, like Gecko) Chrome/29.0.1547.76 Safari/537.36"
178.8.175.115 - - [23/Sep/2013:08:35:21 +0200] "GET /images/vita-not-karte.jpg HTTP/1.1" 200 66171 "http://www.vita-apotheke.com/service.php" "Mozilla/5.0 (Macintosh; Intel Mac OS X 10_8_2) AppleWebKit/537.36 (KHTML, like Gecko) Chrome/29.0.1547.76 Safari/537.36"
178.8.175.115 - - [23/Sep/2013:08:35:25 +0200] "GET /historie.php HTTP/1.1" 200 5111 "http://www.vita-apotheke.com/service.php" "Mozilla/5.0 (Macintosh; Intel Mac OS X 10_8_2) AppleWebKit/537.36 (KHTML, like Gecko) Chrome/29.0.1547.76 Safari/537.36"
178.8.175.115 - - [23/Sep/2013:08:35:27 +0200] "GET /sterillabor.php HTTP/1.1" 200 4330 "http://www.vita-apotheke.com/historie.php" "Mozilla/5.0 (Macintosh; Intel Mac OS X 10_8_2) AppleWebKit/537.36 (KHTML, like Gecko) Chrome/29.0.1547.76 Safari/537.36"
178.8.175.115 - - [23/Sep/2013:08:35:27 +0200] "GET /images/MA_Team_Zyto.jpg HTTP/1.1" 200 10684 "http://www.vita-apotheke.com/sterillabor.php" "Mozilla/5.0 (Macintosh; Intel Mac OS X 10_8_2) AppleWebKit/537.36 (KHTML, like Gecko) Chrome/29.0.1547.76 Safari/537.36"
178.8.175.115 - - [23/Sep/2013:08:35:27 +0200] "GET /images/Sterilabteilung03.jpg HTTP/1.1" 200 34797 "http://www.vita-apotheke.com/sterillabor.php" "Mozilla/5.0 (Macintosh; Intel Mac OS X 10_8_2) AppleWebKit/537.36 (KHTML, like Gecko) Chrome/29.0.1547.76 Safari/537.36"
178.8.175.115 - - [23/Sep/2013:08:35:30 +0200] "GET /aerzteadressen.php HTTP/1.1" 200 5232 "http://www.vita-apotheke.com/sterillabor.php" "Mozilla/5.0 (Macintosh; Intel Mac OS X 10_8_2) AppleWebKit/537.36 (KHTML, like Gecko) Chrome/29.0.1547.76 Safari/537.36"
178.8.175.115 - - [23/Sep/2013:08:35:31 +0200] "GET /kontakt.php HTTP/1.1" 200 5102 "http://www.vita-apotheke.com/aerzteadressen.php" "Mozilla/5.0 (Macintosh; Intel Mac OS X 10_8_2) AppleWebKit/537.36 (KHTML, like Gecko) Chrome/29.0.1547.76 Safari/537.36"
66.249.78.103 - - [23/Sep/2013:10:01:00 +0200] "GET /rundgang_warenlager.php HTTP/1.1" 200 4776 "-" "Mozilla/5.0 (iPhone; U; CPU iPhone OS 4_1 like Mac OS X; en-us) AppleWebKit/532.9 (KHTML, like Gecko) Version/4.0.5 Mobile/8B117 Safari/6531.22.7 (compatible; Googlebot-Mobile/2.1; +http://www.google.com/bot.html)"
81.7.13.161 - - [23/Sep/2013:10:10:47 +0200] "GET /impressum.php HTTP/1.1" 200 4696 "-" "Mozilla/5.0 (X11; Linux i686; rv:6.0) Gecko/20100101 Firefox/6.0"
87.139.183.142 - - [23/Sep/2013:10:55:17 +0200] "GET / HTTP/1.1" 200 4539 "http://www.google.de/url?sa=t&rct=j&q=&esrc=s&source=web&cd=1&ved=0CDEQFjAA&url=http%3A%2F%2Fwww.vita-apotheke.com%2F&ei=nQFAUqfDNcbOtAbTjIGgCQ&usg=AFQjCNGHscoO06lKwKfUZWpPexrvGv3sxg&bvm=bv.52434380,d.Yms" "Mozilla/5.0 (Windows NT 6.1; rv:23.0) Gecko/20100101 Firefox/23.0"
87.139.183.142 - - [23/Sep/2013:10:55:17 +0200] "GET /css/vita.css HTTP/1.1" 200 5485 "http://www.vita-apotheke.com/" "Mozilla/5.0 (Windows NT 6.1; rv:23.0) Gecko/20100101 Firefox/23.0"
87.139.183.142 - - [23/Sep/2013:10:55:17 +0200] "GET /js/jquery.cross-slide.js HTTP/1.1" 200 6780 "http://www.vita-apotheke.com/" "Mozilla/5.0 (Windows NT 6.1; rv:23.0) Gecko/20100101 Firefox/23.0"
87.139.183.142 - - [23/Sep/2013:10:55:17 +0200] "GET /js/fancybox/jquery.fancybox-1.3.4.pack.js HTTP/1.1" 200 15624 "http://www.vita-apotheke.com/" "Mozilla/5.0 (Windows NT 6.1; rv:23.0) Gecko/20100101 Firefox/23.0"
87.139.183.142 - - [23/Sep/2013:10:55:17 +0200] "GET /js/fancybox/jquery.fancybox-1.3.4.css HTTP/1.1" 200 8494 "http://www.vita-apotheke.com/" "Mozilla/5.0 (Windows NT 6.1; rv:23.0) Gecko/20100101 Firefox/23.0"
87.139.183.142 - - [23/Sep/2013:10:55:17 +0200] "GET /js/jquery-1.5.1.min.js HTTP/1.1" 200 85260 "http://www.vita-apotheke.com/" "Mozilla/5.0 (Windows NT 6.1; rv:23.0) Gecko/20100101 Firefox/23.0"
87.139.183.142 - - [23/Sep/2013:10:55:18 +0200] "GET /images/AKB_QMS_Liskow_2006.png HTTP/1.1" 200 6005 "http://www.vita-apotheke.com/" "Mozilla/5.0 (Windows NT 6.1; rv:23.0) Gecko/20100101 Firefox/23.0"
87.139.183.142 - - [23/Sep/2013:10:55:18 +0200] "GET /images/quapos-zertifikat.jpg HTTP/1.1" 200 3804 "http://www.vita-apotheke.com/" "Mozilla/5.0 (Windows NT 6.1; rv:23.0) Gecko/20100101 Firefox/23.0"
87.139.183.142 - - [23/Sep/2013:10:55:18 +0200] "GET /images/vita-logo-dunkelgruen.jpg HTTP/1.1" 200 7021 "http://www.vita-apotheke.com/css/vita.css" "Mozilla/5.0 (Windows NT 6.1; rv:23.0) Gecko/20100101 Firefox/23.0"
87.139.183.142 - - [23/Sep/2013:10:55:18 +0200] "GET /images/grafik_navi_mittelgruen.jpg HTTP/1.1" 200 13783 "http://www.vita-apotheke.com/css/vita.css" "Mozilla/5.0 (Windows NT 6.1; rv:23.0) Gecko/20100101 Firefox/23.0"
87.139.183.142 - - [23/Sep/2013:10:55:18 +0200] "GET /images/MA_MonikaLorenz.jpg HTTP/1.1" 200 46854 "http://www.vita-apotheke.com/" "Mozilla/5.0 (Windows NT 6.1; rv:23.0) Gecko/20100101 Firefox/23.0"
87.139.183.142 - - [23/Sep/2013:10:55:18 +0200] "GET /favicon.ico HTTP/1.1" 404 1256 "-" "Mozilla/5.0 (Windows NT 6.1; rv:23.0) Gecko/20100101 Firefox/23.0"
87.139.183.142 - - [23/Sep/2013:10:55:18 +0200] "GET /favicon.ico HTTP/1.1" 404 1256 "-" "Mozilla/5.0 (Windows NT 6.1; rv:23.0) Gecko/20100101 Firefox/23.0"
87.139.183.142 - - [23/Sep/2013:10:55:21 +0200] "GET /historie.php HTTP/1.1" 200 5111 "http://www.vita-apotheke.com/" "Mozilla/5.0 (Windows NT 6.1; rv:23.0) Gecko/20100101 Firefox/23.0"
87.139.183.142 - - [23/Sep/2013:10:55:21 +0200] "GET /images/Historie01.jpg HTTP/1.1" 200 17762 "http://www.vita-apotheke.com/historie.php" "Mozilla/5.0 (Windows NT 6.1; rv:23.0) Gecko/20100101 Firefox/23.0"
87.139.183.142 - - [23/Sep/2013:10:55:21 +0200] "GET /images/Historie.jpg HTTP/1.1" 200 22682 "http://www.vita-apotheke.com/historie.php" "Mozilla/5.0 (Windows NT 6.1; rv:23.0) Gecko/20100101 Firefox/23.0"
87.139.183.142 - - [23/Sep/2013:10:55:25 +0200] "GET /kontakt.php HTTP/1.1" 200 5102 "http://www.vita-apotheke.com/historie.php" "Mozilla/5.0 (Windows NT 6.1; rv:23.0) Gecko/20100101 Firefox/23.0"
87.139.183.142 - - [23/Sep/2013:10:55:30 +0200] "GET /impressum.php HTTP/1.1" 200 4696 "http://www.vita-apotheke.com/kontakt.php" "Mozilla/5.0 (Windows NT 6.1; rv:23.0) Gecko/20100101 Firefox/23.0"
87.139.183.142 - - [23/Sep/2013:10:55:31 +0200] "GET /images/Apotheke_aussen_ohne.Rand_4.jpg HTTP/1.1" 200 49642 "http://www.vita-apotheke.com/impressum.php" "Mozilla/5.0 (Windows NT 6.1; rv:23.0) Gecko/20100101 Firefox/23.0"
87.139.183.142 - - [23/Sep/2013:10:55:31 +0200] "GET /images/mitarbeiter.jpg HTTP/1.1" 200 44826 "http://www.vita-apotheke.com/impressum.php" "Mozilla/5.0 (Windows NT 6.1; rv:23.0) Gecko/20100101 Firefox/23.0"
