64.246.187.42 - - [01/Nov/2013:03:18:35 +0100] "GET /robots.txt HTTP/1.0" 404 1256 "-" "Mozilla/5.0 (Windows; U; Windows NT 5.1; en; rv:1.9.0.13) Gecko/2009073022 Firefox/3.5.2 (.NET CLR 3.5.30729) SurveyBot/2.3 (DomainTools)"
64.246.187.42 - - [01/Nov/2013:03:18:35 +0100] "GET / HTTP/1.1" 200 2889 "http://whois.domaintools.com/wertstoffservice.de" "Mozilla/5.0 (Windows; U; Windows NT 5.1; en; rv:1.9.0.13) Gecko/2009073022 Firefox/3.5.2 (.NET CLR 3.5.30729) SurveyBot/2.3 (DomainTools)"
188.138.41.175 - - [01/Nov/2013:03:32:31 +0100] "GET / HTTP/1.1" 200 2889 "-" "Mozilla/5.0 (X11; U; Linux i686; en-US; rv:1.9.0.1) Gecko/2008070206 Firefox/3.0.1"
188.138.41.175 - - [01/Nov/2013:03:32:31 +0100] "GET / HTTP/1.1" 200 2889 "-" "Mozilla/5.0 (X11; U; Linux i686; en-US; rv:1.9.0.1) Gecko/2008070206 Firefox/3.0.1"
157.55.35.46 - - [01/Nov/2013:06:31:56 +0100] "GET /robots.txt HTTP/1.1" 404 1256 "-" "Mozilla/5.0 (compatible; bingbot/2.0; +http://www.bing.com/bingbot.htm)"
188.138.41.175 - - [01/Nov/2013:06:33:13 +0100] "GET / HTTP/1.1" 200 2889 "-" "Mozilla/5.0 (X11; U; Linux i686; en-US; rv:1.9.0.1) Gecko/2008070206 Firefox/3.0.1"
188.138.41.175 - - [01/Nov/2013:06:33:13 +0100] "GET / HTTP/1.1" 200 2889 "-" "Mozilla/5.0 (X11; U; Linux i686; en-US; rv:1.9.0.1) Gecko/2008070206 Firefox/3.0.1"
157.55.35.46 - - [01/Nov/2013:06:33:22 +0100] "GET / HTTP/1.1" 200 2889 "-" "Mozilla/5.0 (compatible; bingbot/2.0; +http://www.bing.com/bingbot.htm)"
85.186.103.66 - - [01/Nov/2013:07:05:06 +0100] "GET / HTTP/1.1" 200 2889 "-" "-"
141.8.147.12 - - [01/Nov/2013:07:55:20 +0100] "GET /robots.txt HTTP/1.1" 404 1256 "-" "Mozilla/5.0 (compatible; YandexBot/3.0; +http://yandex.com/bots)"
66.249.78.98 - - [01/Nov/2013:11:06:14 +0100] "GET /robots.txt HTTP/1.1" 404 1256 "-" "Mozilla/5.0 (compatible; Googlebot/2.1; +http://www.google.com/bot.html)"
66.249.78.98 - - [01/Nov/2013:11:06:14 +0100] "GET / HTTP/1.1" 200 2889 "-" "Mozilla/5.0 (iPhone; CPU iPhone OS 6_0 like Mac OS X) AppleWebKit/536.26 (KHTML, like Gecko) Version/6.0 Mobile/10A5376e Safari/8536.25 (compatible; Googlebot-Mobile/2.1; +http://www.google.com/bot.html)"
66.249.78.98 - - [01/Nov/2013:16:40:55 +0100] "GET / HTTP/1.1" 200 2889 "-" "Mozilla/5.0 (compatible; Googlebot/2.1; +http://www.google.com/bot.html)"
78.54.116.51 - - [01/Nov/2013:18:31:59 +0100] "GET / HTTP/1.1" 200 2889 "-" "UserAgent: Apache-HttpClient/release (java 1.5)"
78.54.116.51 - - [01/Nov/2013:18:31:59 +0100] "GET /impressum.html HTTP/1.1" 404 1256 "-" "UserAgent: Apache-HttpClient/release (java 1.5)"
78.54.116.51 - - [01/Nov/2013:18:31:59 +0100] "GET /impressum.htm HTTP/1.1" 404 1256 "-" "UserAgent: Apache-HttpClient/release (java 1.5)"
78.54.116.51 - - [01/Nov/2013:18:31:59 +0100] "GET / HTTP/1.1" 200 2889 "-" "UserAgent: Apache-HttpClient/release (java 1.5)"
5.9.95.3 - - [01/Nov/2013:20:53:37 +0100] "GET /robots.txt HTTP/1.1" 404 1256 "http://wertstoffservice.de/" "Mozilla/5.0 (compatible; ltbot/1.3; bot@language-tools.com)"
5.9.95.3 - - [01/Nov/2013:20:53:37 +0100] "GET / HTTP/1.1" 200 2889 "http://wertstoffservice.de/" "Mozilla/5.0 (compatible; ltbot/1.3; bot@language-tools.com)"
157.55.33.21 - - [02/Nov/2013:05:43:38 +0100] "GET /robots.txt HTTP/1.1" 404 1256 "-" "Mozilla/5.0 (compatible; bingbot/2.0; +http://www.bing.com/bingbot.htm)"
157.55.33.21 - - [02/Nov/2013:06:01:34 +0100] "GET / HTTP/1.1" 304 - "-" "Mozilla/5.0 (compatible; bingbot/2.0; +http://www.bing.com/bingbot.htm)"
180.76.5.89 - - [03/Nov/2013:02:18:45 +0100] "GET /robots.txt HTTP/1.1" 404 1256 "-" "Mozilla/5.0 (Windows NT 5.1; rv:6.0.2) Gecko/20100101 Firefox/6.0.2"
5.9.112.67 - - [03/Nov/2013:03:56:30 +0100] "GET /robots.txt HTTP/1.1" 404 1256 "-" "Mozilla/5.0 (compatible; SISTRIX Crawler; http://crawler.sistrix.net/)"
5.9.112.67 - - [03/Nov/2013:03:56:30 +0100] "GET / HTTP/1.1" 206 2889 "-" "Mozilla/5.0 (compatible; SISTRIX Crawler; http://crawler.sistrix.net/)"
65.55.24.245 - - [03/Nov/2013:09:01:22 +0100] "GET /robots.txt HTTP/1.1" 404 1256 "-" "Mozilla/5.0 (compatible; bingbot/2.0; +http://www.bing.com/bingbot.htm)"
65.55.24.245 - - [03/Nov/2013:09:02:53 +0100] "GET / HTTP/1.1" 304 - "-" "Mozilla/5.0 (compatible; bingbot/2.0; +http://www.bing.com/bingbot.htm)"
66.249.78.98 - - [03/Nov/2013:09:25:45 +0100] "GET /robots.txt HTTP/1.1" 404 1256 "-" "Mozilla/5.0 (compatible; Googlebot/2.1; +http://www.google.com/bot.html)"
66.249.78.98 - - [03/Nov/2013:09:25:45 +0100] "GET / HTTP/1.1" 200 2889 "-" "Mozilla/5.0 (iPhone; CPU iPhone OS 6_0 like Mac OS X) AppleWebKit/536.26 (KHTML, like Gecko) Version/6.0 Mobile/10A5376e Safari/8536.25 (compatible; Googlebot-Mobile/2.1; +http://www.google.com/bot.html)"
93.220.235.22 - - [03/Nov/2013:16:00:38 +0100] "GET / HTTP/1.1" 200 2889 "-" "Mozilla/5.0 Gecko/2009042316 Firefox/3.x"
101.226.166.240 - - [04/Nov/2013:06:25:54 +0100] "GET /robots.txt HTTP/1.1" 404 1256 "http://www.wertstoffservice.de/robots.txt" "Mozilla/4.0 (compatible; MSIE 8.0; Windows NT 6.1; Trident/4.0; SLCC2; .NET CLR 2.0.50727; .NET CLR 3.5.30729; .NET CLR 3.0.30729; Media Center PC 6.0; MDDR; .NET4.0C; .NET4.0E; .NET CLR 1.1.4322; Tablet PC 2.0); 360Spider"
141.8.147.12 - - [04/Nov/2013:08:15:21 +0100] "GET /robots.txt HTTP/1.1" 404 1256 "-" "Mozilla/5.0 (compatible; YandexBot/3.0; +http://yandex.com/bots)"
141.8.147.12 - - [04/Nov/2013:11:39:22 +0100] "GET / HTTP/1.1" 200 2889 "-" "Mozilla/5.0 (compatible; YandexBot/3.0; +http://yandex.com/bots)"
180.76.6.37 - - [04/Nov/2013:13:12:32 +0100] "GET /robots.txt HTTP/1.1" 404 1256 "-" "Mozilla/5.0 (Windows NT 5.1; rv:6.0.2) Gecko/20100101 Firefox/6.0.2"
66.249.78.98 - - [05/Nov/2013:08:22:57 +0100] "GET /robots.txt HTTP/1.1" 404 1256 "-" "Mozilla/5.0 (compatible; Googlebot/2.1; +http://www.google.com/bot.html)"
66.249.78.98 - - [05/Nov/2013:08:22:57 +0100] "GET / HTTP/1.1" 200 2889 "-" "Mozilla/5.0 (iPhone; CPU iPhone OS 6_0 like Mac OS X) AppleWebKit/536.26 (KHTML, like Gecko) Version/6.0 Mobile/10A5376e Safari/8536.25 (compatible; Googlebot-Mobile/2.1; +http://www.google.com/bot.html)"
88.217.142.226 - - [05/Nov/2013:08:39:02 +0100] "GET / HTTP/1.1" 200 2889 "-" "Mozilla/5.0 (X11; U; Linux i686; de-DE) AppleWebKit/533.3 (KHTML, like Gecko) Qt/4.7.1 Safari/533.3"
88.217.142.226 - - [05/Nov/2013:08:39:02 +0100] "GET /images/u-const.gif HTTP/1.1" 200 3797 "http://www.wertstoffservice.de/" "Mozilla/5.0 (X11; U; Linux i686; de-DE) AppleWebKit/533.3 (KHTML, like Gecko) Qt/4.7.1 Safari/533.3"
88.217.142.226 - - [05/Nov/2013:08:39:02 +0100] "GET /images/hintgr.gif HTTP/1.1" 200 925 "http://www.wertstoffservice.de/" "Mozilla/5.0 (X11; U; Linux i686; de-DE) AppleWebKit/533.3 (KHTML, like Gecko) Qt/4.7.1 Safari/533.3"
88.217.142.226 - - [05/Nov/2013:08:39:02 +0100] "GET /images/logo.gif HTTP/1.1" 200 6252 "http://www.wertstoffservice.de/" "Mozilla/5.0 (X11; U; Linux i686; de-DE) AppleWebKit/533.3 (KHTML, like Gecko) Qt/4.7.1 Safari/533.3"
66.249.78.98 - - [05/Nov/2013:12:36:09 +0100] "GET /robots.txt HTTP/1.1" 404 1256 "-" "Mozilla/5.0 (compatible; Googlebot/2.1; +http://www.google.com/bot.html)"
66.249.66.42 - - [05/Nov/2013:12:36:09 +0100] "GET / HTTP/1.1" 200 2889 "-" "DoCoMo/2.0 N905i(c100;TB;W24H16) (compatible; Googlebot-Mobile/2.1; +http://www.google.com/bot.html)"
79.189.225.26 - - [05/Nov/2013:14:51:20 +0100] "GET / HTTP/1.1" 200 2889 "http://adresse.gelbeseiten.de/1120020446356/wsi-wertstoffservice-international-gmbh/schneeberg" "Mozilla/5.0 (Windows NT 5.1) AppleWebKit/537.36 (KHTML, like Gecko) Chrome/30.0.1599.101 Safari/537.36"
79.189.225.26 - - [05/Nov/2013:14:51:20 +0100] "GET /images/hintgr.gif HTTP/1.1" 200 925 "http://www.wertstoffservice.de/" "Mozilla/5.0 (Windows NT 5.1) AppleWebKit/537.36 (KHTML, like Gecko) Chrome/30.0.1599.101 Safari/537.36"
79.189.225.26 - - [05/Nov/2013:14:51:20 +0100] "GET /images/logo.gif HTTP/1.1" 200 6252 "http://www.wertstoffservice.de/" "Mozilla/5.0 (Windows NT 5.1) AppleWebKit/537.36 (KHTML, like Gecko) Chrome/30.0.1599.101 Safari/537.36"
79.189.225.26 - - [05/Nov/2013:14:51:20 +0100] "GET /images/u-const.gif HTTP/1.1" 200 3797 "http://www.wertstoffservice.de/" "Mozilla/5.0 (Windows NT 5.1) AppleWebKit/537.36 (KHTML, like Gecko) Chrome/30.0.1599.101 Safari/537.36"
79.189.225.26 - - [05/Nov/2013:14:51:21 +0100] "GET /favicon.ico HTTP/1.1" 404 1256 "-" "Mozilla/5.0 (Windows NT 5.1) AppleWebKit/537.36 (KHTML, like Gecko) Chrome/30.0.1599.101 Safari/537.36"
77.75.77.32 - - [05/Nov/2013:15:03:27 +0100] "GET /robots.txt HTTP/1.1" 404 1256 "-" "SeznamBot/3.0 (+http://fulltext.sblog.cz/)"
77.75.77.32 - - [05/Nov/2013:15:03:29 +0100] "GET / HTTP/1.1" 200 2889 "-" "SeznamBot/3.0 (+http://fulltext.sblog.cz/)"
101.226.167.239 - - [05/Nov/2013:16:51:41 +0100] "GET /robots.txt HTTP/1.1" 404 1256 "http://www.wertstoffservice.de/robots.txt" "Mozilla/4.0 (compatible; MSIE 8.0; Windows NT 6.1; Trident/4.0; SLCC2; .NET CLR 2.0.50727; .NET CLR 3.5.30729; .NET CLR 3.0.30729; Media Center PC 6.0; MDDR; .NET4.0C; .NET4.0E; .NET CLR 1.1.4322; Tablet PC 2.0); 360Spider"
62.117.19.109 - - [05/Nov/2013:17:07:12 +0100] "GET / HTTP/1.1" 200 2889 "http://www.google.de/url?sa=t&rct=j&q=&esrc=s&source=web&cd=4&ved=0CEQQoAIwAw&url=http%3A%2F%2Fwww.wertstoffservice.de%2F&ei=exd5UqCuGYXVswaE4IDQCQ&usg=AFQjCNH7Uqeobv66I8n6zUkeuVynRnaJ-w&bvm=bv.55980276,d.Yms" "Mozilla/5.0 (Windows NT 5.1; rv:24.0) Gecko/20100101 Firefox/24.0"
62.117.19.109 - - [05/Nov/2013:17:07:13 +0100] "GET /images/logo.gif HTTP/1.1" 200 6252 "http://www.wertstoffservice.de/" "Mozilla/5.0 (Windows NT 5.1; rv:24.0) Gecko/20100101 Firefox/24.0"
62.117.19.109 - - [05/Nov/2013:17:07:13 +0100] "GET /images/u-const.gif HTTP/1.1" 200 3797 "http://www.wertstoffservice.de/" "Mozilla/5.0 (Windows NT 5.1; rv:24.0) Gecko/20100101 Firefox/24.0"
62.117.19.109 - - [05/Nov/2013:17:07:13 +0100] "GET /images/hintgr.gif HTTP/1.1" 200 925 "http://www.wertstoffservice.de/" "Mozilla/5.0 (Windows NT 5.1; rv:24.0) Gecko/20100101 Firefox/24.0"
62.117.19.109 - - [05/Nov/2013:17:07:13 +0100] "GET /favicon.ico HTTP/1.1" 404 1256 "-" "Mozilla/5.0 (Windows NT 5.1; rv:24.0) Gecko/20100101 Firefox/24.0"
188.138.41.175 - - [06/Nov/2013:15:28:20 +0100] "GET / HTTP/1.1" 200 2889 "-" "Mozilla/5.0 (X11; U; Linux i686; en-US; rv:1.9.0.1) Gecko/2008070206 Firefox/3.0.1"
188.138.41.175 - - [06/Nov/2013:15:28:20 +0100] "GET / HTTP/1.1" 200 2889 "-" "Mozilla/5.0 (X11; U; Linux i686; en-US; rv:1.9.0.1) Gecko/2008070206 Firefox/3.0.1"
66.249.78.98 - - [06/Nov/2013:19:15:00 +0100] "GET /robots.txt HTTP/1.1" 404 1256 "-" "Mozilla/5.0 (compatible; Googlebot/2.1; +http://www.google.com/bot.html)"
66.249.78.98 - - [06/Nov/2013:19:15:00 +0100] "GET / HTTP/1.1" 200 2889 "-" "Mozilla/5.0 (compatible; Googlebot/2.1; +http://www.google.com/bot.html)"
66.249.78.98 - - [06/Nov/2013:23:02:59 +0100] "GET / HTTP/1.1" 200 2889 "-" "Mozilla/5.0 (iPhone; CPU iPhone OS 6_0 like Mac OS X) AppleWebKit/536.26 (KHTML, like Gecko) Version/6.0 Mobile/10A5376e Safari/8536.25 (compatible; Googlebot-Mobile/2.1; +http://www.google.com/bot.html)"
180.76.5.89 - - [07/Nov/2013:08:09:55 +0100] "GET / HTTP/1.1" 200 2889 "-" "Mozilla/5.0 (compatible; Baiduspider/2.0; +http://www.baidu.com/search/spider.html)"
141.8.147.12 - - [07/Nov/2013:08:18:56 +0100] "GET /robots.txt HTTP/1.1" 404 1256 "-" "Mozilla/5.0 (compatible; YandexBot/3.0; +http://yandex.com/bots)"
199.58.86.206 - - [07/Nov/2013:11:58:18 +0100] "GET /robots.txt HTTP/1.0" 404 1256 "-" "Mozilla/5.0 (compatible; MJ12bot/v1.4.4; http://www.majestic12.co.uk/bot.php?+)"
199.58.86.206 - - [07/Nov/2013:11:58:40 +0100] "GET / HTTP/1.0" 200 2889 "-" "Mozilla/5.0 (compatible; MJ12bot/v1.4.4; http://www.majestic12.co.uk/bot.php?+)"
141.8.147.12 - - [07/Nov/2013:14:37:18 +0100] "GET / HTTP/1.1" 200 2889 "-" "Mozilla/5.0 (compatible; YandexBot/3.0; +http://yandex.com/bots)"
157.55.33.98 - - [07/Nov/2013:18:08:41 +0100] "GET /robots.txt HTTP/1.1" 404 1256 "-" "Mozilla/5.0 (compatible; bingbot/2.0; +http://www.bing.com/bingbot.htm)"
157.55.33.98 - - [07/Nov/2013:18:12:05 +0100] "GET / HTTP/1.1" 304 - "-" "Mozilla/5.0 (compatible; bingbot/2.0; +http://www.bing.com/bingbot.htm)"
85.186.103.66 - - [07/Nov/2013:18:30:32 +0100] "GET / HTTP/1.1" 200 2889 "-" "-"
62.75.236.133 - - [07/Nov/2013:18:40:15 +0100] "GET / HTTP/1.1" 200 2889 "-" "PEAR HTTP_Request class ( http://pear.php.net/ )"
157.55.32.88 - - [08/Nov/2013:05:23:15 +0100] "GET /robots.txt HTTP/1.1" 404 1256 "-" "Mozilla/5.0 (compatible; bingbot/2.0; +http://www.bing.com/bingbot.htm)"
157.55.32.88 - - [08/Nov/2013:05:40:19 +0100] "GET / HTTP/1.1" 304 - "-" "Mozilla/5.0 (compatible; bingbot/2.0; +http://www.bing.com/bingbot.htm)"
66.249.78.98 - - [08/Nov/2013:07:58:40 +0100] "GET /robots.txt HTTP/1.1" 404 1256 "-" "Mozilla/5.0 (compatible; Googlebot/2.1; +http://www.google.com/bot.html)"
66.249.78.98 - - [08/Nov/2013:07:58:40 +0100] "GET / HTTP/1.1" 200 2889 "-" "Mozilla/5.0 (iPhone; CPU iPhone OS 6_0 like Mac OS X) AppleWebKit/536.26 (KHTML, like Gecko) Version/6.0 Mobile/10A5376e Safari/8536.25 (compatible; Googlebot-Mobile/2.1; +http://www.google.com/bot.html)"
188.138.109.147 - - [08/Nov/2013:08:39:04 +0100] "GET / HTTP/1.0" 200 2889 "-" "Lynx/2.8.8dev.5 libwww-FM/2.14 SSL-MM/1.4.1 GNUTLS/2.8.6"
188.40.124.134 - - [08/Nov/2013:17:06:01 +0100] "GET /robots.txt HTTP/1.1" 404 1256 "-" "Mozilla/4.0 (compatible; MSIE 6.0; Windows NT 5.1; SV1; .NET CLR 1.1.4322)"
188.40.124.134 - - [08/Nov/2013:17:06:01 +0100] "GET / HTTP/1.1" 200 2889 "-" "Mozilla/4.0 (compatible; MSIE 6.0; Windows NT 5.1; SV1; .NET CLR 1.1.4322)"
5.9.95.3 - - [08/Nov/2013:20:20:40 +0100] "GET /robots.txt HTTP/1.1" 404 1256 "http://wertstoffservice.de/" "Mozilla/5.0 (compatible; ltbot/1.3; bot@language-tools.com)"
5.9.95.3 - - [08/Nov/2013:20:20:41 +0100] "GET / HTTP/1.1" 200 2889 "http://wertstoffservice.de/" "Mozilla/5.0 (compatible; ltbot/1.3; bot@language-tools.com)"
93.220.242.1 - - [09/Nov/2013:04:35:31 +0100] "GET / HTTP/1.1" 200 2889 "-" "Mozilla/4.0 (compatible; MSIE 8.0; Windows NT 6.0; .NET CLR 1.1.4322; .NET CLR 2.0.50110; InfoPath.1)"
66.249.73.178 - - [10/Nov/2013:05:28:19 +0100] "GET /robots.txt HTTP/1.1" 404 1256 "-" "Mozilla/5.0 (compatible; Googlebot/2.1; +http://www.google.com/bot.html)"
66.249.73.178 - - [10/Nov/2013:05:28:19 +0100] "GET / HTTP/1.1" 200 2889 "-" "Mozilla/5.0 (iPhone; CPU iPhone OS 6_0 like Mac OS X) AppleWebKit/536.26 (KHTML, like Gecko) Version/6.0 Mobile/10A5376e Safari/8536.25 (compatible; Googlebot-Mobile/2.1; +http://www.google.com/bot.html)"
141.8.147.12 - - [10/Nov/2013:15:14:10 +0100] "GET /robots.txt HTTP/1.1" 404 1256 "-" "Mozilla/5.0 (compatible; YandexBot/3.0; +http://yandex.com/bots)"
141.8.147.12 - - [10/Nov/2013:17:35:34 +0100] "GET / HTTP/1.1" 200 2889 "-" "Mozilla/5.0 (compatible; YandexBot/3.0; +http://yandex.com/bots)"
180.76.5.27 - - [11/Nov/2013:00:47:27 +0100] "GET /robots.txt HTTP/1.1" 404 1256 "-" "Mozilla/5.0 (Windows NT 5.1; rv:6.0.2) Gecko/20100101 Firefox/6.0.2"
81.169.188.167 - - [11/Nov/2013:06:58:30 +0100] "GET / HTTP/1.1" 200 2889 "-" "Mozilla/4.0 (compatible; MSIE 8.0; Windows NT 6.1; Trident/4.0; GTB0.0; SLCC2; .NET CLR 2.0.50727; Media Center PC 6.0)"
81.169.188.167 - - [11/Nov/2013:06:58:31 +0100] "GET / HTTP/1.1" 200 2889 "-" "Mozilla/5.0 (compatible; MSIE 9.0; Windows NT 6.1; Trident/5.0; chromeframe/13.0.782.215)"
81.169.188.167 - - [11/Nov/2013:06:58:40 +0100] "GET / HTTP/1.1" 200 2889 "-" "Mozilla/4.0 ( ; MSIE 8.0; Windows NT 6.0; Trident/4.0; GTB6.6; .NET CLR 3.5.30729)"
66.249.78.98 - - [11/Nov/2013:16:48:04 +0100] "GET /robots.txt HTTP/1.1" 404 1256 "-" "Mozilla/5.0 (compatible; Googlebot/2.1; +http://www.google.com/bot.html)"
66.249.78.98 - - [11/Nov/2013:16:48:04 +0100] "GET / HTTP/1.1" 200 2889 "-" "Mozilla/5.0 (iPhone; CPU iPhone OS 6_0 like Mac OS X) AppleWebKit/536.26 (KHTML, like Gecko) Version/6.0 Mobile/10A5376e Safari/8536.25 (compatible; Googlebot-Mobile/2.1; +http://www.google.com/bot.html)"
182.118.20.228 - - [11/Nov/2013:19:39:20 +0100] "GET /robots.txt HTTP/1.1" 404 1256 "http://www.wertstoffservice.de/robots.txt" "Mozilla/5.0 (Windows; U; Windows NT 5.1; zh-CN; ) Firefox/1.5.0.11; 360Spider"
66.249.78.98 - - [11/Nov/2013:21:00:19 +0100] "GET / HTTP/1.1" 200 2889 "-" "Mozilla/5.0 (compatible; Googlebot/2.1; +http://www.google.com/bot.html)"
157.55.33.49 - - [12/Nov/2013:13:34:26 +0100] "GET /robots.txt HTTP/1.1" 404 1256 "-" "Mozilla/5.0 (compatible; bingbot/2.0; +http://www.bing.com/bingbot.htm)"
157.55.33.49 - - [12/Nov/2013:14:22:59 +0100] "GET / HTTP/1.1" 304 - "-" "Mozilla/5.0 (compatible; bingbot/2.0; +http://www.bing.com/bingbot.htm)"
188.138.41.175 - - [12/Nov/2013:18:30:11 +0100] "GET / HTTP/1.1" 200 2889 "-" "Mozilla/5.0 (X11; U; Linux i686; en-US; rv:1.9.0.1) Gecko/2008070206 Firefox/3.0.1"
188.138.41.175 - - [12/Nov/2013:18:30:11 +0100] "GET / HTTP/1.1" 200 2889 "-" "Mozilla/5.0 (X11; U; Linux i686; en-US; rv:1.9.0.1) Gecko/2008070206 Firefox/3.0.1"
101.226.167.225 - - [12/Nov/2013:18:56:31 +0100] "GET /robots.txt HTTP/1.1" 404 1256 "http://www.wertstoffservice.de/robots.txt" "Mozilla/4.0 (compatible; MSIE 8.0; Windows NT 6.1; Trident/4.0; SLCC2; .NET CLR 2.0.50727; .NET CLR 3.5.30729; .NET CLR 3.0.30729; Media Center PC 6.0; MDDR; .NET4.0C; .NET4.0E; .NET CLR 1.1.4322; Tablet PC 2.0); 360Spider"
212.86.202.134 - - [12/Nov/2013:21:31:18 +0100] "GET / HTTP/1.1" 200 2889 "-" "Mozilla/5.0 (Windows NT 6.2; WOW64; rv:22.0) Gecko/20100101 Firefox/22.0"
93.92.217.228 - - [13/Nov/2013:00:29:41 +0100] "GET / HTTP/1.1" 200 2889 "-" "Java/1.7.0_40"
66.249.78.98 - - [13/Nov/2013:04:19:05 +0100] "GET /robots.txt HTTP/1.1" 404 1256 "-" "Mozilla/5.0 (compatible; Googlebot/2.1; +http://www.google.com/bot.html)"
66.249.78.98 - - [13/Nov/2013:04:19:05 +0100] "GET / HTTP/1.1" 200 2889 "-" "Mozilla/5.0 (iPhone; CPU iPhone OS 6_0 like Mac OS X) AppleWebKit/536.26 (KHTML, like Gecko) Version/6.0 Mobile/10A5376e Safari/8536.25 (compatible; Googlebot-Mobile/2.1; +http://www.google.com/bot.html)"
194.126.248.65 - - [13/Nov/2013:09:30:28 +0100] "GET / HTTP/1.1" 200 2889 "http://www.google.at/url?sa=t&rct=j&q=&esrc=s&frm=1&source=web&cd=1&ved=0CC0QFjAA&url=http%3A%2F%2Fwww.wertstoffservice.de%2F&ei=DjmDUoW_KI_HswaFyoCYCg&usg=AFQjCNH7Uqeobv66I8n6zUkeuVynRnaJ-w&bvm=bv.56343320,d.bGE" "Mozilla/5.0 (compatible; MSIE 9.0; Windows NT 6.1; Trident/5.0)"
194.126.248.65 - - [13/Nov/2013:09:30:28 +0100] "GET /images/hintgr.gif HTTP/1.1" 200 925 "http://www.wertstoffservice.de/" "Mozilla/5.0 (compatible; MSIE 9.0; Windows NT 6.1; Trident/5.0)"
194.126.248.65 - - [13/Nov/2013:09:30:28 +0100] "GET /images/logo.gif HTTP/1.1" 200 6252 "http://www.wertstoffservice.de/" "Mozilla/5.0 (compatible; MSIE 9.0; Windows NT 6.1; Trident/5.0)"
194.126.248.65 - - [13/Nov/2013:09:30:28 +0100] "GET /images/u-const.gif HTTP/1.1" 200 3797 "http://www.wertstoffservice.de/" "Mozilla/5.0 (compatible; MSIE 9.0; Windows NT 6.1; Trident/5.0)"
194.126.248.65 - - [13/Nov/2013:09:30:28 +0100] "GET /favicon.ico HTTP/1.1" 404 1256 "-" "Mozilla/5.0 (compatible; MSIE 9.0; Windows NT 6.1; Trident/5.0)"
188.165.195.156 - - [13/Nov/2013:14:45:03 +0100] "HEAD / HTTP/1.1" 200 - "-" "Mozilla/4.0 (compatible; MSIE 5.01; Windows NT 5.0)"
141.8.147.12 - - [13/Nov/2013:15:35:06 +0100] "GET /robots.txt HTTP/1.1" 404 1256 "-" "Mozilla/5.0 (compatible; YandexBot/3.0; +http://yandex.com/bots)"
141.8.147.12 - - [13/Nov/2013:16:35:33 +0100] "GET / HTTP/1.1" 200 2889 "-" "Mozilla/5.0 (compatible; YandexBot/3.0; +http://yandex.com/bots)"
64.246.165.210 - - [13/Nov/2013:18:06:04 +0100] "GET /robots.txt HTTP/1.0" 404 1256 "-" "Mozilla/5.0 (Windows; U; Windows NT 5.1; en; rv:1.9.0.13) Gecko/2009073022 Firefox/3.5.2 (.NET CLR 3.5.30729) SurveyBot/2.3 (DomainTools)"
64.246.165.210 - - [13/Nov/2013:18:06:05 +0100] "GET / HTTP/1.1" 200 2889 "http://whois.domaintools.com/wertstoffservice.de" "Mozilla/5.0 (Windows; U; Windows NT 5.1; en; rv:1.9.0.13) Gecko/2009073022 Firefox/3.5.2 (.NET CLR 3.5.30729) SurveyBot/2.3 (DomainTools)"
157.55.33.49 - - [14/Nov/2013:02:00:40 +0100] "GET /robots.txt HTTP/1.1" 404 1256 "-" "Mozilla/5.0 (compatible; bingbot/2.0; +http://www.bing.com/bingbot.htm)"
157.55.33.49 - - [14/Nov/2013:02:04:01 +0100] "GET / HTTP/1.1" 304 - "-" "Mozilla/5.0 (compatible; bingbot/2.0; +http://www.bing.com/bingbot.htm)"
77.75.77.17 - - [14/Nov/2013:09:33:25 +0100] "GET /robots.txt HTTP/1.1" 404 1256 "-" "SeznamBot/3.0 (+http://fulltext.sblog.cz/)"
77.75.77.17 - - [14/Nov/2013:09:33:25 +0100] "GET / HTTP/1.1" 304 - "-" "SeznamBot/3.0 (+http://fulltext.sblog.cz/)"
212.86.202.134 - - [14/Nov/2013:11:00:11 +0100] "GET / HTTP/1.1" 200 2889 "-" "Mozilla/5.0 (Windows NT 6.2; WOW64; rv:22.0) Gecko/20100101 Firefox/22.0"
131.253.24.4 - - [14/Nov/2013:14:26:36 +0100] "GET /robots.txt HTTP/1.1" 404 1256 "-" "msnbot-media/1.1 (+http://search.msn.com/msnbot.htm)"
131.253.24.4 - - [14/Nov/2013:14:26:36 +0100] "GET /images/logo.gif HTTP/1.1" 200 6252 "-" "msnbot-media/1.1 (+http://search.msn.com/msnbot.htm)"
180.76.5.134 - - [14/Nov/2013:15:17:28 +0100] "GET / HTTP/1.1" 200 2889 "-" "Mozilla/5.0 (compatible; Baiduspider/2.0; +http://www.baidu.com/search/spider.html)"
66.249.78.98 - - [14/Nov/2013:15:41:16 +0100] "GET /robots.txt HTTP/1.1" 404 1256 "-" "Mozilla/5.0 (compatible; Googlebot/2.1; +http://www.google.com/bot.html)"
66.249.78.98 - - [14/Nov/2013:15:41:16 +0100] "GET / HTTP/1.1" 200 2889 "-" "Mozilla/5.0 (iPhone; CPU iPhone OS 6_0 like Mac OS X) AppleWebKit/536.26 (KHTML, like Gecko) Version/6.0 Mobile/10A5376e Safari/8536.25 (compatible; Googlebot-Mobile/2.1; +http://www.google.com/bot.html)"
93.220.244.108 - - [15/Nov/2013:01:46:23 +0100] "GET / HTTP/1.1" 200 2889 "-" "Mozilla/4.0 (compatible; MSIE 7.0; Windows NT 6.0; WOW64; SLCC1; .NET CLR 2.0.50727; .NET CLR 1.1.4322)"
46.79.65.59 - - [15/Nov/2013:09:03:10 +0100] "GET / HTTP/1.1" 200 2889 "-" "Mozilla/5.0 (Windows NT 6.1; WOW64; rv:25.0) Gecko/20100101 Firefox/25.0"
46.79.65.59 - - [15/Nov/2013:09:03:10 +0100] "GET /images/logo.gif HTTP/1.1" 200 6252 "http://www.wertstoffservice.de/" "Mozilla/5.0 (Windows NT 6.1; WOW64; rv:25.0) Gecko/20100101 Firefox/25.0"
46.79.65.59 - - [15/Nov/2013:09:03:10 +0100] "GET /images/u-const.gif HTTP/1.1" 200 3797 "http://www.wertstoffservice.de/" "Mozilla/5.0 (Windows NT 6.1; WOW64; rv:25.0) Gecko/20100101 Firefox/25.0"
46.79.65.59 - - [15/Nov/2013:09:03:10 +0100] "GET /images/hintgr.gif HTTP/1.1" 200 925 "http://www.wertstoffservice.de/" "Mozilla/5.0 (Windows NT 6.1; WOW64; rv:25.0) Gecko/20100101 Firefox/25.0"
46.79.65.59 - - [15/Nov/2013:09:03:10 +0100] "GET /favicon.ico HTTP/1.1" 404 1256 "-" "Mozilla/5.0 (Windows NT 6.1; WOW64; rv:25.0) Gecko/20100101 Firefox/25.0"
46.79.65.59 - - [15/Nov/2013:09:03:10 +0100] "GET /favicon.ico HTTP/1.1" 404 1256 "-" "Mozilla/5.0 (Windows NT 6.1; WOW64; rv:25.0) Gecko/20100101 Firefox/25.0"
157.55.35.37 - - [16/Nov/2013:05:41:30 +0100] "GET /robots.txt HTTP/1.1" 404 1256 "-" "Mozilla/5.0 (compatible; bingbot/2.0; +http://www.bing.com/bingbot.htm)"
66.249.78.98 - - [16/Nov/2013:05:59:17 +0100] "GET /robots.txt HTTP/1.1" 404 1256 "-" "Mozilla/5.0 (compatible; Googlebot/2.1; +http://www.google.com/bot.html)"
66.249.66.42 - - [16/Nov/2013:05:59:17 +0100] "GET / HTTP/1.1" 200 2889 "-" "DoCoMo/2.0 N905i(c100;TB;W24H16) (compatible; Googlebot-Mobile/2.1; +http://www.google.com/bot.html)"
66.249.78.98 - - [16/Nov/2013:06:32:07 +0100] "GET / HTTP/1.1" 200 2889 "-" "Mozilla/5.0 (iPhone; CPU iPhone OS 6_0 like Mac OS X) AppleWebKit/536.26 (KHTML, like Gecko) Version/6.0 Mobile/10A5376e Safari/8536.25 (compatible; Googlebot-Mobile/2.1; +http://www.google.com/bot.html)"
157.55.35.37 - - [16/Nov/2013:07:30:14 +0100] "GET / HTTP/1.1" 200 2889 "-" "Mozilla/5.0 (compatible; bingbot/2.0; +http://www.bing.com/bingbot.htm)"
212.86.202.134 - - [16/Nov/2013:11:08:44 +0100] "GET / HTTP/1.1" 200 2889 "-" "Mozilla/5.0 (Windows NT 6.2; WOW64; rv:22.0) Gecko/20100101 Firefox/22.0"
141.8.147.12 - - [16/Nov/2013:15:34:18 +0100] "GET /robots.txt HTTP/1.1" 404 1256 "-" "Mozilla/5.0 (compatible; YandexBot/3.0; +http://yandex.com/bots)"
65.55.24.236 - - [16/Nov/2013:16:48:12 +0100] "GET /robots.txt HTTP/1.1" 404 1256 "-" "Mozilla/5.0 (compatible; bingbot/2.0; +http://www.bing.com/bingbot.htm)"
65.55.24.236 - - [16/Nov/2013:16:49:08 +0100] "GET / HTTP/1.1" 200 2889 "-" "Mozilla/5.0 (compatible; bingbot/2.0; +http://www.bing.com/bingbot.htm)"
78.54.27.228 - - [16/Nov/2013:19:00:33 +0100] "GET / HTTP/1.1" 200 2889 "-" "UserAgent: Apache-HttpClient/release (java 1.5)"
78.54.27.228 - - [16/Nov/2013:19:00:33 +0100] "GET /impressum.html HTTP/1.1" 404 1256 "-" "UserAgent: Apache-HttpClient/release (java 1.5)"
78.54.27.228 - - [16/Nov/2013:19:00:33 +0100] "GET /impressum.htm HTTP/1.1" 404 1256 "-" "UserAgent: Apache-HttpClient/release (java 1.5)"
78.54.27.228 - - [16/Nov/2013:19:00:33 +0100] "GET / HTTP/1.1" 200 2889 "-" "UserAgent: Apache-HttpClient/release (java 1.5)"
66.249.66.42 - - [16/Nov/2013:19:30:39 +0100] "GET /robots.txt HTTP/1.1" 404 1256 "-" "Mozilla/5.0 (compatible; Googlebot/2.1; +http://www.google.com/bot.html)"
66.249.78.98 - - [16/Nov/2013:19:30:39 +0100] "GET / HTTP/1.1" 200 2889 "-" "Mozilla/5.0 (compatible; Googlebot/2.1; +http://www.google.com/bot.html)"
141.8.147.12 - - [16/Nov/2013:21:57:48 +0100] "GET / HTTP/1.1" 200 2889 "-" "Mozilla/5.0 (compatible; YandexBot/3.0; +http://yandex.com/bots)"
93.92.217.228 - - [16/Nov/2013:23:40:41 +0100] "GET /images/logo.gif HTTP/1.1" 200 6252 "-" "Java/1.7.0_40"
66.249.78.98 - - [17/Nov/2013:20:13:34 +0100] "GET /robots.txt HTTP/1.1" 404 1256 "-" "Mozilla/5.0 (compatible; Googlebot/2.1; +http://www.google.com/bot.html)"
66.249.78.98 - - [17/Nov/2013:20:13:35 +0100] "GET / HTTP/1.1" 200 2889 "-" "Mozilla/5.0 (iPhone; CPU iPhone OS 6_0 like Mac OS X) AppleWebKit/536.26 (KHTML, like Gecko) Version/6.0 Mobile/10A5376e Safari/8536.25 (compatible; Googlebot-Mobile/2.1; +http://www.google.com/bot.html)"
42.156.136.34 - - [18/Nov/2013:03:49:49 +0100] "GET / HTTP/1.1" 200 2889 "-" "YisouSpider"
108.59.8.70 - - [18/Nov/2013:14:24:34 +0100] "GET /robots.txt HTTP/1.0" 404 1256 "-" "Mozilla/5.0 (compatible; MJ12bot/v1.4.4; http://www.majestic12.co.uk/bot.php?+)"
108.59.8.70 - - [18/Nov/2013:14:24:35 +0100] "GET / HTTP/1.0" 200 2889 "-" "Mozilla/5.0 (compatible; MJ12bot/v1.4.4; http://www.majestic12.co.uk/bot.php?+)"
141.8.147.12 - - [18/Nov/2013:16:05:49 +0100] "GET /robots.txt HTTP/1.1" 404 1256 "-" "Mozilla/5.0 (compatible; YandexBot/3.0; +http://yandex.com/bots)"
141.8.147.12 - - [18/Nov/2013:16:23:55 +0100] "GET / HTTP/1.1" 200 2889 "-" "Mozilla/5.0 (compatible; YandexBot/3.0; +http://yandex.com/bots)"
120.37.233.248 - - [19/Nov/2013:01:25:43 +0100] "GET / HTTP/1.1" 200 2889 "-" "Mozilla/4.0 (compatible; MSIE 6.0; Windows NT 5.2; .NET CLR 1.1.4322)"
157.55.35.75 - - [19/Nov/2013:02:55:56 +0100] "GET /robots.txt HTTP/1.1" 404 1256 "-" "Mozilla/5.0 (compatible; bingbot/2.0; +http://www.bing.com/bingbot.htm)"
157.55.35.75 - - [19/Nov/2013:02:57:31 +0100] "GET / HTTP/1.1" 304 - "-" "Mozilla/5.0 (compatible; bingbot/2.0; +http://www.bing.com/bingbot.htm)"
5.9.95.7 - - [19/Nov/2013:17:47:04 +0100] "GET /robots.txt HTTP/1.1" 404 1256 "http://wertstoffservice.de/" "Mozilla/5.0 (compatible; ltbot/1.3; bot@language-tools.com)"
5.9.95.7 - - [19/Nov/2013:17:47:04 +0100] "GET / HTTP/1.1" 200 2889 "http://wertstoffservice.de/" "Mozilla/5.0 (compatible; ltbot/1.3; bot@language-tools.com)"
212.227.52.170 - - [19/Nov/2013:18:10:15 +0100] "GET / HTTP/1.0" 200 2889 "-" "Mozilla/4.0 (compatible; MSIE 5.0; Windows NT 4.0)"
82.94.179.38 - - [19/Nov/2013:20:34:48 +0100] "GET /robots.txt HTTP/1.0" 404 1256 "-" "Mozilla/4.0 (compatible; Vagabondo/4.0/EU; http://webagent.wise-guys.nl/)"
82.94.179.38 - - [19/Nov/2013:20:34:48 +0100] "GET / HTTP/1.1" 200 2889 "-" "Mozilla/4.0 (compatible; Vagabondo/4.0/EU; http://www.wise-guys.nl/)"
157.55.35.75 - - [19/Nov/2013:23:26:24 +0100] "GET /robots.txt HTTP/1.1" 404 1256 "-" "Mozilla/5.0 (compatible; bingbot/2.0; +http://www.bing.com/bingbot.htm)"
157.55.35.75 - - [19/Nov/2013:23:27:05 +0100] "GET / HTTP/1.1" 304 - "-" "Mozilla/5.0 (compatible; bingbot/2.0; +http://www.bing.com/bingbot.htm)"
66.249.78.98 - - [20/Nov/2013:04:48:12 +0100] "GET /robots.txt HTTP/1.1" 404 1256 "-" "Mozilla/5.0 (compatible; Googlebot/2.1; +http://www.google.com/bot.html)"
66.249.78.98 - - [20/Nov/2013:04:48:12 +0100] "GET / HTTP/1.1" 200 2889 "-" "Mozilla/5.0 (iPhone; CPU iPhone OS 6_0 like Mac OS X) AppleWebKit/536.26 (KHTML, like Gecko) Version/6.0 Mobile/10A5376e Safari/8536.25 (compatible; Googlebot-Mobile/2.1; +http://www.google.com/bot.html)"
5.9.95.3 - - [20/Nov/2013:05:31:12 +0100] "GET /robots.txt HTTP/1.1" 404 1256 "http://wertstoffservice.de/" "Mozilla/5.0 (compatible; ltbot/1.3; bot@language-tools.com)"
5.9.95.3 - - [20/Nov/2013:05:31:13 +0100] "GET / HTTP/1.1" 200 2889 "http://wertstoffservice.de/" "Mozilla/5.0 (compatible; ltbot/1.3; bot@language-tools.com)"
85.25.100.239 - - [20/Nov/2013:15:31:44 +0100] "GET / HTTP/1.1" 200 2889 "-" "Mozilla/4.0 (compatible; MSIE 6.0; Windows 98; Win 9x4.90)"
176.9.59.200 - - [20/Nov/2013:15:57:35 +0100] "GET /robots.txt HTTP/1.0" 404 1256 "-" "My Nutch Spider/Nutch-1.6"
176.9.59.200 - - [20/Nov/2013:15:57:35 +0100] "GET / HTTP/1.0" 200 2889 "-" "My Nutch Spider/Nutch-1.6"
176.9.59.200 - - [20/Nov/2013:16:03:37 +0100] "GET /robots.txt HTTP/1.0" 404 1256 "-" "My Nutch Spider/Nutch-1.6"
176.9.59.200 - - [20/Nov/2013:16:03:37 +0100] "GET / HTTP/1.0" 200 2889 "-" "My Nutch Spider/Nutch-1.6"
176.9.59.200 - - [20/Nov/2013:16:17:29 +0100] "GET / HTTP/1.0" 200 2889 "-" "My Nutch Spider/Nutch-1.6"
176.9.59.200 - - [20/Nov/2013:16:35:54 +0100] "GET / HTTP/1.0" 200 2889 "-" "My Nutch Spider/Nutch-1.6"
176.9.59.200 - - [20/Nov/2013:16:51:11 +0100] "GET /robots.txt HTTP/1.0" 404 1256 "-" "My Nutch Spider/Nutch-1.6"
176.9.59.200 - - [20/Nov/2013:16:51:11 +0100] "GET / HTTP/1.0" 200 2889 "-" "My Nutch Spider/Nutch-1.6"
176.9.59.200 - - [20/Nov/2013:16:56:54 +0100] "GET /robots.txt HTTP/1.0" 404 1256 "-" "My Nutch Spider/Nutch-1.6"
176.9.59.200 - - [20/Nov/2013:16:56:54 +0100] "GET / HTTP/1.0" 200 2889 "-" "My Nutch Spider/Nutch-1.6"
93.220.240.89 - - [20/Nov/2013:17:08:57 +0100] "GET / HTTP/1.1" 200 2889 "-" "Mozilla/4.0 (compatible; MSIE 8.0; Windows NT 6.0; .NET CLR 1.0.3705; .NET CLR 1.1.4322; Media Center PC 4.0; .NET CLR 2.0.50727)"
176.9.59.200 - - [20/Nov/2013:17:09:18 +0100] "GET / HTTP/1.0" 200 2889 "-" "My Nutch Spider/Nutch-1.6"
176.9.59.200 - - [20/Nov/2013:17:27:27 +0100] "GET /robots.txt HTTP/1.0" 404 1256 "-" "My Nutch Spider/Nutch-1.6"
176.9.59.200 - - [20/Nov/2013:17:27:27 +0100] "GET / HTTP/1.0" 200 2889 "-" "My Nutch Spider/Nutch-1.6"
176.9.59.200 - - [20/Nov/2013:17:40:26 +0100] "GET / HTTP/1.0" 200 2889 "-" "My Nutch Spider/Nutch-1.6"
176.9.59.200 - - [20/Nov/2013:17:59:35 +0100] "GET / HTTP/1.0" 200 2889 "-" "My Nutch Spider/Nutch-1.6"
176.9.59.200 - - [20/Nov/2013:18:20:05 +0100] "GET / HTTP/1.0" 200 2889 "-" "My Nutch Spider/Nutch-1.6"
176.9.59.200 - - [20/Nov/2013:18:41:22 +0100] "GET / HTTP/1.0" 200 2889 "-" "My Nutch Spider/Nutch-1.6"
176.9.59.200 - - [20/Nov/2013:19:01:41 +0100] "GET / HTTP/1.0" 200 2889 "-" "My Nutch Spider/Nutch-1.6"
176.9.59.200 - - [20/Nov/2013:19:22:23 +0100] "GET / HTTP/1.0" 200 2889 "-" "My Nutch Spider/Nutch-1.6"
176.9.59.200 - - [20/Nov/2013:19:48:05 +0100] "GET / HTTP/1.0" 200 2889 "-" "My Nutch Spider/Nutch-1.6"
66.249.78.98 - - [20/Nov/2013:19:57:05 +0100] "GET /robots.txt HTTP/1.1" 404 1256 "-" "Mozilla/5.0 (compatible; Googlebot/2.1; +http://www.google.com/bot.html)"
66.249.78.98 - - [20/Nov/2013:19:57:05 +0100] "GET / HTTP/1.1" 200 2889 "-" "Mozilla/5.0 (compatible; Googlebot/2.1; +http://www.google.com/bot.html)"
176.9.59.200 - - [20/Nov/2013:20:14:47 +0100] "GET / HTTP/1.0" 200 2889 "-" "My Nutch Spider/Nutch-1.6"
176.9.59.200 - - [20/Nov/2013:20:40:49 +0100] "GET / HTTP/1.0" 200 2889 "-" "My Nutch Spider/Nutch-1.6"
176.9.59.200 - - [20/Nov/2013:21:07:31 +0100] "GET / HTTP/1.0" 200 2889 "-" "My Nutch Spider/Nutch-1.6"
213.144.5.151 - - [20/Nov/2013:21:09:49 +0100] "GET / HTTP/1.1" 200 2889 "-" "Mozilla/5.0 (Windows NT 6.1; WOW64) AppleWebKit/534.34 (KHTML, like Gecko) PhantomJS/1.9.2 Safari/534.34"
213.144.5.151 - - [20/Nov/2013:21:09:49 +0100] "GET /images/hintgr.gif HTTP/1.1" 200 925 "http://www.wertstoffservice.de/" "Mozilla/5.0 (Windows NT 6.1; WOW64) AppleWebKit/534.34 (KHTML, like Gecko) PhantomJS/1.9.2 Safari/534.34"
213.144.5.151 - - [20/Nov/2013:21:09:49 +0100] "GET /images/u-const.gif HTTP/1.1" 200 3797 "http://www.wertstoffservice.de/" "Mozilla/5.0 (Windows NT 6.1; WOW64) AppleWebKit/534.34 (KHTML, like Gecko) PhantomJS/1.9.2 Safari/534.34"
213.144.5.151 - - [20/Nov/2013:21:09:49 +0100] "GET /images/logo.gif HTTP/1.1" 200 6252 "http://www.wertstoffservice.de/" "Mozilla/5.0 (Windows NT 6.1; WOW64) AppleWebKit/534.34 (KHTML, like Gecko) PhantomJS/1.9.2 Safari/534.34"
176.9.59.200 - - [20/Nov/2013:21:34:38 +0100] "GET / HTTP/1.0" 200 2889 "-" "My Nutch Spider/Nutch-1.6"
46.4.100.231 - - [21/Nov/2013:09:18:59 +0100] "GET /robots.txt HTTP/1.1" 404 1256 "-" "BacklinkCrawler (http://www.backlinktest.com/crawler.html)"
46.4.100.231 - - [21/Nov/2013:09:18:59 +0100] "GET /sitemap.xml HTTP/1.1" 404 1256 "-" "BacklinkCrawler (http://www.backlinktest.com/crawler.html)"
46.4.100.231 - - [21/Nov/2013:09:19:01 +0100] "GET / HTTP/1.1" 200 2889 "-" "BacklinkCrawler (http://www.backlinktest.com/crawler.html)"
66.249.78.98 - - [21/Nov/2013:13:56:26 +0100] "GET /robots.txt HTTP/1.1" 404 1256 "-" "Mozilla/5.0 (compatible; Googlebot/2.1; +http://www.google.com/bot.html)"
66.249.78.98 - - [21/Nov/2013:13:56:27 +0100] "GET / HTTP/1.1" 200 2889 "-" "Mozilla/5.0 (iPhone; CPU iPhone OS 6_0 like Mac OS X) AppleWebKit/536.26 (KHTML, like Gecko) Version/6.0 Mobile/10A5376e Safari/8536.25 (compatible; Googlebot-Mobile/2.1; +http://www.google.com/bot.html)"
85.186.103.66 - - [21/Nov/2013:14:09:05 +0100] "GET / HTTP/1.1" 200 2889 "-" "-"
141.8.147.12 - - [21/Nov/2013:17:12:59 +0100] "GET /robots.txt HTTP/1.1" 404 1256 "-" "Mozilla/5.0 (compatible; YandexBot/3.0; +http://yandex.com/bots)"
141.8.147.12 - - [21/Nov/2013:18:40:09 +0100] "GET / HTTP/1.1" 200 2889 "-" "Mozilla/5.0 (compatible; YandexBot/3.0; +http://yandex.com/bots)"
66.249.78.98 - - [21/Nov/2013:20:54:25 +0100] "GET /robots.txt HTTP/1.1" 404 1256 "-" "Mozilla/5.0 (compatible; Googlebot/2.1; +http://www.google.com/bot.html)"
66.249.78.98 - - [21/Nov/2013:20:54:25 +0100] "GET / HTTP/1.1" 200 2889 "-" "Mozilla/5.0 (compatible; Googlebot/2.1; +http://www.google.com/bot.html)"
66.249.78.98 - - [22/Nov/2013:10:16:54 +0100] "GET /robots.txt HTTP/1.1" 404 1256 "-" "Mozilla/5.0 (compatible; Googlebot/2.1; +http://www.google.com/bot.html)"
66.249.78.98 - - [22/Nov/2013:10:16:54 +0100] "GET /favicon.ico HTTP/1.1" 404 1256 "-" "Googlebot-Image/1.0"
66.249.78.98 - - [23/Nov/2013:01:46:32 +0100] "GET /robots.txt HTTP/1.1" 404 1256 "-" "Mozilla/5.0 (compatible; Googlebot/2.1; +http://www.google.com/bot.html)"
66.249.78.98 - - [23/Nov/2013:01:46:32 +0100] "GET / HTTP/1.1" 200 2889 "-" "Mozilla/5.0 (iPhone; CPU iPhone OS 6_0 like Mac OS X) AppleWebKit/536.26 (KHTML, like Gecko) Version/6.0 Mobile/10A5376e Safari/8536.25 (compatible; Googlebot-Mobile/2.1; +http://www.google.com/bot.html)"
5.9.113.14 - - [23/Nov/2013:09:40:06 +0100] "GET /robots.txt HTTP/1.1" 404 1256 "-" "Apache-HttpClient/4.3 (java 1.5)"
5.9.113.14 - - [23/Nov/2013:09:40:06 +0100] "GET / HTTP/1.1" 200 2889 "-" "Apache-HttpClient/4.3 (java 1.5)"
144.76.42.76 - - [23/Nov/2013:17:10:41 +0100] "GET / HTTP/1.1" 200 2889 "-" "Mozilla/5.0 (Macintosh; Intel Mac OS X 10_8_2) AppleWebKit/537.17 (KHTML, like Gecko) Chrome/24.0.1312.52 Safari/537.17"
144.76.42.76 - - [23/Nov/2013:17:10:41 +0100] "GET / HTTP/1.1" 200 2889 "-" "Mozilla/5.0 (Macintosh; Intel Mac OS X 10_8_2) AppleWebKit/537.17 (KHTML, like Gecko) Chrome/24.0.1312.52 Safari/537.17"
141.8.147.12 - - [23/Nov/2013:17:49:06 +0100] "GET /robots.txt HTTP/1.1" 404 1256 "-" "Mozilla/5.0 (compatible; YandexBot/3.0; +http://yandex.com/bots)"
141.8.147.12 - - [23/Nov/2013:20:22:19 +0100] "GET / HTTP/1.1" 200 2889 "-" "Mozilla/5.0 (compatible; YandexBot/3.0; +http://yandex.com/bots)"
141.8.147.12 - - [24/Nov/2013:05:46:47 +0100] "GET /robots.txt HTTP/1.1" 404 1256 "-" "Mozilla/5.0 (compatible; YandexBot/3.0; +http://yandex.com/bots)"
66.249.78.98 - - [24/Nov/2013:14:40:11 +0100] "GET /robots.txt HTTP/1.1" 404 1256 "-" "Mozilla/5.0 (compatible; Googlebot/2.1; +http://www.google.com/bot.html)"
66.249.78.98 - - [24/Nov/2013:14:40:11 +0100] "GET / HTTP/1.1" 200 2889 "-" "Mozilla/5.0 (iPhone; CPU iPhone OS 6_0 like Mac OS X) AppleWebKit/536.26 (KHTML, like Gecko) Version/6.0 Mobile/10A5376e Safari/8536.25 (compatible; Googlebot-Mobile/2.1; +http://www.google.com/bot.html)"
5.9.113.14 - - [25/Nov/2013:07:57:15 +0100] "GET /robots.txt HTTP/1.1" 404 1256 "-" "Apache-HttpClient/4.3 (java 1.5)"
5.9.113.14 - - [25/Nov/2013:07:57:15 +0100] "GET / HTTP/1.1" 200 2889 "-" "Apache-HttpClient/4.3 (java 1.5)"
82.94.179.38 - - [25/Nov/2013:17:53:46 +0100] "GET /robots.txt HTTP/1.0" 404 1256 "-" "Mozilla/4.0 (compatible; Vagabondo/4.0/EU; http://webagent.wise-guys.nl/)"
82.94.179.38 - - [25/Nov/2013:17:53:46 +0100] "GET / HTTP/1.1" 200 2889 "-" "Mozilla/4.0 (compatible; Vagabondo/4.0/EU; http://www.wise-guys.nl/)"
157.55.33.103 - - [25/Nov/2013:20:15:30 +0100] "GET /robots.txt HTTP/1.1" 404 1256 "-" "Mozilla/5.0 (compatible; bingbot/2.0; +http://www.bing.com/bingbot.htm)"
157.55.33.103 - - [25/Nov/2013:20:31:59 +0100] "GET / HTTP/1.1" 304 - "-" "Mozilla/5.0 (compatible; bingbot/2.0; +http://www.bing.com/bingbot.htm)"
180.76.5.169 - - [25/Nov/2013:22:24:27 +0100] "GET / HTTP/1.1" 200 2889 "-" "Mozilla/5.0 (compatible; Baiduspider/2.0; +http://www.baidu.com/search/spider.html)"
66.249.78.98 - - [25/Nov/2013:22:33:54 +0100] "GET /robots.txt HTTP/1.1" 404 1256 "-" "Mozilla/5.0 (compatible; Googlebot/2.1; +http://www.google.com/bot.html)"
66.249.78.98 - - [25/Nov/2013:22:33:55 +0100] "GET / HTTP/1.1" 200 2889 "-" "Mozilla/5.0 (iPhone; CPU iPhone OS 6_0 like Mac OS X) AppleWebKit/536.26 (KHTML, like Gecko) Version/6.0 Mobile/10A5376e Safari/8536.25 (compatible; Googlebot-Mobile/2.1; +http://www.google.com/bot.html)"
64.246.165.200 - - [26/Nov/2013:07:22:39 +0100] "GET /robots.txt HTTP/1.0" 404 1256 "-" "Mozilla/5.0 (Windows; U; Windows NT 5.1; en; rv:1.9.0.13) Gecko/2009073022 Firefox/3.5.2 (.NET CLR 3.5.30729) SurveyBot/2.3 (DomainTools)"
64.246.165.200 - - [26/Nov/2013:07:22:40 +0100] "GET / HTTP/1.1" 200 2889 "http://whois.domaintools.com/wertstoffservice.de" "Mozilla/5.0 (Windows; U; Windows NT 5.1; en; rv:1.9.0.13) Gecko/2009073022 Firefox/3.5.2 (.NET CLR 3.5.30729) SurveyBot/2.3 (DomainTools)"
2.201.2.32 - - [26/Nov/2013:15:24:51 +0100] "GET / HTTP/1.1" 200 2889 "http://www.yellowmap.de/Details/HUw9e1sQkoJlh1SCLnTNiA==.aspx" "Mozilla/5.0 (iPhone; CPU iPhone OS 6_1_3 like Mac OS X) AppleWebKit/536.26 (KHTML, like Gecko) Version/6.0 Mobile/10B329 Safari/8536.25"
2.201.2.32 - - [26/Nov/2013:15:24:52 +0100] "GET /images/hintgr.gif HTTP/1.1" 200 925 "http://www.wertstoffservice.de/" "Mozilla/5.0 (iPhone; CPU iPhone OS 6_1_3 like Mac OS X) AppleWebKit/536.26 (KHTML, like Gecko) Version/6.0 Mobile/10B329 Safari/8536.25"
2.201.2.32 - - [26/Nov/2013:15:24:52 +0100] "GET /images/logo.gif HTTP/1.1" 200 6252 "http://www.wertstoffservice.de/" "Mozilla/5.0 (iPhone; CPU iPhone OS 6_1_3 like Mac OS X) AppleWebKit/536.26 (KHTML, like Gecko) Version/6.0 Mobile/10B329 Safari/8536.25"
2.201.2.32 - - [26/Nov/2013:15:24:52 +0100] "GET /images/u-const.gif HTTP/1.1" 200 3797 "http://www.wertstoffservice.de/" "Mozilla/5.0 (iPhone; CPU iPhone OS 6_1_3 like Mac OS X) AppleWebKit/536.26 (KHTML, like Gecko) Version/6.0 Mobile/10B329 Safari/8536.25"
93.220.223.31 - - [26/Nov/2013:16:18:01 +0100] "GET / HTTP/1.1" 200 2889 "-" "Mozilla/4.0+(compatible;+MSIE+7.0;+Windows+NT+5.1)"
66.249.78.98 - - [26/Nov/2013:23:27:14 +0100] "GET /robots.txt HTTP/1.1" 404 1256 "-" "Mozilla/5.0 (compatible; Googlebot/2.1; +http://www.google.com/bot.html)"
66.249.78.98 - - [26/Nov/2013:23:27:14 +0100] "GET / HTTP/1.1" 200 2889 "-" "Mozilla/5.0 (compatible; Googlebot/2.1; +http://www.google.com/bot.html)"
141.8.147.12 - - [26/Nov/2013:23:49:19 +0100] "GET /robots.txt HTTP/1.1" 404 1256 "-" "Mozilla/5.0 (compatible; YandexBot/3.0; +http://yandex.com/bots)"
66.249.78.98 - - [27/Nov/2013:00:25:41 +0100] "GET / HTTP/1.1" 200 2889 "-" "Mozilla/5.0 (iPhone; CPU iPhone OS 6_0 like Mac OS X) AppleWebKit/536.26 (KHTML, like Gecko) Version/6.0 Mobile/10A5376e Safari/8536.25 (compatible; Googlebot-Mobile/2.1; +http://www.google.com/bot.html)"
66.249.66.42 - - [27/Nov/2013:04:36:10 +0100] "GET / HTTP/1.1" 200 2889 "-" "DoCoMo/2.0 N905i(c100;TB;W24H16) (compatible; Googlebot-Mobile/2.1; +http://www.google.com/bot.html)"
141.8.147.12 - - [27/Nov/2013:06:42:24 +0100] "GET / HTTP/1.1" 200 2889 "-" "Mozilla/5.0 (compatible; YandexBot/3.0; +http://yandex.com/bots)"
157.56.93.153 - - [27/Nov/2013:07:04:55 +0100] "GET /robots.txt HTTP/1.1" 404 1256 "-" "Mozilla/5.0 (compatible; bingbot/2.0; +http://www.bing.com/bingbot.htm)"
157.56.93.153 - - [27/Nov/2013:07:08:29 +0100] "GET / HTTP/1.1" 304 - "-" "Mozilla/5.0 (compatible; bingbot/2.0; +http://www.bing.com/bingbot.htm)"
157.56.93.103 - - [27/Nov/2013:08:06:00 +0100] "GET /robots.txt HTTP/1.1" 404 1256 "-" "Mozilla/5.0 (compatible; bingbot/2.0; +http://www.bing.com/bingbot.htm)"
157.56.93.103 - - [27/Nov/2013:08:06:26 +0100] "GET / HTTP/1.1" 304 - "-" "Mozilla/5.0 (compatible; bingbot/2.0; +http://www.bing.com/bingbot.htm)"
66.249.78.98 - - [28/Nov/2013:00:22:15 +0100] "GET /robots.txt HTTP/1.1" 404 1256 "-" "Mozilla/5.0 (compatible; Googlebot/2.1; +http://www.google.com/bot.html)"
131.107.147.6 - - [28/Nov/2013:03:09:57 +0100] "HEAD / HTTP/1.1" 200 - "-" "-"
131.107.147.6 - - [28/Nov/2013:07:39:00 +0100] "HEAD / HTTP/1.1" 200 - "-" "-"
77.75.77.32 - - [28/Nov/2013:09:31:02 +0100] "GET /robots.txt HTTP/1.1" 404 1256 "-" "SeznamBot/3.0 (+http://fulltext.sblog.cz/)"
77.75.77.32 - - [28/Nov/2013:09:31:02 +0100] "GET / HTTP/1.1" 200 2889 "-" "SeznamBot/3.0 (+http://fulltext.sblog.cz/)"
157.55.35.77 - - [28/Nov/2013:11:34:03 +0100] "GET /robots.txt HTTP/1.1" 404 1256 "-" "Mozilla/5.0 (compatible; bingbot/2.0; +http://www.bing.com/bingbot.htm)"
157.55.35.77 - - [28/Nov/2013:11:48:51 +0100] "GET / HTTP/1.1" 304 - "-" "Mozilla/5.0 (compatible; bingbot/2.0; +http://www.bing.com/bingbot.htm)"
5.9.95.7 - - [29/Nov/2013:00:35:57 +0100] "GET /robots.txt HTTP/1.1" 404 1256 "http://www.wertstoffservice.de/" "Mozilla/5.0 (compatible; ltbot/1.3; bot@language-tools.com)"
5.9.95.7 - - [29/Nov/2013:00:35:57 +0100] "GET / HTTP/1.1" 200 2889 "http://www.wertstoffservice.de/" "Mozilla/5.0 (compatible; ltbot/1.3; bot@language-tools.com)"
207.241.226.231 - - [29/Nov/2013:03:06:05 +0100] "GET /robots.txt HTTP/1.1" 404 1256 "-" "Mozilla/5.0 (compatible; archive.org_bot; Wayback Machine Live Record; +http://archive.org/details/archive.org_bot)"
66.249.73.178 - - [29/Nov/2013:22:39:16 +0100] "GET /robots.txt HTTP/1.1" 404 1256 "-" "Mozilla/5.0 (compatible; Googlebot/2.1; +http://www.google.com/bot.html)"
66.249.73.178 - - [29/Nov/2013:22:39:16 +0100] "GET / HTTP/1.1" 200 2889 "-" "Mozilla/5.0 (iPhone; CPU iPhone OS 6_0 like Mac OS X) AppleWebKit/536.26 (KHTML, like Gecko) Version/6.0 Mobile/10A5376e Safari/8536.25 (compatible; Googlebot-Mobile/2.1; +http://www.google.com/bot.html)"
141.8.147.12 - - [30/Nov/2013:00:45:30 +0100] "GET /robots.txt HTTP/1.1" 404 1256 "-" "Mozilla/5.0 (compatible; YandexBot/3.0; +http://yandex.com/bots)"
141.8.147.12 - - [30/Nov/2013:00:46:01 +0100] "GET / HTTP/1.1" 200 2889 "-" "Mozilla/5.0 (compatible; YandexBot/3.0; +http://yandex.com/bots)"
42.156.138.75 - - [30/Nov/2013:02:58:23 +0100] "GET / HTTP/1.1" 200 2889 "-" "YisouSpider"
141.8.147.12 - - [30/Nov/2013:12:38:53 +0100] "GET /robots.txt HTTP/1.1" 404 1256 "-" "Mozilla/5.0 (compatible; YandexBot/3.0; +http://yandex.com/bots)"
141.8.147.12 - - [30/Nov/2013:13:21:15 +0100] "GET /images/u-const.gif HTTP/1.1" 304 - "-" "Mozilla/5.0 (compatible; YandexImages/3.0; +http://yandex.com/bots)"
5.9.113.18 - - [30/Nov/2013:17:24:24 +0100] "GET /robots.txt HTTP/1.1" 404 1256 "-" "Apache-HttpClient/4.3 (java 1.5)"
5.9.113.18 - - [30/Nov/2013:17:24:24 +0100] "GET / HTTP/1.1" 200 2889 "-" "Apache-HttpClient/4.3 (java 1.5)"
5.9.95.7 - - [30/Nov/2013:19:20:45 +0100] "GET /robots.txt HTTP/1.1" 404 1256 "http://www.wertstoffservice.de/" "Mozilla/5.0 (compatible; ltbot/1.3; bot@language-tools.com)"
5.9.95.7 - - [30/Nov/2013:19:20:46 +0100] "GET / HTTP/1.1" 200 2889 "http://www.wertstoffservice.de/" "Mozilla/5.0 (compatible; ltbot/1.3; bot@language-tools.com)"